{"id":61517,"date":"2026-03-19T06:09:57","date_gmt":"2026-03-19T06:09:57","guid":{"rendered":"https:\/\/soydeaqui.ddns.net\/pachuca\/index.php\/producto\/charola-para-soportar-equipos-en-rack-de-19in-frontal-y-posterior-capacidad-de-136-kg-3ur\/"},"modified":"2026-03-19T06:09:57","modified_gmt":"2026-03-19T06:09:57","slug":"charola-para-soportar-equipos-en-rack-de-19in-frontal-y-posterior-capacidad-de-136-kg-3ur","status":"publish","type":"product","link":"https:\/\/soydeaqui.ddns.net\/pachuca\/index.php\/producto\/charola-para-soportar-equipos-en-rack-de-19in-frontal-y-posterior-capacidad-de-136-kg-3ur\/","title":{"rendered":"Charola Para Soportar Equipos en Rack de 19in, Frontal y Posterior, Capacidad de 136 Kg, 3UR"},"content":{"rendered":"<div style='width: 100%; max-width: 1200px; margin: 0 auto; font-family: sans-serif; line-height: 1.6; color: inherit; background-color: transparent;'> <!-- Secci\u00f3n de caracter\u00edsticas --> <\/p>\n<div style='display: flex; flex-wrap: wrap; gap: 30px; margin-bottom: 30px;'>\n<div style='flex: 1 1 300px; min-width: 280px;'>\n<h3 style='font-size: 22px; border-bottom: 2px solid currentColor; padding-bottom: 5px; margin-top: 0; color: inherit; opacity: 0.8;'>Caracter\u00edsticas principales<\/h3>\n<ul style='padding-left: 20px; font-size: 15px; color: inherit;'>\n<li style='margin-bottom: 5px;'>La charola de acero s\u00f3lido de doble cara se monta en los rieles frontales y trasera de un rack abierto de telecomunicaciones.<\/li>\n<li style='margin-bottom: 5px;'>Consta de dos charolas montados a cada lado del rack de marco abierto para formar una charola de doble cara.<\/li>\n<li style='margin-bottom: 5px;'>Es una soluci\u00f3n m\u00e1s pesada en comparaci\u00f3n con la versi\u00f3n de aluminio.<\/li>\n<li style='margin-bottom: 5px;'>La clasificaci\u00f3n de carga es de 300 lb (136.1 kg) en total.<\/li>\n<\/ul><\/div>\n<\/p><\/div>\n<p> <!-- Secci\u00f3n de especificaciones --> <\/p>\n<div style='display: flex; flex-wrap: wrap; gap: 20px; margin-bottom: 30px;'>\n<div style='flex: 1 1 250px; border: 1px solid rgba(150&comma; 150&comma; 150&comma; 0.4); border-radius: 8px; overflow: hidden; display: flex; flex-direction: column;'>\n<div style='padding: 15px; border-bottom: 1px solid rgba(150&comma; 150&comma; 150&comma; 0.2); font-weight: bold; font-size: 18px; color: inherit;'>Especificaciones T\u00e9cnicas<\/div>\n<div style='padding: 15px; color: inherit;'>\n<ul style='padding-left: 20px; margin: 0; font-size: 14px; list-style-type: disc;'>\n<li style='margin-bottom: 5px;'><strong>Material:<\/strong> Acero<\/li>\n<li style='margin-bottom: 5px;'><strong>Acabado:<\/strong> Recubrimiento electrost\u00e1tico<\/li>\n<li style='margin-bottom: 5px;'><strong>Color:<\/strong> Negro<\/li>\n<li style='margin-bottom: 5px;'><strong>Unidades de rack:<\/strong> 3<\/li>\n<li style='margin-bottom: 5px;'><strong>Dimensiones:<\/strong> 4.85 x 19.00 x 10.50 pulg. \/ 123 x 483 x 267 mm<\/li>\n<li style='margin-bottom: 5px;'><strong>Se ajusta al rack:<\/strong> 19 pulgadas<\/li>\n<li style='margin-bottom: 5px;'><strong>C\u00f3digo de colores:<\/strong> RAL 9005<\/li>\n<li style='margin-bottom: 5px;'><strong>Grosor:<\/strong> Calibre 16\/1.52 mm<\/li>\n<li style='margin-bottom: 5px;'><strong>Peso:<\/strong> 11 lb (11.9 kg)<\/li>\n<\/ul><\/div>\n<\/p><\/div>\n<\/p><\/div>\n<p> <!-- Separador --> <\/p>\n<hr style='border: 0; border-top: 1px solid rgba(150&comma; 150&comma; 150&comma; 0.3); margin: 30px 0;'> <!-- No hay im\u00e1genes ni videos para preservar --><\/div>\n","protected":false},"excerpt":{"rendered":"<p>Charola Para Soportar Equipos en Rack de 19in, Frontal y Posterior, Capacidad de 136 Kg, 3UR<\/p>\n","protected":false},"featured_media":61516,"comment_status":"open","ping_status":"closed","template":"","meta":[],"product_brand":[],"product_cat":[604],"product_tag":[606,698,605],"class_list":{"0":"post-61517","1":"product","2":"type-product","3":"status-publish","4":"has-post-thumbnail","6":"product_cat-accesorios-para-racks-y-gabinetes","7":"product_tag-accesorios-para-racks-y-gabinetes","8":"product_tag-hoffman","9":"product_tag-racks-y-gabinetes","11":"first","12":"instock","13":"sale","14":"shipping-taxable","15":"purchasable","16":"product-type-simple"},"_links":{"self":[{"href":"https:\/\/soydeaqui.ddns.net\/pachuca\/index.php\/wp-json\/wp\/v2\/product\/61517","targetHints":{"allow":["GET"]}}],"collection":[{"href":"https:\/\/soydeaqui.ddns.net\/pachuca\/index.php\/wp-json\/wp\/v2\/product"}],"about":[{"href":"https:\/\/soydeaqui.ddns.net\/pachuca\/index.php\/wp-json\/wp\/v2\/types\/product"}],"replies":[{"embeddable":true,"href":"https:\/\/soydeaqui.ddns.net\/pachuca\/index.php\/wp-json\/wp\/v2\/comments?post=61517"}],"wp:featuredmedia":[{"embeddable":true,"href":"https:\/\/soydeaqui.ddns.net\/pachuca\/index.php\/wp-json\/wp\/v2\/media\/61516"}],"wp:attachment":[{"href":"https:\/\/soydeaqui.ddns.net\/pachuca\/index.php\/wp-json\/wp\/v2\/media?parent=61517"}],"wp:term":[{"taxonomy":"product_brand","embeddable":true,"href":"https:\/\/soydeaqui.ddns.net\/pachuca\/index.php\/wp-json\/wp\/v2\/product_brand?post=61517"},{"taxonomy":"product_cat","embeddable":true,"href":"https:\/\/soydeaqui.ddns.net\/pachuca\/index.php\/wp-json\/wp\/v2\/product_cat?post=61517"},{"taxonomy":"product_tag","embeddable":true,"href":"https:\/\/soydeaqui.ddns.net\/pachuca\/index.php\/wp-json\/wp\/v2\/product_tag?post=61517"}],"curies":[{"name":"wp","href":"https:\/\/api.w.org\/{rel}","templated":true}]}}