{"id":61496,"date":"2026-03-19T06:09:26","date_gmt":"2026-03-19T06:09:26","guid":{"rendered":"https:\/\/soydeaqui.ddns.net\/pachuca\/index.php\/producto\/separador-tap-7-db-con-rango-de-frecuencia-de-575-a-6000-mhz-ideal-para-separar-la-antenas-a-diferentes-longitudes-de-cable-coaxial-50-ohm-con-conectores-n-hembra\/"},"modified":"2026-03-19T06:09:27","modified_gmt":"2026-03-19T06:09:27","slug":"separador-tap-7-db-con-rango-de-frecuencia-de-575-a-6000-mhz-ideal-para-separar-la-antenas-a-diferentes-longitudes-de-cable-coaxial-50-ohm-con-conectores-n-hembra","status":"publish","type":"product","link":"https:\/\/soydeaqui.ddns.net\/pachuca\/index.php\/producto\/separador-tap-7-db-con-rango-de-frecuencia-de-575-a-6000-mhz-ideal-para-separar-la-antenas-a-diferentes-longitudes-de-cable-coaxial-50-ohm-con-conectores-n-hembra\/","title":{"rendered":"Separador TAP -7 dB con rango de frecuencia de 575 a 6000 MHz. Ideal para separar la antenas a diferentes longitudes de cable coaxial. 50 Ohm con conectores N Hembra."},"content":{"rendered":"<div style='width: 100%; max-width: 1200px; margin: 0 auto; font-family: sans-serif; line-height: 1.6; color: inherit; background-color: transparent;'>\n<div style='display: flex; flex-wrap: wrap; gap: 30px; margin-bottom: 30px;'>\n<div style='flex: 1 1 300px; min-width: 280px;'>\n<h3 style='font-size: 22px; border-bottom: 2px solid currentColor; padding-bottom: 5px; margin-top: 0; color: inherit; opacity: 0.8;'>Descripci\u00f3n<\/h3>\n<p style='font-size: 15px; margin-top: 0; color: inherit;'>Separador TAP -7 dB con rango de frecuencia de 575 a 6000 MHz. 50 Ohm con conectores N Hembra.<\/p>\n<p style='font-size: 15px; color: inherit;'>Para uso en sistemas de distribuci\u00f3n de se\u00f1al para dividir la se\u00f1al amplificada para m\u00faltiples antenas internas con p\u00e9rdida m\u00ednima de se\u00f1al o para controlar la cantidad de se\u00f1al en \u00e1reas peque\u00f1as y grandes. Ofrece rendimiento de se\u00f1al de baja p\u00e9rdida con derivaci\u00f3n de -7 dB.<\/p>\n<p style='font-size: 15px; color: inherit;'>Proporciona salidas con distintos niveles para compensar diferencias de p\u00e9rdida en longitudes de cables&comma; asegurando nivel uniforme de se\u00f1al en las antenas.<\/p>\n<p style='font-size: 15px; color: inherit;'><strong>P\u00c9RDIDA:<\/strong> -7 dB \/ -1.2 dB<\/p>\n<p style='font-size: 15px; color: inherit;'><strong>RELACI\u00d3N DIVIDIDA:<\/strong> 90% \/ 10%<\/p>\n<\/p><\/div>\n<\/p><\/div>\n<div style='display: flex; flex-wrap: wrap; gap: 20px; margin-bottom: 30px;'>\n<div style='flex: 1 1 250px; border: 1px solid rgba(150&comma; 150&comma; 150&comma; 0.4); border-radius: 8px; overflow: hidden; display: flex; flex-direction: column;'>\n<div style='padding: 15px; border-bottom: 1px solid rgba(150&comma; 150&comma; 150&comma; 0.2); font-weight: bold; font-size: 18px; color: inherit;'>Especificaciones<\/div>\n<div style='padding: 15px; color: inherit;'>\n<ul style='padding-left: 20px; margin: 0; font-size: 14px; list-style-type: disc;'>\n<li style='margin-bottom: 5px;'><strong>Modelo:<\/strong> 859-120<\/li>\n<li style='margin-bottom: 5px;'><strong>Conectores:<\/strong> N hembra<\/li>\n<li style='margin-bottom: 5px;'><strong>Dimensiones:<\/strong> 178 x 79 x 32 mm<\/li>\n<li style='margin-bottom: 5px;'><strong>Rango de Frecuencia:<\/strong> 575-6000 MHz<\/li>\n<li style='margin-bottom: 5px;'><strong>Impedancia:<\/strong> 50 Ohm<\/li>\n<li style='margin-bottom: 5px;'><strong>Peso:<\/strong> 0.41 kg<\/li>\n<\/ul><\/div>\n<\/p><\/div>\n<div style='flex: 1 1 250px; border: 1px solid rgba(150&comma; 150&comma; 150&comma; 0.4); border-radius: 8px; overflow: hidden; display: flex; flex-direction: column;'>\n<div style='padding: 15px; border-bottom: 1px solid rgba(150&comma; 150&comma; 150&comma; 0.2); font-weight: bold; font-size: 18px; color: inherit;'>Caracter\u00edsticas<\/div>\n<div style='padding: 15px; color: inherit;'>\n<ul style='padding-left: 20px; margin: 0; font-size: 14px; list-style-type: disc;'>\n<li style='margin-bottom: 5px;'>Rendimiento de se\u00f1al de baja p\u00e9rdida<\/li>\n<li style='margin-bottom: 5px;'>Derivaci\u00f3n de -7 dB<\/li>\n<li style='margin-bottom: 5px;'>Salidas con distintos niveles para compensar p\u00e9rdida en cables<\/li>\n<li style='margin-bottom: 5px;'>Dise\u00f1ado para sistemas de distribuci\u00f3n de se\u00f1al<\/li>\n<li style='margin-bottom: 5px;'>Para uso con m\u00faltiples antenas internas<\/li>\n<li style='margin-bottom: 5px;'>Control de se\u00f1al en \u00e1reas de diferentes tama\u00f1os<\/li>\n<\/ul><\/div>\n<\/p><\/div>\n<\/p><\/div>\n<div style='display: flex; flex-wrap: wrap; gap: 20px; margin-bottom: 30px;'>\n<div style='flex: 1 1 250px; border: 1px solid rgba(150&comma; 150&comma; 150&comma; 0.4); border-radius: 8px; overflow: hidden; display: flex; flex-direction: column;'>\n<div style='padding: 15px; border-bottom: 1px solid rgba(150&comma; 150&comma; 150&comma; 0.2); font-weight: bold; font-size: 18px; color: inherit;'>Detalles de P\u00e9rdida<\/div>\n<div style='padding: 15px; color: inherit;'>\n<ul style='padding-left: 20px; margin: 0; font-size: 14px; list-style-type: disc;'>\n<li style='margin-bottom: 5px;'>7 dB en separaci\u00f3n<\/li>\n<li style='margin-bottom: 5px;'>1.2 dB de paso<\/li>\n<\/ul><\/div>\n<\/p><\/div>\n<\/p><\/div>\n<hr style='border: 0; border-top: 1px solid rgba(150&comma; 150&comma; 150&comma; 0.3); margin: 30px 0;'> <\/div>\n","protected":false},"excerpt":{"rendered":"<p>Separador TAP -7 dB con rango de frecuencia de 575 a 6000 MHz. Ideal para separar la antenas a diferentes longitudes de cable coaxial. 50 Ohm con conectores N Hembra.<\/p>\n","protected":false},"featured_media":61495,"comment_status":"open","ping_status":"closed","template":"","meta":[],"product_brand":[],"product_cat":[1523],"product_tag":[1404,1524,1525],"class_list":{"0":"post-61496","1":"product","2":"type-product","3":"status-publish","4":"has-post-thumbnail","6":"product_cat-para-cobertura-celular","7":"product_tag-antenas","8":"product_tag-para-cobertura-celular","9":"product_tag-wilsonpro-weboost","11":"first","12":"instock","13":"sale","14":"shipping-taxable","15":"purchasable","16":"product-type-simple"},"_links":{"self":[{"href":"https:\/\/soydeaqui.ddns.net\/pachuca\/index.php\/wp-json\/wp\/v2\/product\/61496","targetHints":{"allow":["GET"]}}],"collection":[{"href":"https:\/\/soydeaqui.ddns.net\/pachuca\/index.php\/wp-json\/wp\/v2\/product"}],"about":[{"href":"https:\/\/soydeaqui.ddns.net\/pachuca\/index.php\/wp-json\/wp\/v2\/types\/product"}],"replies":[{"embeddable":true,"href":"https:\/\/soydeaqui.ddns.net\/pachuca\/index.php\/wp-json\/wp\/v2\/comments?post=61496"}],"wp:featuredmedia":[{"embeddable":true,"href":"https:\/\/soydeaqui.ddns.net\/pachuca\/index.php\/wp-json\/wp\/v2\/media\/61495"}],"wp:attachment":[{"href":"https:\/\/soydeaqui.ddns.net\/pachuca\/index.php\/wp-json\/wp\/v2\/media?parent=61496"}],"wp:term":[{"taxonomy":"product_brand","embeddable":true,"href":"https:\/\/soydeaqui.ddns.net\/pachuca\/index.php\/wp-json\/wp\/v2\/product_brand?post=61496"},{"taxonomy":"product_cat","embeddable":true,"href":"https:\/\/soydeaqui.ddns.net\/pachuca\/index.php\/wp-json\/wp\/v2\/product_cat?post=61496"},{"taxonomy":"product_tag","embeddable":true,"href":"https:\/\/soydeaqui.ddns.net\/pachuca\/index.php\/wp-json\/wp\/v2\/product_tag?post=61496"}],"curies":[{"name":"wp","href":"https:\/\/api.w.org\/{rel}","templated":true}]}}