{"id":6145,"date":"2026-03-18T06:39:40","date_gmt":"2026-03-18T06:39:40","guid":{"rendered":"https:\/\/soydeaqui.ddns.net\/pachuca\/index.php\/producto\/protector-contra-sobretensiones-del-marcador-telefonico-del-panel-de-incendio-o-de-alarma\/"},"modified":"2026-03-18T06:39:40","modified_gmt":"2026-03-18T06:39:40","slug":"protector-contra-sobretensiones-del-marcador-telefonico-del-panel-de-incendio-o-de-alarma","status":"publish","type":"product","link":"https:\/\/soydeaqui.ddns.net\/pachuca\/index.php\/producto\/protector-contra-sobretensiones-del-marcador-telefonico-del-panel-de-incendio-o-de-alarma\/","title":{"rendered":"Protector Contra Sobretensiones del Marcador Telef\u00f3nico del Panel de Incendio o de Alarma"},"content":{"rendered":"<div style='width: 100%; max-width: 1200px; margin: 0 auto; font-family: sans-serif; line-height: 1.6; color: inherit; background-color: transparent;'>\n<div style='display: flex; flex-wrap: wrap; gap: 30px; margin-bottom: 30px;'>\n<div style='flex: 1 1 300px; min-width: 280px;'>\n<h3 style='font-size: 22px; border-bottom: 2px solid currentColor; padding-bottom: 5px; margin-top: 0; color: inherit; opacity: 0.8;'>Caracter\u00edsticas principales<\/h3>\n<ul style='padding-left: 20px; font-size: 15px; color: inherit;'>\n<li style='margin-bottom: 5px;'>Protecci\u00f3n de circuito de marcador RJ31X de un solo par<\/li>\n<li style='margin-bottom: 5px;'>Conector modular RJ45 con tornillo de puesta a tierra externo<\/li>\n<li style='margin-bottom: 5px;'>Protecci\u00f3n contra corriente de fuga: &#8216;SCP&#8217;&comma; fusible de reinicio autom\u00e1tico de 150 mA que protege contra sobretensiones repetidas<\/li>\n<li style='margin-bottom: 5px;'>Patch cord incluido<\/li>\n<li style='margin-bottom: 5px;'>Compatible con montaje para riel DIN <a href='https:\/\/www.syscom.mx\/principal\/searchcont?route=DTK-DRK-DITEK-165179&#038;autodetect=dtkdrk' target='_blank' rel='noopener' style='color: inherit; text-decoration: underline; opacity: 0.8;'>DTK-DRK<\/a><\/li>\n<li style='margin-bottom: 5px;'><strong>Aplicaciones:<\/strong> Comunicadores Telef\u00f3nicos de Paneles de Alarma o Paneles Contra Incendio<\/li>\n<\/ul><\/div>\n<div style='flex: 1 1 300px; min-width: 280px;'>\n<h3 style='font-size: 22px; border-bottom: 2px solid currentColor; padding-bottom: 5px; margin-top: 0; color: inherit; opacity: 0.8;'>Caracter\u00edsticas el\u00e9ctricas y f\u00edsicas<\/h3>\n<ul style='padding-left: 20px; font-size: 15px; color: inherit;'>\n<li style='margin-bottom: 5px;'><strong>M\u00e9todo de Conexi\u00f3n:<\/strong> RJ31X (hembra) entrada\/salida<\/li>\n<li style='margin-bottom: 5px;'><strong>Clasificaci\u00f3n de corriente de sobretensi\u00f3n:<\/strong> 9&comma;000 A<\/li>\n<li style='margin-bottom: 5px;'><strong>Carcasa:<\/strong> ABS<\/li>\n<li style='margin-bottom: 5px;'><strong>Temperatura de operaci\u00f3n:<\/strong> -40\u00b0C a 70\u00b0C (-40\u00b0F a 158\u00b0F)<\/li>\n<li style='margin-bottom: 5px;'><strong>Dimensiones:<\/strong> 76 x 43 x 30 mm<\/li>\n<li style='margin-bottom: 5px;'><strong>Peso:<\/strong> 113 g<\/li>\n<li style='margin-bottom: 5px;'><a title='Ficha t\u00e9cnica' href='https:\/\/ftp3.syscom.mx\/usuarios\/fotos\/pdfs\/ccasares\/Spec%20Sheet%20DTK-IBNC.pdf' target='_blank' rel='noopener' style='color: inherit; text-decoration: underline; opacity: 0.8;'>Revise la ficha completa<\/a><\/li>\n<\/ul><\/div>\n<div style='flex: 1 1 300px; min-width: 280px;'>\n<h3 style='font-size: 22px; border-bottom: 2px solid currentColor; padding-bottom: 5px; margin-top: 0; color: inherit; opacity: 0.8;'>Caracter\u00edsticas Destacadas<\/h3>\n<p style='font-size: 15px; color: inherit; margin-bottom: 15px;'>El DTK-MRJ31XSCPWP de DITEK es un dispositivo modular &#8216;plug &#038; play&#8217; dise\u00f1ado para proteger los circuitos de marcaci\u00f3n de sistemas de seguridad y contra incendios.<\/p>\n<p style='font-size: 15px; color: inherit; margin-bottom: 0;'>Este protector contra sobretensiones en el punto de uso se puede instalar f\u00e1cilmente en serie con el circuito.<\/p>\n<\/p><\/div>\n<\/p><\/div>\n<hr style='border: 0; border-top: 1px solid rgba(150&comma; 150&comma; 150&comma; 0.3); margin: 30px 0;'> <\/div>\n","protected":false},"excerpt":{"rendered":"<p>Protector Contra Sobretensiones del Marcador Telef\u00f3nico del Panel de Incendio o de Alarma<\/p>\n","protected":false},"featured_media":6144,"comment_status":"open","ping_status":"closed","template":"","meta":[],"product_brand":[],"product_cat":[532],"product_tag":[534,533,62],"class_list":{"0":"post-6145","1":"product","2":"type-product","3":"status-publish","4":"has-post-thumbnail","6":"product_cat-todos-proteccion-contra-sobretensiones","7":"product_tag-ditek","8":"product_tag-proteccion-contra-sobretensiones","9":"product_tag-todos","11":"first","12":"outofstock","13":"sale","14":"shipping-taxable","15":"purchasable","16":"product-type-simple"},"_links":{"self":[{"href":"https:\/\/soydeaqui.ddns.net\/pachuca\/index.php\/wp-json\/wp\/v2\/product\/6145","targetHints":{"allow":["GET"]}}],"collection":[{"href":"https:\/\/soydeaqui.ddns.net\/pachuca\/index.php\/wp-json\/wp\/v2\/product"}],"about":[{"href":"https:\/\/soydeaqui.ddns.net\/pachuca\/index.php\/wp-json\/wp\/v2\/types\/product"}],"replies":[{"embeddable":true,"href":"https:\/\/soydeaqui.ddns.net\/pachuca\/index.php\/wp-json\/wp\/v2\/comments?post=6145"}],"wp:featuredmedia":[{"embeddable":true,"href":"https:\/\/soydeaqui.ddns.net\/pachuca\/index.php\/wp-json\/wp\/v2\/media\/6144"}],"wp:attachment":[{"href":"https:\/\/soydeaqui.ddns.net\/pachuca\/index.php\/wp-json\/wp\/v2\/media?parent=6145"}],"wp:term":[{"taxonomy":"product_brand","embeddable":true,"href":"https:\/\/soydeaqui.ddns.net\/pachuca\/index.php\/wp-json\/wp\/v2\/product_brand?post=6145"},{"taxonomy":"product_cat","embeddable":true,"href":"https:\/\/soydeaqui.ddns.net\/pachuca\/index.php\/wp-json\/wp\/v2\/product_cat?post=6145"},{"taxonomy":"product_tag","embeddable":true,"href":"https:\/\/soydeaqui.ddns.net\/pachuca\/index.php\/wp-json\/wp\/v2\/product_tag?post=6145"}],"curies":[{"name":"wp","href":"https:\/\/api.w.org\/{rel}","templated":true}]}}