{"id":61439,"date":"2026-03-19T06:07:37","date_gmt":"2026-03-19T06:07:37","guid":{"rendered":"https:\/\/soydeaqui.ddns.net\/pachuca\/index.php\/producto\/kit-de-4-radios-tx600-con-4-txehk\/"},"modified":"2026-03-19T06:07:37","modified_gmt":"2026-03-19T06:07:37","slug":"kit-de-4-radios-tx600-con-4-txehk","status":"publish","type":"product","link":"https:\/\/soydeaqui.ddns.net\/pachuca\/index.php\/producto\/kit-de-4-radios-tx600-con-4-txehk\/","title":{"rendered":"Kit de 4 radios TX600 con 4 TXEHK"},"content":{"rendered":"<div style='width: 100%; max-width: 1200px; margin: 0 auto; font-family: sans-serif; line-height: 1.6; color: inherit; background-color: transparent;'>\n<h2 style='font-size: 24px; margin-top: 0; margin-bottom: 15px; color: inherit; font-weight: 600;'>Kit de 4 Radios TX600 y 4 accesorios manos libres TXEHK<\/h2>\n<div style='display: flex; flex-wrap: wrap; gap: 30px; margin-bottom: 30px;'>\n<div style='flex: 1 1 300px; min-width: 280px;'>\n<p style='font-size: 16px; margin-bottom: 15px; color: inherit;'>El radio TX600 es un equipo de alta calidad&comma; eficiencia y costo insuperable que ofrece una excelente soluci\u00f3n para la comunicaci\u00f3n en entornos industriales&comma; de construcci\u00f3n o al aire libre.<\/p>\n<p style='font-size: 16px; margin-bottom: 15px; color: inherit;'>Est\u00e1 dise\u00f1ado para ser resistente a golpes&comma; ca\u00eddas&comma; lo que lo hace altamente duradero y confiable en situaciones exigentes.<\/p>\n<p style='font-size: 16px; margin-bottom: 15px; color: inherit;'>Al ser un radio en UHF&comma; ofrece una mejor cobertura en \u00e1reas urbanas y edificios&comma; lo que lo hace ideal para su uso en entornos industriales o de construcci\u00f3n. Adem\u00e1s&comma; cuenta con una bater\u00eda de larga duraci\u00f3n que permite mantener la comunicaci\u00f3n por largas horas sin tener que preocuparse por quedarse sin carga.<\/p>\n<p style='font-size: 16px; margin-bottom: 15px; color: inherit;'>El TX600 es una excelente herramienta de comunicaci\u00f3n confiable&comma; lo hacen una opci\u00f3n altamente recomendable para cualquier persona que busque un radio de comunicaciones de alta calidad.<\/p>\n<\/p><\/div>\n<\/p><\/div>\n<div style='display: flex; flex-wrap: wrap; gap: 20px; margin-bottom: 30px;'>\n<div style='flex: 1 1 250px; border: 1px solid rgba(150&comma; 150&comma; 150&comma; 0.4); border-radius: 8px; overflow: hidden; display: flex; flex-direction: column;'>\n<div style='padding: 15px; border-bottom: 1px solid rgba(150&comma; 150&comma; 150&comma; 0.2); font-weight: bold; font-size: 18px; color: inherit;'>Especificaciones<\/div>\n<div style='padding: 15px; color: inherit;'>\n<ul style='padding-left: 20px; margin: 0; font-size: 14px; list-style-type: disc;'>\n<li style='margin-bottom: 5px;'><strong style='color: inherit;'>Dimensiones:<\/strong> 132 x 59.2 x 42.1 mm sin antena<\/li>\n<li style='margin-bottom: 5px;'><strong style='color: inherit;'>Peso:<\/strong> 243 g con bater\u00eda sin antena<\/li>\n<li style='margin-bottom: 5px;'><strong style='color: inherit;'>Rango de operaci\u00f3n:<\/strong> 400-470 MHz<\/li>\n<li style='margin-bottom: 5px;'><strong style='color: inherit;'>Ancho de Canal:<\/strong> 12.5 kHz y 25 kHz<\/li>\n<li style='margin-bottom: 5px;'><strong style='color: inherit;'>Canales:<\/strong> 16<\/li>\n<li style='margin-bottom: 5px;'><strong style='color: inherit;'>Potencia:<\/strong> 5 Watts<\/li>\n<li style='margin-bottom: 5px;'><strong style='color: inherit;'>Tonos:<\/strong> CTCSS\/DCS<\/li>\n<li style='margin-bottom: 5px;'><strong style='color: inherit;'>Cables de programaci\u00f3n (No incluido):<\/strong> W13K&comma; SPUPLUS y TXCP240K<\/li>\n<\/ul><\/div>\n<\/p><\/div>\n<div style='flex: 1 1 250px; border: 1px solid rgba(150&comma; 150&comma; 150&comma; 0.4); border-radius: 8px; overflow: hidden; display: flex; flex-direction: column;'>\n<div style='padding: 15px; border-bottom: 1px solid rgba(150&comma; 150&comma; 150&comma; 0.2); font-weight: bold; font-size: 18px; color: inherit;'>Contenido del Kit<\/div>\n<div style='padding: 15px; color: inherit;'>\n<ul style='padding-left: 20px; margin: 0; font-size: 14px; list-style-type: disc;'>\n<li style='margin-bottom: 5px;'><strong style='color: inherit;'>4 Radios:<\/strong> <a href='https:\/\/www.syscom.mx\/producto\/TX600DUO-TXPRO-213979.html' style='color: inherit; text-decoration: underline;' target='_blank' rel='noopener'>TX600<\/a><\/li>\n<li style='margin-bottom: 5px;'><strong style='color: inherit;'>4 Antenas:<\/strong> <a href='https:\/\/www.syscom.mx\/producto\/TX600ANT-TXPRO-195891.html' style='color: inherit; text-decoration: underline;' target='_blank' rel='noopener'>TX600ANT<\/a><\/li>\n<li style='margin-bottom: 5px;'><strong style='color: inherit;'>4 Bater\u00edas Li-ion:<\/strong> <a href='https:\/\/www.syscom.mx\/producto\/LB80L-TXPRO-195888.html' style='color: inherit; text-decoration: underline;' target='_blank' rel='noopener'>LB80L<\/a><\/li>\n<li style='margin-bottom: 5px;'><strong style='color: inherit;'>4 Cargadores:<\/strong> <a href='https:\/\/www.syscom.mx\/producto\/TX500CHRG-TXPRO-195922.html' style='color: inherit; text-decoration: underline;' target='_blank' rel='noopener'>TX500CHRG<\/a><\/li>\n<li style='margin-bottom: 5px;'><strong style='color: inherit;'>4 Accesorios de Audio:<\/strong> <span style='color: inherit;'>TXEHK<\/span><\/li>\n<\/ul><\/div>\n<\/p><\/div>\n<\/p><\/div>\n<\/p><\/div>\n","protected":false},"excerpt":{"rendered":"<p>Kit de 4 radios TX600 con 4 TXEHK<\/p>\n","protected":false},"featured_media":61438,"comment_status":"open","ping_status":"closed","template":"","meta":[],"product_brand":[],"product_cat":[1555],"product_tag":[1556,1557,560],"class_list":{"0":"post-61439","1":"product","2":"type-product","3":"status-publish","4":"has-post-thumbnail","6":"product_cat-radios-portatiles-vhf-uhf","7":"product_tag-radios-comerciales-txpro","8":"product_tag-radios-portatiles-vhf-uhf","9":"product_tag-txpro","11":"first","12":"instock","13":"sale","14":"shipping-taxable","15":"purchasable","16":"product-type-simple"},"_links":{"self":[{"href":"https:\/\/soydeaqui.ddns.net\/pachuca\/index.php\/wp-json\/wp\/v2\/product\/61439","targetHints":{"allow":["GET"]}}],"collection":[{"href":"https:\/\/soydeaqui.ddns.net\/pachuca\/index.php\/wp-json\/wp\/v2\/product"}],"about":[{"href":"https:\/\/soydeaqui.ddns.net\/pachuca\/index.php\/wp-json\/wp\/v2\/types\/product"}],"replies":[{"embeddable":true,"href":"https:\/\/soydeaqui.ddns.net\/pachuca\/index.php\/wp-json\/wp\/v2\/comments?post=61439"}],"wp:featuredmedia":[{"embeddable":true,"href":"https:\/\/soydeaqui.ddns.net\/pachuca\/index.php\/wp-json\/wp\/v2\/media\/61438"}],"wp:attachment":[{"href":"https:\/\/soydeaqui.ddns.net\/pachuca\/index.php\/wp-json\/wp\/v2\/media?parent=61439"}],"wp:term":[{"taxonomy":"product_brand","embeddable":true,"href":"https:\/\/soydeaqui.ddns.net\/pachuca\/index.php\/wp-json\/wp\/v2\/product_brand?post=61439"},{"taxonomy":"product_cat","embeddable":true,"href":"https:\/\/soydeaqui.ddns.net\/pachuca\/index.php\/wp-json\/wp\/v2\/product_cat?post=61439"},{"taxonomy":"product_tag","embeddable":true,"href":"https:\/\/soydeaqui.ddns.net\/pachuca\/index.php\/wp-json\/wp\/v2\/product_tag?post=61439"}],"curies":[{"name":"wp","href":"https:\/\/api.w.org\/{rel}","templated":true}]}}