{"id":61395,"date":"2026-03-19T06:06:17","date_gmt":"2026-03-19T06:06:17","guid":{"rendered":"https:\/\/soydeaqui.ddns.net\/pachuca\/index.php\/producto\/pasacables-de-4-orificios-de-marco-rectangular-de-1-81-x-1-42-ip54-para-cables-terminados-color-negro\/"},"modified":"2026-03-19T06:06:22","modified_gmt":"2026-03-19T06:06:22","slug":"pasacables-de-4-orificios-de-marco-rectangular-de-1-81-x-1-42-ip54-para-cables-terminados-color-negro","status":"publish","type":"product","link":"https:\/\/soydeaqui.ddns.net\/pachuca\/index.php\/producto\/pasacables-de-4-orificios-de-marco-rectangular-de-1-81-x-1-42-ip54-para-cables-terminados-color-negro\/","title":{"rendered":"Pasacables de 4 Orificios de Marco Rectangular de 1.81&#8243; X 1.42&#8243;, IP54,  para Cables Terminados, color Negro"},"content":{"rendered":"<div style='width: 100%; max-width: 1200px; margin: 0 auto; font-family: sans-serif; line-height: 1.6; color: inherit; background-color: transparent;'>\n<div style='width: 100%; margin-bottom: 30px;'> <img style='width: 100%; height: auto; border: 1px solid rgba(150&comma;150&comma;150&comma;0.3); border-radius: 8px; max-width: 300px;' src='https:\/\/ftp3.syscom.mx\/usuarios\/fotos\/SCL2\/0X\/214870-217843-panduit-logo-tm-negro-fondo_trans30-01_(002)_(1).png' alt=''> <\/div>\n<h1 style='font-size: 30px; margin: 0 0 13px; color: rgba(48&comma;48&comma;48&comma;0.8); font-weight: 500; line-height: 1.1; display: inline-block; background-color: #ffffff; font-family: 'museo-sans'&comma; sans-serif;'> Pasacable de 4 Orificios de Marco Rectangular de 1.81&#8242; x 1.42&#8217;&comma; IP54&comma; para Cables Terminados&comma; color Negro <\/h1>\n<div style='margin-bottom: 20px; color: #56575a; font-family: 'museo-sans'&comma; sans-serif; font-size: 16px; background-color: #ffffff;'>\n<h3 style='font-size: 21px; margin: 0; font-weight: 500; line-height: 1.1; color: rgba(48&comma;48&comma;48&comma;0.8); border-bottom: 2px solid currentColor; padding-bottom: 5px;'> CEST1-B4 <\/h3>\n<p style='margin: 0; color: #000000; font-size: 11px;'> &nbsp; <\/p>\n<p style='margin: 0; color: #000000; font-size: 11px;'> &nbsp; <\/p>\n<p style='margin: 0; color: #303030; font-family: 'museo-sans'&comma; sans-serif;'> Los sistemas de entrada de cables ofrecen un m\u00e9todo seguro y organizado para realizar la transici\u00f3n de cables y mangueras a trav\u00e9s de gabinetes y equipos el\u00e9ctricos&comma; proporcionando alivio de tensi\u00f3n y manteniendo la clasificaci\u00f3n de sellado de ingreso IP\/NEMA. <\/p>\n<p style='margin: 0; color: #303030; font-family: 'museo-sans'&comma; sans-serif;'> El CEST1-B4 es un sistema de entrada de cables con terminaci\u00f3n rectangular&comma; de 2&comma;28&#8242; (57&comma;9 mm) de ancho x 2&comma;91&#8242; (79&comma;7 mm) de largo con 4 peque\u00f1os orificios para ojales. <\/p>\n<\/p><\/div>\n<div style='width: 100%; margin: 30px 0;'> <img style='width: 100%; height: auto; border: 1px solid rgba(150&comma;150&comma;150&comma;0.3); border-radius: 8px; max-width: 800px;' src='https:\/\/ftp3.syscom.mx\/usuarios\/fotos\/CEST1B4\/222602-captura_de_pantalla_2023-09-29_a_la(s)_9.40.12 a.m..png' alt=''> <\/div>\n<div style='position: relative; padding-bottom: 56.25%; height: 0; overflow: hidden; margin: 30px 0;'>   <\/div>\n<\/p><\/div>\n","protected":false},"excerpt":{"rendered":"<p>Pasacables de 4 Orificios de Marco Rectangular de 1.81&#8243; X 1.42&#8243;, IP54,  para Cables Terminados, color Negro<\/p>\n","protected":false},"featured_media":61394,"comment_status":"open","ping_status":"closed","template":"","meta":[],"product_brand":[],"product_cat":[604],"product_tag":[606,445,605],"class_list":{"0":"post-61395","1":"product","2":"type-product","3":"status-publish","4":"has-post-thumbnail","6":"product_cat-accesorios-para-racks-y-gabinetes","7":"product_tag-accesorios-para-racks-y-gabinetes","8":"product_tag-panduit","9":"product_tag-racks-y-gabinetes","11":"first","12":"outofstock","13":"sale","14":"shipping-taxable","15":"purchasable","16":"product-type-simple"},"_links":{"self":[{"href":"https:\/\/soydeaqui.ddns.net\/pachuca\/index.php\/wp-json\/wp\/v2\/product\/61395","targetHints":{"allow":["GET"]}}],"collection":[{"href":"https:\/\/soydeaqui.ddns.net\/pachuca\/index.php\/wp-json\/wp\/v2\/product"}],"about":[{"href":"https:\/\/soydeaqui.ddns.net\/pachuca\/index.php\/wp-json\/wp\/v2\/types\/product"}],"replies":[{"embeddable":true,"href":"https:\/\/soydeaqui.ddns.net\/pachuca\/index.php\/wp-json\/wp\/v2\/comments?post=61395"}],"wp:featuredmedia":[{"embeddable":true,"href":"https:\/\/soydeaqui.ddns.net\/pachuca\/index.php\/wp-json\/wp\/v2\/media\/61394"}],"wp:attachment":[{"href":"https:\/\/soydeaqui.ddns.net\/pachuca\/index.php\/wp-json\/wp\/v2\/media?parent=61395"}],"wp:term":[{"taxonomy":"product_brand","embeddable":true,"href":"https:\/\/soydeaqui.ddns.net\/pachuca\/index.php\/wp-json\/wp\/v2\/product_brand?post=61395"},{"taxonomy":"product_cat","embeddable":true,"href":"https:\/\/soydeaqui.ddns.net\/pachuca\/index.php\/wp-json\/wp\/v2\/product_cat?post=61395"},{"taxonomy":"product_tag","embeddable":true,"href":"https:\/\/soydeaqui.ddns.net\/pachuca\/index.php\/wp-json\/wp\/v2\/product_tag?post=61395"}],"curies":[{"name":"wp","href":"https:\/\/api.w.org\/{rel}","templated":true}]}}