{"id":61053,"date":"2026-03-19T05:54:54","date_gmt":"2026-03-19T05:54:54","guid":{"rendered":"https:\/\/soydeaqui.ddns.net\/pachuca\/index.php\/producto\/duplexer-compacto-de-rechazo-de-banda-160-170-mhz-4-6-a-6-mhz-sep-tx-rx-50-watt-bnc-hembra\/"},"modified":"2026-03-19T05:54:55","modified_gmt":"2026-03-19T05:54:55","slug":"duplexer-compacto-de-rechazo-de-banda-160-170-mhz-4-6-a-6-mhz-sep-tx-rx-50-watt-bnc-hembra","status":"publish","type":"product","link":"https:\/\/soydeaqui.ddns.net\/pachuca\/index.php\/producto\/duplexer-compacto-de-rechazo-de-banda-160-170-mhz-4-6-a-6-mhz-sep-tx-rx-50-watt-bnc-hembra\/","title":{"rendered":"Duplexer Compacto de Rechazo de Banda, 160-170 MHz, 4.6 a 6 MHz Sep. Tx-Rx, 50 Watt, BNC Hembra."},"content":{"rendered":"<div style='width: 100%; max-width: 1200px; margin: 0 auto; font-family: sans-serif; line-height: 1.6; color: inherit; background-color: transparent;'>\n<div style='display: flex; flex-wrap: wrap; gap: 30px; margin-bottom: 30px;'>\n<div style='flex: 1 1 300px; min-width: 280px;'>\n<h3 style='font-size: 22px; border-bottom: 2px solid currentColor; padding-bottom: 5px; margin-top: 0; color: inherit; opacity: 0.8;'>Caracter\u00edsticas Principales<\/h3>\n<ul style='padding-left: 20px; font-size: 15px; color: inherit;'>\n<li style='margin-bottom: 5px;'>Dise\u00f1o compacto y eficiente<\/li>\n<li style='margin-bottom: 5px;'>Rechazo de banda<\/li>\n<li style='margin-bottom: 5px;'>Frecuencia de operaci\u00f3n: 160-170 MHz<\/li>\n<li style='margin-bottom: 5px;'>6 Cavidades<\/li>\n<li style='margin-bottom: 5px;'>Potencia m\u00e1xima: 50 W<\/li>\n<li style='margin-bottom: 5px;'>Conectores BNC Hembra (opcional N Hembra)<\/li>\n<\/ul><\/div>\n<div style='flex: 1 1 300px; min-width: 280px;'>\n<h3 style='font-size: 22px; border-bottom: 2px solid currentColor; padding-bottom: 5px; margin-top: 0; color: inherit; opacity: 0.8;'>Especificaciones El\u00e9ctricas<\/h3>\n<ul style='padding-left: 20px; font-size: 15px; color: inherit;'>\n<li style='margin-bottom: 5px;'>Separaci\u00f3n de frecuencias: 4.6 a 6 MHz<\/li>\n<li style='margin-bottom: 5px;'>P\u00e9rdida por inserci\u00f3n: M\u00e1x. 1.2 dB<\/li>\n<li style='margin-bottom: 5px;'>Aislamiento Tx-Rx: M\u00edn. 70 dB \/ T\u00edp. 80 dB<\/li>\n<\/ul><\/div>\n<div style='flex: 1 1 300px; min-width: 280px;'>\n<h3 style='font-size: 22px; border-bottom: 2px solid currentColor; padding-bottom: 5px; margin-top: 0; color: inherit; opacity: 0.8;'>Caracter\u00edsticas Constructivas<\/h3>\n<ul style='padding-left: 20px; font-size: 15px; color: inherit;'>\n<li style='margin-bottom: 5px;'>Resonadores de cobre plateado<\/li>\n<li style='margin-bottom: 5px;'>Aislamientos de Tefl\u00f3n<\/li>\n<li style='margin-bottom: 5px;'>Cables semirr\u00edgidos para baja p\u00e9rdida<\/li>\n<li style='margin-bottom: 5px;'>Blindaje con cavidades de aluminio<\/li>\n<li style='margin-bottom: 5px;'>M\u00ednimo corrimiento de frecuencia por temperatura<\/li>\n<\/ul><\/div>\n<div style='flex: 1 1 300px; min-width: 280px;'>\n<h3 style='font-size: 22px; border-bottom: 2px solid currentColor; padding-bottom: 5px; margin-top: 0; color: inherit; opacity: 0.8;'>Aplicaciones<\/h3>\n<ul style='padding-left: 20px; font-size: 15px; color: inherit;'>\n<li style='margin-bottom: 5px;'>Sistemas de comunicaci\u00f3n profesional<\/li>\n<li style='margin-bottom: 5px;'>Equipos de radio en servicios p\u00fablicos<\/li>\n<li style='margin-bottom: 5px;'>Aplicaciones industriales y comerciales<\/li>\n<\/ul><\/div>\n<\/p><\/div>\n<div style='display: flex; flex-wrap: wrap; gap: 20px; margin-bottom: 30px;'>\n<div style='flex: 1 1 250px; border: 1px solid rgba(150&comma; 150&comma; 150&comma; 0.4); border-radius: 8px; overflow: hidden; display: flex; flex-direction: column;'>\n<div style='padding: 15px; border-bottom: 1px solid rgba(150&comma; 150&comma; 150&comma; 0.2); font-weight: bold; font-size: 18px; color: inherit;'>Especificaciones Mec\u00e1nicas<\/div>\n<div style='padding: 15px; color: inherit;'>\n<ul style='padding-left: 20px; margin: 0; font-size: 14px; list-style-type: disc;'>\n<li style='margin-bottom: 5px;'><strong>Conectores:<\/strong> BNC Hembra (opcional N Hembra)<\/li>\n<\/ul><\/div>\n<\/p><\/div>\n<\/p><\/div>\n<hr style='border: 0; border-top: 1px solid rgba(150&comma; 150&comma; 150&comma; 0.3); margin: 30px 0;'>\n<div style='margin-top: 30px; font-size: 14px; color: inherit; opacity: 0.8;'>\n<p><strong>* Nota:<\/strong> La disponibilidad puede variar seg\u00fan regi\u00f3n y distribuidor autorizado.<\/p>\n<\/p><\/div>\n<\/p><\/div>\n","protected":false},"excerpt":{"rendered":"<p>Duplexer Compacto de Rechazo de Banda, 160-170 MHz, 4.6 a 6 MHz Sep. Tx-Rx, 50 Watt, BNC Hembra.<\/p>\n","protected":false},"featured_media":61052,"comment_status":"open","ping_status":"closed","template":"","meta":[],"product_brand":[],"product_cat":[1759],"product_tag":[1760,1637,1660],"class_list":{"0":"post-61053","1":"product","2":"type-product","3":"status-publish","4":"has-post-thumbnail","6":"product_cat-duplexers","7":"product_tag-duplexers","8":"product_tag-emr-corporation","9":"product_tag-filtros-y-sistemas-en-rf","11":"first","12":"outofstock","13":"sale","14":"shipping-taxable","15":"purchasable","16":"product-type-simple"},"_links":{"self":[{"href":"https:\/\/soydeaqui.ddns.net\/pachuca\/index.php\/wp-json\/wp\/v2\/product\/61053","targetHints":{"allow":["GET"]}}],"collection":[{"href":"https:\/\/soydeaqui.ddns.net\/pachuca\/index.php\/wp-json\/wp\/v2\/product"}],"about":[{"href":"https:\/\/soydeaqui.ddns.net\/pachuca\/index.php\/wp-json\/wp\/v2\/types\/product"}],"replies":[{"embeddable":true,"href":"https:\/\/soydeaqui.ddns.net\/pachuca\/index.php\/wp-json\/wp\/v2\/comments?post=61053"}],"wp:featuredmedia":[{"embeddable":true,"href":"https:\/\/soydeaqui.ddns.net\/pachuca\/index.php\/wp-json\/wp\/v2\/media\/61052"}],"wp:attachment":[{"href":"https:\/\/soydeaqui.ddns.net\/pachuca\/index.php\/wp-json\/wp\/v2\/media?parent=61053"}],"wp:term":[{"taxonomy":"product_brand","embeddable":true,"href":"https:\/\/soydeaqui.ddns.net\/pachuca\/index.php\/wp-json\/wp\/v2\/product_brand?post=61053"},{"taxonomy":"product_cat","embeddable":true,"href":"https:\/\/soydeaqui.ddns.net\/pachuca\/index.php\/wp-json\/wp\/v2\/product_cat?post=61053"},{"taxonomy":"product_tag","embeddable":true,"href":"https:\/\/soydeaqui.ddns.net\/pachuca\/index.php\/wp-json\/wp\/v2\/product_tag?post=61053"}],"curies":[{"name":"wp","href":"https:\/\/api.w.org\/{rel}","templated":true}]}}