{"id":61051,"date":"2026-03-19T05:54:51","date_gmt":"2026-03-19T05:54:51","guid":{"rendered":"https:\/\/soydeaqui.ddns.net\/pachuca\/index.php\/producto\/chapa-de-seguridad-smartzone-con-lector-de-tarjetas-de-frecuencia-dual-125-khz-y-13-56-mhz-teclado-de-autenticacion-y-sensor-de-humedad-integrado\/"},"modified":"2026-03-19T05:54:52","modified_gmt":"2026-03-19T05:54:52","slug":"chapa-de-seguridad-smartzone-con-lector-de-tarjetas-de-frecuencia-dual-125-khz-y-13-56-mhz-teclado-de-autenticacion-y-sensor-de-humedad-integrado","status":"publish","type":"product","link":"https:\/\/soydeaqui.ddns.net\/pachuca\/index.php\/producto\/chapa-de-seguridad-smartzone-con-lector-de-tarjetas-de-frecuencia-dual-125-khz-y-13-56-mhz-teclado-de-autenticacion-y-sensor-de-humedad-integrado\/","title":{"rendered":"Chapa de Seguridad SmartZone\u2122, Con Lector de Tarjetas de Frecuencia Dual (125 kHz y 13.56 MHz), Teclado de Autenticaci\u00f3n y Sensor de Humedad Integrado"},"content":{"rendered":"<div style='width: 100%; max-width: 1200px; margin: 0 auto; font-family: sans-serif; line-height: 1.6; color: inherit; background-color: transparent;'> <!-- Imagen principal --> <\/p>\n<div style='margin-bottom: 30px;'> <img style='width: 100%; height: auto; border: 1px solid rgba(150&comma;150&comma;150&comma;0.3); border-radius: 8px;' src='https:\/\/ftp3.syscom.mx\/usuarios\/fotos\/U01S11V\/211237-descarga.png' alt=''> <\/div>\n<p> <!-- Descripci\u00f3n principal --> <\/p>\n<div style='margin-bottom: 30px; font-size: 15px;'>\n<p>La chapa de seguridad Panduit\u00ae SmartZone\u2122 G5 est\u00e1 especialmente dise\u00f1ada para cumplir con los desaf\u00edos de seguridad m\u00e1s rigurosos (tanto digitales como f\u00edsicos) en el entorno actual de los centros de datos. Cuenta con una versi\u00f3n con teclado integrado que permite la doble autenticaci\u00f3n al permitir deslizar una tarjeta de seguridad y un pin.<\/p>\n<p>La chapa de seguridad se acopla a la perfecci\u00f3n con la mayor\u00eda de los gabinetes de los centros de datos y tiene la capacidad de leer tarjetas de baja frecuencia (125 kHz) y alta frecuencia (13.5 MHz). Adem\u00e1s&comma; puede admitir 200 usuarios autorizados y cuenta con un sensor de humedad integrado que permite colocar de manera \u00f3ptima la detecci\u00f3n de humedad cerca del centro del gabinete. El LED de estado proporciona una indicaci\u00f3n visual del estado de seguridad. La luz parpadear\u00e1 en amarillo cuando el gabinete tenga una alarma menor o destellar\u00e1 en rojo cuando el gabinete tenga una alarma cr\u00edtica.<\/p>\n<\/p><\/div>\n<p> <!-- Secci\u00f3n de especificaciones --> <\/p>\n<div style='display: flex; flex-wrap: wrap; gap: 20px; margin-bottom: 30px;'>\n<div style='flex: 1 1 250px; border: 1px solid rgba(150&comma; 150&comma; 150&comma; 0.4); border-radius: 8px; overflow: hidden; display: flex; flex-direction: column;'>\n<div style='padding: 15px; border-bottom: 1px solid rgba(150&comma; 150&comma; 150&comma; 0.2); font-weight: bold; font-size: 18px; color: inherit;'>Especificaciones T\u00e9cnicas<\/div>\n<div style='padding: 15px; color: inherit;'>\n<ul style='padding-left: 20px; margin: 0; font-size: 14px; list-style-type: disc;'>\n<li style='margin-bottom: 5px;'>Grado de protecci\u00f3n: IP55<\/li>\n<li style='margin-bottom: 5px;'>Compatibilidad con gabinetes Panduit<\/li>\n<li style='margin-bottom: 5px;'>Conexi\u00f3n al PDU: Con el cable ACF20 (JST a RJ45). <strong>No incluido.<\/strong><\/li>\n<li style='margin-bottom: 5px;'>Voltaje de operaci\u00f3n: 5 Vcd \u00b1 0.5 Vcd<\/li>\n<li style='margin-bottom: 5px;'>Corriente de operaci\u00f3n: Menos de 850 mA a 5 Vcd<\/li>\n<li style='margin-bottom: 5px;'>Temperatura de operaci\u00f3n: 0 a 65 \u00baC<\/li>\n<li style='margin-bottom: 5px;'>Rango de humedad: 10 a 90% RH&comma; sin condensaci\u00f3n<\/li>\n<li style='margin-bottom: 5px;'>Distancia de proximidad de la tarjeta: 0 a 2 cm.<\/li>\n<\/ul><\/div>\n<\/p><\/div>\n<div style='flex: 1 1 250px; border: 1px solid rgba(150&comma; 150&comma; 150&comma; 0.4); border-radius: 8px; overflow: hidden; display: flex; flex-direction: column;'>\n<div style='padding: 15px; border-bottom: 1px solid rgba(150&comma; 150&comma; 150&comma; 0.2); font-weight: bold; font-size: 18px; color: inherit;'>Compatibilidad de Tarjetas<\/div>\n<div style='padding: 15px; color: inherit;'>\n<ul style='padding-left: 20px; margin: 0; font-size: 14px; list-style-type: disc;'>\n<li style='margin-bottom: 5px;'>MIFARE Cl\u00e1sico 1k y 4k 13.56 MHz<\/li>\n<li style='margin-bottom: 5px;'>MIFARE Plus 2k 13&comma;56 MHz<\/li>\n<li style='margin-bottom: 5px;'>MIFARE DESFire 4k 13&comma;56 MHz<\/li>\n<li style='margin-bottom: 5px;'>HID iClass 13&comma;56 MHz<\/li>\n<li style='margin-bottom: 5px;'>HID 125 kHz de proximidad<\/li>\n<li style='margin-bottom: 5px;'>EM 125 kHz de proximidad<\/li>\n<\/ul><\/div>\n<\/p><\/div>\n<\/p><\/div>\n<p> <!-- Diagrama de conexi\u00f3n --> <\/p>\n<div style='margin-bottom: 30px;'>\n<h3 style='font-size: 22px; border-bottom: 2px solid currentColor; padding-bottom: 5px; margin-top: 0; color: inherit; opacity: 0.8;'>Diagrama de conexi\u00f3n<\/h3>\n<div style='margin-top: 15px;'> <img style='width: 100%; height: auto; border: 1px solid rgba(150&comma;150&comma;150&comma;0.3); border-radius: 8px;' src='https:\/\/ftp3.syscom.mx\/usuarios\/fotos\/ACF06\/209076-daisy_chain.png' alt=''> <\/div>\n<\/p><\/div>\n<\/p><\/div>\n","protected":false},"excerpt":{"rendered":"<p>Chapa de Seguridad SmartZone\u2122, Con Lector de Tarjetas de Frecuencia Dual (125 kHz y 13.56 MHz), Teclado de Autenticaci\u00f3n y Sensor de Humedad Integrado<\/p>\n","protected":false},"featured_media":61050,"comment_status":"open","ping_status":"closed","template":"","meta":[],"product_brand":[],"product_cat":[604],"product_tag":[606,445,605],"class_list":{"0":"post-61051","1":"product","2":"type-product","3":"status-publish","4":"has-post-thumbnail","6":"product_cat-accesorios-para-racks-y-gabinetes","7":"product_tag-accesorios-para-racks-y-gabinetes","8":"product_tag-panduit","9":"product_tag-racks-y-gabinetes","11":"first","12":"outofstock","13":"sale","14":"shipping-taxable","15":"purchasable","16":"product-type-simple"},"_links":{"self":[{"href":"https:\/\/soydeaqui.ddns.net\/pachuca\/index.php\/wp-json\/wp\/v2\/product\/61051","targetHints":{"allow":["GET"]}}],"collection":[{"href":"https:\/\/soydeaqui.ddns.net\/pachuca\/index.php\/wp-json\/wp\/v2\/product"}],"about":[{"href":"https:\/\/soydeaqui.ddns.net\/pachuca\/index.php\/wp-json\/wp\/v2\/types\/product"}],"replies":[{"embeddable":true,"href":"https:\/\/soydeaqui.ddns.net\/pachuca\/index.php\/wp-json\/wp\/v2\/comments?post=61051"}],"wp:featuredmedia":[{"embeddable":true,"href":"https:\/\/soydeaqui.ddns.net\/pachuca\/index.php\/wp-json\/wp\/v2\/media\/61050"}],"wp:attachment":[{"href":"https:\/\/soydeaqui.ddns.net\/pachuca\/index.php\/wp-json\/wp\/v2\/media?parent=61051"}],"wp:term":[{"taxonomy":"product_brand","embeddable":true,"href":"https:\/\/soydeaqui.ddns.net\/pachuca\/index.php\/wp-json\/wp\/v2\/product_brand?post=61051"},{"taxonomy":"product_cat","embeddable":true,"href":"https:\/\/soydeaqui.ddns.net\/pachuca\/index.php\/wp-json\/wp\/v2\/product_cat?post=61051"},{"taxonomy":"product_tag","embeddable":true,"href":"https:\/\/soydeaqui.ddns.net\/pachuca\/index.php\/wp-json\/wp\/v2\/product_tag?post=61051"}],"curies":[{"name":"wp","href":"https:\/\/api.w.org\/{rel}","templated":true}]}}