{"id":60975,"date":"2026-03-19T05:52:17","date_gmt":"2026-03-19T05:52:17","guid":{"rendered":"https:\/\/soydeaqui.ddns.net\/pachuca\/index.php\/producto\/radio-portatil-vhf-136-174-mhz-digital-dmr-y-analogico-5-w-incluye-antena-bateria-cargador-y-clip-16-canales-preconfigurados\/"},"modified":"2026-03-19T05:52:27","modified_gmt":"2026-03-19T05:52:27","slug":"radio-portatil-vhf-136-174-mhz-digital-dmr-y-analogico-5-w-incluye-antena-bateria-cargador-y-clip-16-canales-preconfigurados","status":"publish","type":"product","link":"https:\/\/soydeaqui.ddns.net\/pachuca\/index.php\/producto\/radio-portatil-vhf-136-174-mhz-digital-dmr-y-analogico-5-w-incluye-antena-bateria-cargador-y-clip-16-canales-preconfigurados\/","title":{"rendered":"Radio Port\u00e1til VHF 136-174 MHz, Digital DMR y Anal\u00f3gico, 5 W, Incluye antena, bater\u00eda, cargador y clip, 16 canales preconfigurados"},"content":{"rendered":"<div style='width: 100%; max-width: 1200px; margin: 0 auto; font-family: sans-serif; line-height: 1.6; color: inherit; background-color: transparent;'>\n<div style='display: flex; flex-wrap: wrap; gap: 30px; margin-bottom: 30px;'>\n<div style='flex: 1 1 300px; min-width: 280px;'>\n<h3 style='font-size: 22px; border-bottom: 2px solid currentColor; padding-bottom: 5px; margin-top: 0; color: inherit; opacity: 0.8;'>Descripci\u00f3n<\/h3>\n<p style='font-size: 15px; color: inherit; margin-bottom: 15px;'>Este radio es ideal para su uso en entornos de trabajo donde se requiere una comunicaci\u00f3n clara y confiable. El cifrado incorporado garantiza que sus comunicaciones sean seguras y privadas&comma; mientras que la capacidad de dos llamadas simult\u00e1neas en modo digital DMR permite una mayor flexibilidad en la comunicaci\u00f3n.<\/p>\n<\/p><\/div>\n<\/p><\/div>\n<div style='display: flex; flex-wrap: wrap; gap: 30px; margin-bottom: 30px;'>\n<div style='flex: 1 1 100%;'> <img style='width: 100%; height: auto; border: 1px solid rgba(150&comma;150&comma;150&comma;0.3); border-radius: 20px 20px 0 0;' src='https:\/\/ftp3.syscom.mx\/usuarios\/ftp\/single_page\/txpro\/banner-ppal3.jpg' alt='Banner Principal'> <img style='width: 100%; height: auto; border: 1px solid rgba(150&comma;150&comma;150&comma;0.3); border-radius: 0 0 20px 20px;' src='https:\/\/ftp3.syscom.mx\/usuarios\/ftp\/single_page\/txpro\/ap01.jpg' alt='Aplicaci\u00f3n 1'> <\/div>\n<\/p><\/div>\n<div style='display: flex; flex-wrap: wrap; gap: 30px; margin-bottom: 30px;'>\n<div style='flex: 1 1 100%;'> <img style='width: 100%; height: auto; border: 1px solid rgba(150&comma;150&comma;150&comma;0.3); border-radius: 20px;' src='https:\/\/ftp3.syscom.mx\/usuarios\/ftp\/single_page\/txpro\/inv_des01.jpg' alt='Dise\u00f1o'> <\/div>\n<div style='flex: 1 1 100%;'>\n<p style='font-size: 18px; color: inherit; margin-bottom: 20px;'>Los radios TXPRO combinan la tecnolog\u00eda de punta desarrollada a trav\u00e9s de la continua investigaci\u00f3n y desarrollo.<\/p>\n<p style='font-size: 18px; color: inherit; margin-bottom: 20px;'>Al comprar radios TXPRO&comma; usted adquiere productos y soluciones dise\u00f1ados para mejorar su productividad y seguridad por largo tiempo.<\/p>\n<\/p><\/div>\n<\/p><\/div>\n<hr style='border: 0; border-top: 1px solid rgba(150&comma;150&comma;150&comma;0.3); margin: 30px 0;'>\n<div style='display: flex; flex-wrap: wrap; gap: 30px; margin-bottom: 30px;'>\n<div style='flex: 1 1 100%;'>\n<p style='font-size: 24px; color: inherit; margin-bottom: 15px; color: #cf0000;'>EVOLUCIONAMOS CON SU NEGOCIO<\/p>\n<p style='font-size: 15px; color: inherit; margin-bottom: 15px;'>Desde radios anal\u00f3gicos compactos y resistentes como el TX320&comma; TX500 y TX600&comma; hasta los radios digitales TX680 para aprovechar las m\u00faltiples funciones de la tecnolog\u00eda actual&comma; los dispositivos TXPRO acompa\u00f1an su migraci\u00f3n de an\u00e1logo a digital de manera que su negocio crezca cada vez m\u00e1s.<\/p>\n<p> <img style='width: 100%; height: auto; border: 1px solid rgba(150&comma;150&comma;150&comma;0.3); border-radius: 20px;' src='https:\/\/ftp3.syscom.mx\/usuarios\/ftp\/single_page\/txpro\/versiones01.jpg' alt='Versiones'> <\/p>\n<p style='margin-top: 11px; font-size: 18px; color: inherit; background-color: #cf0000; border-radius: 20px; text-align: center; color: white; padding: 11px;'>Radios robustos para todos los requerimientos<\/p>\n<\/p><\/div>\n<\/p><\/div>\n<hr style='border: 0; border-top: 1px solid rgba(150&comma;150&comma;150&comma;0.3); margin: 30px 0;'>\n<div style='display: flex; flex-wrap: wrap; gap: 30px; margin-bottom: 30px;'>\n<div style='flex: 1 1 100%;'> <img style='width: 100%; height: auto; border: 1px solid rgba(150&comma;150&comma;150&comma;0.3); border-radius: 20px 20px 0 0;' src='https:\/\/ftp3.syscom.mx\/usuarios\/ftp\/single_page\/txpro\/ap02.jpg' alt='Aplicaci\u00f3n 2'> <\/div>\n<\/p><\/div>\n<div style='display: flex; flex-wrap: wrap; gap: 30px; margin-bottom: 30px;'>\n<div style='flex: 1 1 100%;'>\n<p style='font-size: 24px; color: inherit; margin-bottom: 15px; color: #cf0000;'>CONECTIVIDAD SIN L\u00cdMITES<\/p>\n<p style='font-size: 15px; color: inherit; margin-bottom: 15px;'>TXPRO le abre un mundo de posibilidades para conectarse en operaciones diarias y de emergencia&comma; gracias a nuestra amplia gama de productos y accesorios podemos satisfacer las necesidades de comunicaci\u00f3n en las condiciones m\u00e1s diversas.<\/p>\n<p> <img style='width: 100%; height: auto; border: 1px solid rgba(150&comma;150&comma;150&comma;0.3); border-radius: 20px;' src='https:\/\/ftp3.syscom.mx\/usuarios\/ftp\/single_page\/txpro\/conectividad01.jpg' alt='Conectividad'> <\/div>\n<\/p><\/div>\n<hr style='border: 0; border-top: 1px solid rgba(150&comma;150&comma;150&comma;0.3); margin: 30px 0;'>\n<div style='display: flex; flex-wrap: wrap; gap: 30px; margin-bottom: 30px;'>\n<div style='flex: 1 1 100%;'>\n<h3 style='font-size: 22px; border-bottom: 2px solid currentColor; padding-bottom: 5px; margin-top: 0; color: inherit; opacity: 0.8;'>Caracter\u00edsticas<\/h3>\n<p style='font-size: 15px; color: inherit; margin-bottom: 15px;'>Excelente radio Digital DMR&comma; para usuarios que buscan migrar a tecnolog\u00eda Digital de una forma sencilla&comma; r\u00e1pida y muy econ\u00f3mica. La serie de radios txPRO cuenta con las funciones escenciales de una comunicaci\u00f3n Digital.<\/p>\n<ul style='padding-left: 20px; font-size: 15px; color: inherit;'>\n<li style='margin-bottom: 5px;'>16 Canales<\/li>\n<li style='margin-bottom: 5px;'>Dual Slot modo directo (Doble llamada en la misma frecuencia)<\/li>\n<li style='margin-bottom: 5px;'>Dual Slot a trav\u00e9s de Repetidor.<\/li>\n<li style='margin-bottom: 5px;'>Monitor Remoto.<\/li>\n<li style='margin-bottom: 5px;'>Llamadas Selectivas: Privada\/Grupo\/Todos los Grupos.<\/li>\n<li style='margin-bottom: 5px;'>Recepci\u00f3n de Stun\/Revive.<\/li>\n<li style='margin-bottom: 5px;'>Password de Lectura\/Escritura.<\/li>\n<li style='margin-bottom: 5px;'>Cifrado para protecci\u00f3n de las Comunicaciones.<\/li>\n<li style='margin-bottom: 5px;'>Funcion Vox.<\/li>\n<li style='margin-bottom: 5px;'>Teclas Programables.<\/li>\n<li style='margin-bottom: 5px;'>Candado de Canal Ocupado.<\/li>\n<li style='margin-bottom: 5px;'><strong>*1-a\u00f1o de garant\u00eda<\/strong><\/li>\n<\/ul><\/div>\n<\/p><\/div>\n<div style='display: flex; flex-wrap: wrap; gap: 30px; margin-bottom: 30px;'>\n<div style='flex: 1 1 100%;'>\n<h3 style='font-size: 22px; border-bottom: 2px solid currentColor; padding-bottom: 5px; margin-top: 0; color: inherit; opacity: 0.8;'>Especificaciones<\/h3>\n<p style='font-size: 15px; color: inherit; margin-bottom: 15px;'>El radio TX680AV funciona en el rango de frecuencias de 136-174 MHz lo cual permite operar en modo simplex (directo) o a trav\u00e9s de un repetidor&comma; ya sea en protocolo anal\u00f3gico FM o Digital DMR.<\/p>\n<ul style='padding-left: 20px; font-size: 15px; color: inherit;'>\n<li style='margin-bottom: 5px;'><strong>El equipo incluye:<\/strong> bater\u00eda&comma; cargador&comma; antena y clip para sujetarlo al cintur\u00f3n<\/li>\n<li style='margin-bottom: 5px;'><strong>Dimensiones:<\/strong> 141 x 65 x 36 mm sin antena<\/li>\n<li style='margin-bottom: 5px;'><strong>Peso:<\/strong> 270 g con bater\u00eda y sin antena<\/li>\n<li style='margin-bottom: 5px;'>Requiere software de programaci\u00f3n as\u00ed como cable de programaci\u00f3n no incluido con el equipo.<\/li>\n<li style='margin-bottom: 5px;'><strong>Programadores recomendados:<\/strong><\/li>\n<\/ul>\n<ul style='padding-left: 40px; font-size: 15px; color: inherit;'>\n<li style='margin-bottom: 5px;'>KPG22UM<\/li>\n<li style='margin-bottom: 5px;'>SPUPLUS<\/li>\n<li style='margin-bottom: 5px;'>W13K<\/li>\n<\/ul><\/div>\n<\/p><\/div>\n<div style='display: flex; flex-wrap: wrap; gap: 30px; margin-bottom: 30px;'>\n<div style='flex: 1 1 100%;'>\n<h3 style='font-size: 22px; border-bottom: 2px solid currentColor; padding-bottom: 5px; margin-top: 0; color: inherit; opacity: 0.8;'>Videos<\/h3>\n<div style='position: relative; padding-bottom: 56.25%; height: 0; overflow: hidden; margin-bottom: 30px;'>   <\/div>\n<div style='position: relative; padding-bottom: 56.25%; height: 0; overflow: hidden; margin-bottom: 30px;'>   <\/div>\n<div style='position: relative; padding-bottom: 56.25%; height: 0; overflow: hidden; margin-bottom: 30px;'>   <\/div>\n<\/p><\/div>\n<\/p><\/div>\n<div style='display: flex; flex-wrap: wrap; gap: 30px; margin-bottom: 30px;'>\n<div style='flex: 1 1 100%;'> <img style='width: 200px; height: auto; border: 1px solid rgba(150&comma;150&comma;150&comma;0.3);' src='https:\/\/ftp3.syscom.mx\/usuarios\/fotos\/logotipos\/txpro.png' alt='Logo TXPRO'> <\/div>\n<\/p><\/div>\n<\/p><\/div>\n","protected":false},"excerpt":{"rendered":"<p>Radio Port\u00e1til VHF 136-174 MHz, Digital DMR y Anal\u00f3gico, 5 W, Incluye antena, bater\u00eda, cargador y clip, 16 canales preconfigurados<\/p>\n","protected":false},"featured_media":60974,"comment_status":"open","ping_status":"closed","template":"","meta":[],"product_brand":[],"product_cat":[1555],"product_tag":[1556,1557,560],"class_list":{"0":"post-60975","1":"product","2":"type-product","3":"status-publish","4":"has-post-thumbnail","6":"product_cat-radios-portatiles-vhf-uhf","7":"product_tag-radios-comerciales-txpro","8":"product_tag-radios-portatiles-vhf-uhf","9":"product_tag-txpro","11":"first","12":"outofstock","13":"sale","14":"shipping-taxable","15":"purchasable","16":"product-type-simple"},"_links":{"self":[{"href":"https:\/\/soydeaqui.ddns.net\/pachuca\/index.php\/wp-json\/wp\/v2\/product\/60975","targetHints":{"allow":["GET"]}}],"collection":[{"href":"https:\/\/soydeaqui.ddns.net\/pachuca\/index.php\/wp-json\/wp\/v2\/product"}],"about":[{"href":"https:\/\/soydeaqui.ddns.net\/pachuca\/index.php\/wp-json\/wp\/v2\/types\/product"}],"replies":[{"embeddable":true,"href":"https:\/\/soydeaqui.ddns.net\/pachuca\/index.php\/wp-json\/wp\/v2\/comments?post=60975"}],"wp:featuredmedia":[{"embeddable":true,"href":"https:\/\/soydeaqui.ddns.net\/pachuca\/index.php\/wp-json\/wp\/v2\/media\/60974"}],"wp:attachment":[{"href":"https:\/\/soydeaqui.ddns.net\/pachuca\/index.php\/wp-json\/wp\/v2\/media?parent=60975"}],"wp:term":[{"taxonomy":"product_brand","embeddable":true,"href":"https:\/\/soydeaqui.ddns.net\/pachuca\/index.php\/wp-json\/wp\/v2\/product_brand?post=60975"},{"taxonomy":"product_cat","embeddable":true,"href":"https:\/\/soydeaqui.ddns.net\/pachuca\/index.php\/wp-json\/wp\/v2\/product_cat?post=60975"},{"taxonomy":"product_tag","embeddable":true,"href":"https:\/\/soydeaqui.ddns.net\/pachuca\/index.php\/wp-json\/wp\/v2\/product_tag?post=60975"}],"curies":[{"name":"wp","href":"https:\/\/api.w.org\/{rel}","templated":true}]}}