{"id":60963,"date":"2026-03-19T05:51:51","date_gmt":"2026-03-19T05:51:51","guid":{"rendered":"https:\/\/soydeaqui.ddns.net\/pachuca\/index.php\/producto\/repetidor-vhf-136-174-mhz-50w-protocolo-dmr-para-doble-llamada\/"},"modified":"2026-03-19T05:52:00","modified_gmt":"2026-03-19T05:52:00","slug":"repetidor-vhf-136-174-mhz-50w-protocolo-dmr-para-doble-llamada","status":"publish","type":"product","link":"https:\/\/soydeaqui.ddns.net\/pachuca\/index.php\/producto\/repetidor-vhf-136-174-mhz-50w-protocolo-dmr-para-doble-llamada\/","title":{"rendered":"Repetidor VHF 136-174 MHz, 50W, protocolo DMR para doble llamada"},"content":{"rendered":"<div style='width: 100%; max-width: 1200px; margin: 0 auto; font-family: sans-serif; line-height: 1.6; color: inherit; background-color: transparent;'>\n<div style='display: flex; flex-wrap: wrap; gap: 30px; margin-bottom: 30px;'>\n<div style='flex: 1 1 300px; min-width: 280px;'>\n<h3 style='font-size: 22px; border-bottom: 2px solid currentColor; padding-bottom: 5px; margin-top: 0; color: inherit; opacity: 0.8;'>Caracter\u00edsticas Principales<\/h3>\n<p style='font-size: 15px; color: inherit; text-align: justify;'>El repetidor TXR8500V es un equipo de comunicaci\u00f3n digital de alta calidad y f\u00e1cil implementaci\u00f3n. Una de sus principales ventajas es que incluye una fuente de alimentaci\u00f3n o bien cuenta con un conector para una fuente de 13.8 V de corriente directa&comma; lo que lo hace m\u00e1s conveniente y f\u00e1cil de instalar en cualquier entorno de comunicaci\u00f3n. Adem\u00e1s&comma; el TXR8500V utiliza el protocolo DMR&comma; lo que garantiza una transmisi\u00f3n clara y estable de voz y datos.<\/p>\n<p style='font-size: 15px; color: inherit; text-align: justify;'>Este repetidor tambi\u00e9n se destaca por su precio asequible en comparaci\u00f3n con otros equipos similares en el mercado. Adem\u00e1s&comma; es muy f\u00e1cil de usar y configurar&comma; lo que lo hace ideal para usuarios principiantes.<\/p>\n<p style='font-size: 15px; color: inherit; text-align: justify;'>Otras caracter\u00edsticas destacadas del TXR8500V incluyen una excelente calidad de audio&comma; una amplia gama de frecuencias de operaci\u00f3n y una interfaz de usuario intuitiva y f\u00e1cil de entender. Adem\u00e1s&comma; este repetidor es compatible con una amplia gama de equipos de radio digitales DMR por lo que puede ser integrado en una variedad de sistemas de comunicaci\u00f3n.<\/p>\n<p style='font-size: 15px; color: inherit; text-align: justify;'>En resumen&comma; el repetidor TXR8500V es una excelente opci\u00f3n para cualquier persona que busque un equipo de comunicaci\u00f3n digital de alta calidad y f\u00e1cil de usar. Su precio asequible&comma; fuente de alimentaci\u00f3n incluida&comma; protocolo DMR y facilidad de implementaci\u00f3n lo convierten en una inversi\u00f3n inteligente en comparaci\u00f3n con otras marcas en el mercado.<\/p>\n<p style='font-size: 15px; color: inherit; text-align: justify;'>Aseg\u00farese de tener seleccionado el voltaje de operaci\u00f3n correcto<\/p>\n<\/p><\/div>\n<\/p><\/div>\n<div style='display: flex; flex-wrap: wrap; gap: 30px; margin-bottom: 30px;'>\n<div style='flex: 1 1 300px; min-width: 280px;'>\n<h3 style='font-size: 22px; border-bottom: 2px solid currentColor; padding-bottom: 5px; margin-top: 0; color: inherit; opacity: 0.8;'>Caracter\u00edsticas T\u00e9cnicas<\/h3>\n<ul style='padding-left: 20px; font-size: 15px; color: inherit;'>\n<li style='margin-bottom: 5px;'>Disipador de calor integrado y ventilador en panel posterior<\/li>\n<li style='margin-bottom: 5px;'>Detecci\u00f3n inteligente de se\u00f1ales anal\u00f3gicas y digitales en un solo canal<\/li>\n<li style='margin-bottom: 5px;'>Comparta un canal con varios grupos<\/li>\n<li style='margin-bottom: 5px;'>LED indicador brillante y claro<\/li>\n<li style='margin-bottom: 5px;'>Protecci\u00f3n autom\u00e1tica de voltaje y temperatura<\/li>\n<li style='margin-bottom: 5px;'>Calidad de audio mejorada<\/li>\n<li style='margin-bottom: 5px;'>Compatible con Duplexer<\/li>\n<\/ul><\/div>\n<div style='flex: 1 1 300px; min-width: 280px;'>\n<h3 style='font-size: 22px; border-bottom: 2px solid currentColor; padding-bottom: 5px; margin-top: 0; color: inherit; opacity: 0.8;'>Especificaciones<\/h3>\n<ul style='padding-left: 20px; font-size: 15px; color: inherit;'>\n<li style='margin-bottom: 5px;'><strong>Modelo:<\/strong> TXR8500V<\/li>\n<li style='margin-bottom: 5px;'><strong>Rango de frecuencia:<\/strong> 136 &#8211; 174 MHz<\/li>\n<li style='margin-bottom: 5px;'><strong>Cantidad de canales:<\/strong> 100<\/li>\n<li style='margin-bottom: 5px;'><strong>Estabilidad de frecuencia:<\/strong> 2.5 ppm<\/li>\n<li style='margin-bottom: 5px;'><strong>Temperatura de operaci\u00f3n:<\/strong> -30 a 60 \u00baC<\/li>\n<li style='margin-bottom: 5px;'><strong>Voltaje de operaci\u00f3n:<\/strong> 220 V\/ 110 Vac \u00b1 15%<\/li>\n<li style='margin-bottom: 5px;'><strong>Dimensiones:<\/strong> 133 x 483 x 330 mm<\/li>\n<li style='margin-bottom: 5px;'><strong>Peso:<\/strong> 14 kg<\/li>\n<\/ul><\/div>\n<div style='flex: 1 1 300px; min-width: 280px;'>\n<h3 style='font-size: 22px; border-bottom: 2px solid currentColor; padding-bottom: 5px; margin-top: 0; color: inherit; opacity: 0.8;'>Recepci\u00f3n<\/h3>\n<ul style='padding-left: 20px; font-size: 15px; color: inherit;'>\n<li style='margin-bottom: 5px;'><strong>Referencia de sensibilidad (Anal\u00f3gico):<\/strong> 0.25 uV @ 12dB SINAD<\/li>\n<li style='margin-bottom: 5px;'><strong>Selectividad en canal adyacente:<\/strong> 60 dB @ 12.5 kHz \/ 70 dB @ 25 kHz<\/li>\n<li style='margin-bottom: 5px;'><strong>Sensibilidad de referencia digital:<\/strong> 0.22 uV\/-120 dBm \/ 0.35 uV\/120 dBm<\/li>\n<li style='margin-bottom: 5px;'><strong>Respuesta espuria rechazo:<\/strong> \u226570 dB<\/li>\n<li style='margin-bottom: 5px;'><strong>Salida de audio nominal:<\/strong> +1 ~ -3 dB<\/li>\n<li style='margin-bottom: 5px;'><strong>Distorsi\u00f3n de audio nominal:<\/strong> < 5%<\/li>\n<li style='margin-bottom: 5px;'><strong>Ruido en FM:<\/strong> >45 dB@25 kHz \/ \u22654 dB kHz @12.5 kHz<\/li>\n<\/ul><\/div>\n<div style='flex: 1 1 300px; min-width: 280px;'>\n<h3 style='font-size: 22px; border-bottom: 2px solid currentColor; padding-bottom: 5px; margin-top: 0; color: inherit; opacity: 0.8;'>Transmisi\u00f3n<\/h3>\n<ul style='padding-left: 20px; font-size: 15px; color: inherit;'>\n<li style='margin-bottom: 5px;'><strong>Potencia de salida:<\/strong> 50 W<\/li>\n<li style='margin-bottom: 5px;'><strong>Impedancia de antena:<\/strong> 50\u03a9<\/li>\n<li style='margin-bottom: 5px;'><strong>Emisi\u00f3n espuria radiada:<\/strong> 36 dBm < 1 GHz \/ -30 dBm < 1 GHz<\/li>\n<li style='margin-bottom: 5px;'><strong>Ruido en FM:<\/strong> 45 dB@25 kHz \/ 40 dB@12.5 kHz<\/li>\n<li style='margin-bottom: 5px;'><strong>Distorsi\u00f3n de modulaci\u00f3n:<\/strong> < 5%<\/li>\n<li style='margin-bottom: 5px;'><strong>Protocolo digital:<\/strong> ETSI-TS120 361-1&comma; -2&comma; -3<\/li>\n<li style='margin-bottom: 5px;'><strong>Modulaci\u00f3n de frecuencia:<\/strong> 16kf 3E (an\u00e1logo) \/ 4FSK (digital)<\/li>\n<li style='margin-bottom: 5px;'><strong>Limitaci\u00f3n de modulaci\u00f3n:<\/strong> \u00b1 2.5 kHz@12.5 kHz \/ \u00b15 kHz@25 kHz<\/li>\n<\/ul><\/div>\n<\/p><\/div>\n<div style='display: flex; flex-wrap: wrap; gap: 30px; margin-bottom: 30px;'>\n<div style='flex: 1 1 300px; min-width: 280px;'>\n<h3 style='font-size: 22px; border-bottom: 2px solid currentColor; padding-bottom: 5px; margin-top: 0; color: inherit; opacity: 0.8;'>Im\u00e1genes<\/h3>\n<div style='display: grid; grid-template-columns: repeat(auto-fill&comma; minmax(280px&comma; 1fr)); gap: 15px;'> <img style='width: 100%; height: auto; border: 1px solid rgba(150&comma;150&comma;150&comma;0.3); border-radius: 8px;' src='https:\/\/ftp3.syscom.mx\/usuarios\/mhernandez\/txPRO%20TYT\/TXR8500\/Cobertura.PNG' alt=''> <img style='width: 100%; height: auto; border: 1px solid rgba(150&comma;150&comma;150&comma;0.3); border-radius: 8px;' src='https:\/\/ftp3.syscom.mx\/usuarios\/mhernandez\/txPRO%20TYT\/TXR8500\/Frente%20diplay.PNG' alt=''> <img style='width: 100%; height: auto; border: 1px solid rgba(150&comma;150&comma;150&comma;0.3); border-radius: 8px;' src='https:\/\/ftp3.syscom.mx\/usuarios\/mhernandez\/txPRO%20TYT\/TXR8500\/Programador%20y%20disco.PNG' alt=''> <img style='width: 100%; height: auto; border: 1px solid rgba(150&comma;150&comma;150&comma;0.3); border-radius: 8px;' src='https:\/\/ftp3.syscom.mx\/usuarios\/mhernandez\/txPRO%20TYT\/TXR8500\/Capture1.PNG' alt=''> <img style='width: 100%; height: auto; border: 1px solid rgba(150&comma;150&comma;150&comma;0.3); border-radius: 8px;' src='https:\/\/ftp3.syscom.mx\/usuarios\/mhernandez\/txPRO%20TYT\/TXR8500\/Conector%20para%20fuente%20de%2013.8.PNG' alt=''> <img style='width: 100%; height: auto; border: 1px solid rgba(150&comma;150&comma;150&comma;0.3); border-radius: 8px;' src='https:\/\/ftp3.syscom.mx\/usuarios\/mhernandez\/txPRO%20TYT\/TXR8500\/Etiqueta%20Voltaje%203.PNG' alt=''> <\/div>\n<\/p><\/div>\n<\/p><\/div>\n<div style='display: flex; flex-wrap: wrap; gap: 30px; margin-bottom: 30px;'>\n<div style='flex: 1 1 300px; min-width: 280px;'>\n<h3 style='font-size: 22px; border-bottom: 2px solid currentColor; padding-bottom: 5px; margin-top: 0; color: inherit; opacity: 0.8;'>Video<\/h3>\n<div style='position: relative; padding-bottom: 56.25%; height: 0; overflow: hidden; margin-bottom: 30px;'>   <\/div>\n<\/p><\/div>\n<\/p><\/div>\n<div style='display: flex; flex-wrap: wrap; gap: 30px; margin-bottom: 30px;'>\n<div style='flex: 1 1 300px; min-width: 280px;'>\n<h3 style='font-size: 22px; border-bottom: 2px solid currentColor; padding-bottom: 5px; margin-top: 0; color: inherit; opacity: 0.8;'>Garant\u00eda<\/h3>\n<p style='font-size: 15px; color: inherit; margin-top: 0;'><strong>*3 A\u00f1os de garant\u00eda<\/strong><\/p>\n<\/p><\/div>\n<\/p><\/div>\n<\/p><\/div>\n","protected":false},"excerpt":{"rendered":"<p>Repetidor VHF 136-174 MHz, 50W, protocolo DMR para doble llamada<\/p>\n","protected":false},"featured_media":60962,"comment_status":"open","ping_status":"closed","template":"","meta":[],"product_brand":[],"product_cat":[1775],"product_tag":[1556,1776,560],"class_list":{"0":"post-60963","1":"product","2":"type-product","3":"status-publish","4":"has-post-thumbnail","6":"product_cat-repetidores-vhf-uhf","7":"product_tag-radios-comerciales-txpro","8":"product_tag-repetidores-vhf-uhf","9":"product_tag-txpro","11":"first","12":"instock","13":"sale","14":"shipping-taxable","15":"purchasable","16":"product-type-simple"},"_links":{"self":[{"href":"https:\/\/soydeaqui.ddns.net\/pachuca\/index.php\/wp-json\/wp\/v2\/product\/60963","targetHints":{"allow":["GET"]}}],"collection":[{"href":"https:\/\/soydeaqui.ddns.net\/pachuca\/index.php\/wp-json\/wp\/v2\/product"}],"about":[{"href":"https:\/\/soydeaqui.ddns.net\/pachuca\/index.php\/wp-json\/wp\/v2\/types\/product"}],"replies":[{"embeddable":true,"href":"https:\/\/soydeaqui.ddns.net\/pachuca\/index.php\/wp-json\/wp\/v2\/comments?post=60963"}],"wp:featuredmedia":[{"embeddable":true,"href":"https:\/\/soydeaqui.ddns.net\/pachuca\/index.php\/wp-json\/wp\/v2\/media\/60962"}],"wp:attachment":[{"href":"https:\/\/soydeaqui.ddns.net\/pachuca\/index.php\/wp-json\/wp\/v2\/media?parent=60963"}],"wp:term":[{"taxonomy":"product_brand","embeddable":true,"href":"https:\/\/soydeaqui.ddns.net\/pachuca\/index.php\/wp-json\/wp\/v2\/product_brand?post=60963"},{"taxonomy":"product_cat","embeddable":true,"href":"https:\/\/soydeaqui.ddns.net\/pachuca\/index.php\/wp-json\/wp\/v2\/product_cat?post=60963"},{"taxonomy":"product_tag","embeddable":true,"href":"https:\/\/soydeaqui.ddns.net\/pachuca\/index.php\/wp-json\/wp\/v2\/product_tag?post=60963"}],"curies":[{"name":"wp","href":"https:\/\/api.w.org\/{rel}","templated":true}]}}