{"id":60848,"date":"2026-03-19T05:48:02","date_gmt":"2026-03-19T05:48:02","guid":{"rendered":"https:\/\/soydeaqui.ddns.net\/pachuca\/index.php\/producto\/barra-para-aliviar-tension-o-peso-atras-de-patch-panel-para-24-cables-con-clips-ajustables-color-negro\/"},"modified":"2026-03-19T05:48:03","modified_gmt":"2026-03-19T05:48:03","slug":"barra-para-aliviar-tension-o-peso-atras-de-patch-panel-para-24-cables-con-clips-ajustables-color-negro","status":"publish","type":"product","link":"https:\/\/soydeaqui.ddns.net\/pachuca\/index.php\/producto\/barra-para-aliviar-tension-o-peso-atras-de-patch-panel-para-24-cables-con-clips-ajustables-color-negro\/","title":{"rendered":"Barra para Aliviar Tensi\u00f3n o Peso Atr\u00e1s de Patch Panel, Para 24 Cables, Con Clips Ajustables, Color Negro"},"content":{"rendered":"<div style='width: 100%; max-width: 1200px; margin: 0 auto; font-family: sans-serif; line-height: 1.6; color: inherit; background-color: transparent;'> <!-- Secci\u00f3n de descripci\u00f3n general --> <\/p>\n<div style='margin-bottom: 30px;'>\n<h2 style='font-size: 20px; border-bottom: 2px solid currentColor; padding-bottom: 5px; margin-top: 0; color: inherit; opacity: 0.8;'>Descripci\u00f3n General<\/h2>\n<p style='font-size: 15px; color: inherit; margin-bottom: 15px;'>Las barras de protecci\u00f3n contra tirones consisten en una barra de metal que se instala en la parte trasera de un rack est\u00e1ndar EIA de 19&#8242; para soportar un m\u00ednimo de 24 cables que salen de la parte trasera de un panel de conexiones. Los cables se aseguran con clips ajustables integrados o tiras de velcro. Los soportes de liberaci\u00f3n r\u00e1pida opcionales proporcionan una manera f\u00e1cil de quitar la barra de alivio de tensi\u00f3n sin el uso de herramientas.<\/p>\n<\/p><\/div>\n<p> <!-- Secci\u00f3n de caracter\u00edsticas principales --> <\/p>\n<div style='margin-bottom: 30px;'>\n<h3 style='font-size: 18px; border-bottom: 2px solid currentColor; padding-bottom: 5px; margin-top: 0; color: inherit; opacity: 0.8;'>Caracter\u00edsticas Principales<\/h3>\n<ul style='padding-left: 20px; font-size: 15px; color: inherit; list-style-type: disc;'>\n<li style='margin-bottom: 5px;'>Capacidad m\u00ednima para soportar 24 cables traseros<\/li>\n<li style='margin-bottom: 5px;'>Compatible con racks est\u00e1ndar EIA de 19 pulgadas<\/li>\n<li style='margin-bottom: 5px;'>Clips ajustables o velcro para asegurar cables<\/li>\n<li style='margin-bottom: 5px;'>Soportes de liberaci\u00f3n r\u00e1pida sin herramientas<\/li>\n<li style='margin-bottom: 5px;'>Cumple con la normativa RoHS internacional<\/li>\n<\/ul><\/div>\n<p> <!-- Secci\u00f3n de especificaciones t\u00e9cnicas --> <\/p>\n<div style='margin-bottom: 30px;'>\n<h3 style='font-size: 18px; border-bottom: 2px solid currentColor; padding-bottom: 5px; margin-top: 0; color: inherit; opacity: 0.8;'>Especificaciones T\u00e9cnicas<\/h3>\n<ul style='padding-left: 20px; font-size: 15px; color: inherit; list-style-type: disc;'>\n<li style='margin-bottom: 5px;'><strong>Ancho total (pulg.):<\/strong> 19.04<\/li>\n<li style='margin-bottom: 5px;'><strong>Ancho total (mm):<\/strong> 483.6<\/li>\n<li style='margin-bottom: 5px;'><strong>Profundidad total (pulg.):<\/strong> 2.39<\/li>\n<li style='margin-bottom: 5px;'><strong>Profundidad total (mm):<\/strong> 60.7<\/li>\n<li style='margin-bottom: 5px;'><strong>Altura total (pulg.):<\/strong> 1.72<\/li>\n<li style='margin-bottom: 5px;'><strong>Altura total (mm):<\/strong> 43.7<\/li>\n<li style='margin-bottom: 5px;'><strong>Longitud total (pulg.):<\/strong> 3.56<\/li>\n<li style='margin-bottom: 5px;'><strong>Longitud total (mm):<\/strong> 90.4<\/li>\n<li style='margin-bottom: 5px;'><strong>Para usar con:<\/strong> Paneles de conexi\u00f3n<\/li>\n<li style='margin-bottom: 5px;'><strong>Cumplimiento:<\/strong> RoHS<\/li>\n<li style='margin-bottom: 5px;'><strong>N\u00famero de unidades de rack:<\/strong> 1<\/li>\n<\/ul><\/div>\n<p> <!-- Secci\u00f3n de beneficios y aplicaciones --> <\/p>\n<div style='margin-bottom: 30px;'>\n<h3 style='font-size: 18px; border-bottom: 2px solid currentColor; padding-bottom: 5px; margin-top: 0; color: inherit; opacity: 0.8;'>Beneficios y Aplicaciones<\/h3>\n<ul style='padding-left: 20px; font-size: 15px; color: inherit; list-style-type: disc;'>\n<li style='margin-bottom: 5px;'>Compatibilidad con todos los paneles de conexi\u00f3n<\/li>\n<li style='margin-bottom: 5px;'>Soportes de liberaci\u00f3n r\u00e1pida permiten remover y reinstalar las barras sin herramientas<\/li>\n<li style='margin-bottom: 5px;'>Barras de alivio profundo ofrecen soporte adicional para cables pesados (extensiones de 5&#8242;-7&#8242;)<\/li>\n<li style='margin-bottom: 5px;'>Remoci\u00f3n r\u00e1pida: Seleccionar barras pueden ser f\u00e1cilmente removidas para acceso a conexiones<\/li>\n<li style='margin-bottom: 5px;'>Clips ajustables integrados: 12 clips proporcionan gesti\u00f3n mejorada de cables<\/li>\n<li style='margin-bottom: 5px;'>Dise\u00f1adas para salas de telecomunicaciones y aplicaciones que requieren soporte&comma; organizaci\u00f3n y seguridad de cables pesados<\/li>\n<li style='margin-bottom: 5px;'>Cada barra ocupa entre 1\/3 y 2\/3 de un espacio de rack<\/li>\n<li style='margin-bottom: 5px;'>Compatibilidad con extensiones para racks de 23&#8242;<\/li>\n<\/ul><\/div>\n<p> <!-- Secci\u00f3n de opciones y compatibilidad --> <\/p>\n<div style='margin-bottom: 30px;'>\n<h3 style='font-size: 18px; border-bottom: 2px solid currentColor; padding-bottom: 5px; margin-top: 0; color: inherit; opacity: 0.8;'>Opciones y Compatibilidad<\/h3>\n<ul style='padding-left: 20px; font-size: 15px; color: inherit; list-style-type: disc;'>\n<li style='margin-bottom: 5px;'>Opciones de montaje: Todas las barras se montan en racks est\u00e1ndar EIA de 19&#8242; o racks de 23&#8242; con soporte extensor opcional<\/li>\n<li style='margin-bottom: 5px;'>Opciones de productos relacionados:\n<ul style='padding-left: 25px; margin-top: 5px; margin-bottom: 10px; list-style-type: circle;'>\n<li style='margin-bottom: 5px;'>Con clips: SRBWCY<\/li>\n<li style='margin-bottom: 5px;'>Con montaje integrado: SRBM19BLY<\/li>\n<li style='margin-bottom: 5px;'>Opci\u00f3n de montaje offset: 2&#8242; offset (SRB19BLY)&comma; 5&#8242; offset (SRB19D5BL)&comma; 7&#8242; offset (SRB19D7BL)<\/li>\n<li style='margin-bottom: 5px;'>Soportes de liberaci\u00f3n r\u00e1pida (2 unidades): SRBBRKT<\/li>\n<\/ul>\n<\/li>\n<\/ul><\/div>\n<p> <!-- Separador --> <\/p>\n<hr style='border: 0; border-top: 1px solid rgba(150&comma; 150&comma; 150&comma; 0.3); margin: 30px 0;'> <\/div>\n","protected":false},"excerpt":{"rendered":"<p>Barra para Aliviar Tensi\u00f3n o Peso Atr\u00e1s de Patch Panel, Para 24 Cables, Con Clips Ajustables, Color Negro<\/p>\n","protected":false},"featured_media":60847,"comment_status":"open","ping_status":"closed","template":"","meta":[],"product_brand":[],"product_cat":[604],"product_tag":[606,445,605],"class_list":{"0":"post-60848","1":"product","2":"type-product","3":"status-publish","4":"has-post-thumbnail","6":"product_cat-accesorios-para-racks-y-gabinetes","7":"product_tag-accesorios-para-racks-y-gabinetes","8":"product_tag-panduit","9":"product_tag-racks-y-gabinetes","11":"first","12":"instock","13":"sale","14":"shipping-taxable","15":"purchasable","16":"product-type-simple"},"_links":{"self":[{"href":"https:\/\/soydeaqui.ddns.net\/pachuca\/index.php\/wp-json\/wp\/v2\/product\/60848","targetHints":{"allow":["GET"]}}],"collection":[{"href":"https:\/\/soydeaqui.ddns.net\/pachuca\/index.php\/wp-json\/wp\/v2\/product"}],"about":[{"href":"https:\/\/soydeaqui.ddns.net\/pachuca\/index.php\/wp-json\/wp\/v2\/types\/product"}],"replies":[{"embeddable":true,"href":"https:\/\/soydeaqui.ddns.net\/pachuca\/index.php\/wp-json\/wp\/v2\/comments?post=60848"}],"wp:featuredmedia":[{"embeddable":true,"href":"https:\/\/soydeaqui.ddns.net\/pachuca\/index.php\/wp-json\/wp\/v2\/media\/60847"}],"wp:attachment":[{"href":"https:\/\/soydeaqui.ddns.net\/pachuca\/index.php\/wp-json\/wp\/v2\/media?parent=60848"}],"wp:term":[{"taxonomy":"product_brand","embeddable":true,"href":"https:\/\/soydeaqui.ddns.net\/pachuca\/index.php\/wp-json\/wp\/v2\/product_brand?post=60848"},{"taxonomy":"product_cat","embeddable":true,"href":"https:\/\/soydeaqui.ddns.net\/pachuca\/index.php\/wp-json\/wp\/v2\/product_cat?post=60848"},{"taxonomy":"product_tag","embeddable":true,"href":"https:\/\/soydeaqui.ddns.net\/pachuca\/index.php\/wp-json\/wp\/v2\/product_tag?post=60848"}],"curies":[{"name":"wp","href":"https:\/\/api.w.org\/{rel}","templated":true}]}}