{"id":6043,"date":"2026-03-18T06:38:29","date_gmt":"2026-03-18T06:38:29","guid":{"rendered":"https:\/\/soydeaqui.ddns.net\/pachuca\/index.php\/producto\/kit-de-receptor-y-sensores-inalambricos-para-panel-vista-magneticos-y-de-movimiento-mas-control-remoto\/"},"modified":"2026-03-18T06:38:30","modified_gmt":"2026-03-18T06:38:30","slug":"kit-de-receptor-y-sensores-inalambricos-para-panel-vista-magneticos-y-de-movimiento-mas-control-remoto","status":"publish","type":"product","link":"https:\/\/soydeaqui.ddns.net\/pachuca\/index.php\/producto\/kit-de-receptor-y-sensores-inalambricos-para-panel-vista-magneticos-y-de-movimiento-mas-control-remoto\/","title":{"rendered":"Kit de Receptor y Sensores Inal\u00e1mbricos Para Panel Vista. Magn\u00e9ticos y de Movimiento mas Control Remoto"},"content":{"rendered":"<div style='width: 100%; max-width: 1200px; margin: 0 auto; font-family: sans-serif; line-height: 1.6; color: inherit; background-color: transparent;'>\n<div style='display: flex; flex-wrap: wrap; gap: 30px; margin-bottom: 30px;'>\n<div style='flex: 1 1 300px; min-width: 280px;'>\n<h3 style='font-size: 22px; border-bottom: 2px solid currentColor; padding-bottom: 5px; margin-top: 0; color: inherit; opacity: 0.8;'>Incluye<\/h3>\n<ul style='padding-left: 20px; font-size: 15px; color: inherit;'>\n<li style='margin-bottom: 5px;'>1 Receptor 5881 ENH<\/li>\n<li style='margin-bottom: 5px;'>2 Contactos magn\u00e9ticos 5816<\/li>\n<li style='margin-bottom: 5px;'>2 Contactos magn\u00e9ticos con im\u00e1n SF2031<\/li>\n<li style='margin-bottom: 5px;'>1 Detector de movimiento 5800 PIR<\/li>\n<li style='margin-bottom: 5px;'>1 Control remoto 5834-4<\/li>\n<\/ul><\/div>\n<\/p><\/div>\n<div style='display: flex; flex-wrap: wrap; gap: 20px; margin-bottom: 30px;'>\n<div style='flex: 1 1 250px; border: 1px solid rgba(150&comma; 150&comma; 150&comma; 0.4); border-radius: 8px; overflow: hidden; display: flex; flex-direction: column;'>\n<div style='padding: 15px; border-bottom: 1px solid rgba(150&comma; 150&comma; 150&comma; 0.2); font-weight: bold; font-size: 18px; color: inherit;'>Caracter\u00edsticas<\/div>\n<div style='padding: 15px; color: inherit;'>\n<ul style='padding-left: 20px; margin: 0; font-size: 14px; list-style-type: disc;'>\n<li style='margin-bottom: 5px;'>Receptor ilimitado de zonas<\/li>\n<li style='margin-bottom: 5px;'>Contactos magn\u00e9ticos 518LA<\/li>\n<li style='margin-bottom: 5px;'>Instrucciones en espa\u00f1ol<\/li>\n<li style='margin-bottom: 5px;'>Transmisor de 2 zonas<\/li>\n<\/ul><\/div>\n<\/p><\/div>\n<div style='flex: 1 1 250px; border: 1px solid rgba(150&comma; 150&comma; 150&comma; 0.4); border-radius: 8px; overflow: hidden; display: flex; flex-direction: column;'>\n<div style='padding: 15px; border-bottom: 1px solid rgba(150&comma; 150&comma; 150&comma; 0.2); font-weight: bold; font-size: 18px; color: inherit;'>Detector de Movimiento<\/div>\n<div style='padding: 15px; color: inherit;'>\n<ul style='padding-left: 20px; margin: 0; font-size: 14px; list-style-type: disc;'>\n<li style='margin-bottom: 5px;'>Tecnolog\u00eda 5800PIR<\/li>\n<li style='margin-bottom: 5px;'>Funci\u00f3n de ahorro de pila<\/li>\n<li style='margin-bottom: 5px;'>Detecci\u00f3n de temperatura<\/li>\n<li style='margin-bottom: 5px;'>Ajuste de respuesta r\u00e1pida<\/li>\n<li style='margin-bottom: 5px;'>Exclusi\u00f3n de mascotas<\/li>\n<\/ul><\/div>\n<\/p><\/div>\n<div style='flex: 1 1 250px; border: 1px solid rgba(150&comma; 150&comma; 150&comma; 0.4); border-radius: 8px; overflow: hidden; display: flex; flex-direction: column;'>\n<div style='padding: 15px; border-bottom: 1px solid rgba(150&comma; 150&comma; 150&comma; 0.2); font-weight: bold; font-size: 18px; color: inherit;'>Control Remoto<\/div>\n<div style='padding: 15px; color: inherit;'>\n<ul style='padding-left: 20px; margin: 0; font-size: 14px; list-style-type: disc;'>\n<li style='margin-bottom: 5px;'>4 botones<\/li>\n<li style='margin-bottom: 5px;'>Nuevo estilo<\/li>\n<li style='margin-bottom: 5px;'>LED de notificaci\u00f3n de transmisi\u00f3n<\/li>\n<\/ul><\/div>\n<\/p><\/div>\n<\/p><\/div>\n<div style='margin: 30px 0;'> <img style='width: 100%; height: auto; border: 1px solid rgba(150&comma;150&comma;150&comma;0.3); border-radius: 8px;' src='https:\/\/gallery.mailchimp.com\/2b3e9128678b450bb748bf973\/images\/kit_honeywell.jpg' alt='Kit Honeywell Home Resideo KITRFHII'> <\/div>\n<div style='margin-top: 30px; padding: 20px; border: 1px solid rgba(150&comma; 150&comma; 150&comma; 0.3); border-radius: 8px; background-color: rgba(255&comma; 255&comma; 255&comma; 0.02);'>\n<p style='margin: 0; font-size: 15px; color: inherit;'>El receptor es ilimitado de zonas*&comma; contactos magn\u00e9ticos 518LA&comma; instrucciones en espa\u00f1ol y transmisor de 2 zonas. Detector de movimiento 5800PIR de nueva tecnolog\u00eda con funci\u00f3n de ahorro de pila y detecci\u00f3n de temperatura. Adem\u00e1s cuenta con ajuste de respuesta r\u00e1pida y exclusi\u00f3n de mascotas. Control remoto de 4 botones con nuevo estilo y LED de notificaci\u00f3n de transmisi\u00f3n.<\/p>\n<\/p><\/div>\n<hr style='border: 0; border-top: 1px solid rgba(150&comma; 150&comma; 150&comma; 0.3); margin: 30px 0;'> <\/div>\n","protected":false},"excerpt":{"rendered":"<p>Kit de Receptor y Sensores Inal\u00e1mbricos Para Panel Vista. Magn\u00e9ticos y de Movimiento mas Control Remoto<\/p>\n","protected":false},"featured_media":6042,"comment_status":"open","ping_status":"closed","template":"","meta":[],"product_brand":[],"product_cat":[410],"product_tag":[45,172,411],"class_list":{"0":"post-6043","1":"product","2":"type-product","3":"status-publish","4":"has-post-thumbnail","6":"product_cat-receptores-inalambricos","7":"product_tag-honeywell-home-resideo","8":"product_tag-modulos-de-expansion","9":"product_tag-receptores-inalambricos","11":"first","12":"instock","13":"sale","14":"shipping-taxable","15":"purchasable","16":"product-type-simple"},"_links":{"self":[{"href":"https:\/\/soydeaqui.ddns.net\/pachuca\/index.php\/wp-json\/wp\/v2\/product\/6043","targetHints":{"allow":["GET"]}}],"collection":[{"href":"https:\/\/soydeaqui.ddns.net\/pachuca\/index.php\/wp-json\/wp\/v2\/product"}],"about":[{"href":"https:\/\/soydeaqui.ddns.net\/pachuca\/index.php\/wp-json\/wp\/v2\/types\/product"}],"replies":[{"embeddable":true,"href":"https:\/\/soydeaqui.ddns.net\/pachuca\/index.php\/wp-json\/wp\/v2\/comments?post=6043"}],"wp:featuredmedia":[{"embeddable":true,"href":"https:\/\/soydeaqui.ddns.net\/pachuca\/index.php\/wp-json\/wp\/v2\/media\/6042"}],"wp:attachment":[{"href":"https:\/\/soydeaqui.ddns.net\/pachuca\/index.php\/wp-json\/wp\/v2\/media?parent=6043"}],"wp:term":[{"taxonomy":"product_brand","embeddable":true,"href":"https:\/\/soydeaqui.ddns.net\/pachuca\/index.php\/wp-json\/wp\/v2\/product_brand?post=6043"},{"taxonomy":"product_cat","embeddable":true,"href":"https:\/\/soydeaqui.ddns.net\/pachuca\/index.php\/wp-json\/wp\/v2\/product_cat?post=6043"},{"taxonomy":"product_tag","embeddable":true,"href":"https:\/\/soydeaqui.ddns.net\/pachuca\/index.php\/wp-json\/wp\/v2\/product_tag?post=6043"}],"curies":[{"name":"wp","href":"https:\/\/api.w.org\/{rel}","templated":true}]}}