{"id":60278,"date":"2026-03-19T05:29:57","date_gmt":"2026-03-19T05:29:57","guid":{"rendered":"https:\/\/soydeaqui.ddns.net\/pachuca\/index.php\/producto\/lnea-de-tiza-autorretrctil-con-tiza-roja-para-trazado-en-el-trabajo\/"},"modified":"2026-03-19T05:30:12","modified_gmt":"2026-03-19T05:30:12","slug":"lnea-de-tiza-autorretrctil-con-tiza-roja-para-trazado-en-el-trabajo","status":"publish","type":"product","link":"https:\/\/soydeaqui.ddns.net\/pachuca\/index.php\/producto\/lnea-de-tiza-autorretrctil-con-tiza-roja-para-trazado-en-el-trabajo\/","title":{"rendered":"L?nea de Tiza Autorretr?ctil con Tiza Roja para Trazado en el Trabajo"},"content":{"rendered":"<div style='width: 100%; max-width: 1200px; margin: 0 auto; font-family: sans-serif; line-height: 1.6; color: inherit;'>\n<div style='display: flex; flex-wrap: wrap; gap: 30px; margin-bottom: 30px;'>\n<div style='flex: 1 1 300px; min-width: 280px;'>\n<h3 style='font-size: 22px; border-bottom: 2px solid currentColor; padding-bottom: 5px; margin-top: 0; color: inherit; opacity: 0.8;'>Caracter\u00edsticas<\/h3>\n<ul style='padding-left: 20px; font-size: 15px; color: inherit;'>\n<li style='margin-bottom: 5px;'>La herramienta de l\u00ednea de tiza sin des\u00f3rdenes ofrece una carga r\u00e1pida de tiza con las c\u00e1psulas reemplazables de Klein Tools (Cat. n.\u00ba CHLK00R y CHLK00B)<\/li>\n<li style='margin-bottom: 5px;'>Carrete autorretr\u00e1ctil que rebobina r\u00e1pidamente 50&#8242; (15&comma;24 m) de hilo con presionar un bot\u00f3n<\/li>\n<li style='margin-bottom: 5px;'>La l\u00ednea de nylon resistente cuenta con hilo trenzado de 1&comma;0 mm para fines de claridad y precisi\u00f3n de l\u00edneas<\/li>\n<li style='margin-bottom: 5px;'>Carcasa ABS de alto impacto con agarres suaves para brindar durabilidad y comodidad a largo plazo<\/li>\n<li style='margin-bottom: 5px;'>Incluye tiza roja semipermanente y permite cambiar el color de rojo a azul mediante la c\u00e1psula reemplazable (Cat. n.\u00ba CHLK00B); se vende por separado<\/li>\n<li style='margin-bottom: 5px;'>Carcasa transparente para tiza que permite ver f\u00e1cilmente la tiza restante<\/li>\n<li style='margin-bottom: 5px;'>Orificio para cuerda para colgar el carrete al cintur\u00f3n y a la bolsa para herramientas<\/li>\n<li style='margin-bottom: 5px;'>Reemplazo f\u00e1cil del hilo para cambiar los hilos rotos&comma; h\u00famedos o gastados<\/li>\n<\/ul><\/div>\n<\/p><\/div>\n<div style='display: flex; justify-content: center; margin: 30px 0;'>\n<div style='width: 100%; max-width: 800px;'> <img style='width: 100%; height: auto; border: 1px solid rgba(150&comma;150&comma;150&comma;0.3); border-radius: 8px;' src='https:\/\/ftp3.syscom.mx\/usuarios\/fotos\/CHLK50R\/228578-chlk50r_app3.jpeg' alt=''> <\/div>\n<\/p><\/div>\n<div style='position: relative; padding-bottom: 56.25%; height: 0; overflow: hidden; margin: 30px 0;'>   <\/div>\n<\/p><\/div>\n","protected":false},"excerpt":{"rendered":"<p>L?nea de Tiza Autorretr?ctil con Tiza Roja para Trazado en el Trabajo<\/p>\n","protected":false},"featured_media":60277,"comment_status":"open","ping_status":"closed","template":"","meta":[],"product_brand":[],"product_cat":[713],"product_tag":[138,714,432],"class_list":{"0":"post-60278","1":"product","2":"type-product","3":"status-publish","4":"has-post-thumbnail","6":"product_cat-herramientas-para-preparacion-de-cable","7":"product_tag-cables","8":"product_tag-herramientas-para-preparacion-de-cable","9":"product_tag-klein-tools","11":"first","12":"instock","13":"sale","14":"shipping-taxable","15":"purchasable","16":"product-type-simple"},"_links":{"self":[{"href":"https:\/\/soydeaqui.ddns.net\/pachuca\/index.php\/wp-json\/wp\/v2\/product\/60278","targetHints":{"allow":["GET"]}}],"collection":[{"href":"https:\/\/soydeaqui.ddns.net\/pachuca\/index.php\/wp-json\/wp\/v2\/product"}],"about":[{"href":"https:\/\/soydeaqui.ddns.net\/pachuca\/index.php\/wp-json\/wp\/v2\/types\/product"}],"replies":[{"embeddable":true,"href":"https:\/\/soydeaqui.ddns.net\/pachuca\/index.php\/wp-json\/wp\/v2\/comments?post=60278"}],"wp:featuredmedia":[{"embeddable":true,"href":"https:\/\/soydeaqui.ddns.net\/pachuca\/index.php\/wp-json\/wp\/v2\/media\/60277"}],"wp:attachment":[{"href":"https:\/\/soydeaqui.ddns.net\/pachuca\/index.php\/wp-json\/wp\/v2\/media?parent=60278"}],"wp:term":[{"taxonomy":"product_brand","embeddable":true,"href":"https:\/\/soydeaqui.ddns.net\/pachuca\/index.php\/wp-json\/wp\/v2\/product_brand?post=60278"},{"taxonomy":"product_cat","embeddable":true,"href":"https:\/\/soydeaqui.ddns.net\/pachuca\/index.php\/wp-json\/wp\/v2\/product_cat?post=60278"},{"taxonomy":"product_tag","embeddable":true,"href":"https:\/\/soydeaqui.ddns.net\/pachuca\/index.php\/wp-json\/wp\/v2\/product_tag?post=60278"}],"curies":[{"name":"wp","href":"https:\/\/api.w.org\/{rel}","templated":true}]}}