{"id":60181,"date":"2026-03-19T05:26:44","date_gmt":"2026-03-19T05:26:44","guid":{"rendered":"https:\/\/soydeaqui.ddns.net\/pachuca\/index.php\/producto\/microfono-audifono-de-solapa-con-tubo-acustico-transparente-para-icom-ic-f11-14-3021-3013-3103-3003-1100d-2100d-icf200\/"},"modified":"2026-03-19T05:26:46","modified_gmt":"2026-03-19T05:26:46","slug":"microfono-audifono-de-solapa-con-tubo-acustico-transparente-para-icom-ic-f11-14-3021-3013-3103-3003-1100d-2100d-icf200","status":"publish","type":"product","link":"https:\/\/soydeaqui.ddns.net\/pachuca\/index.php\/producto\/microfono-audifono-de-solapa-con-tubo-acustico-transparente-para-icom-ic-f11-14-3021-3013-3103-3003-1100d-2100d-icf200\/","title":{"rendered":"Micr\u00f3fono &#8211; aud\u00edfono de solapa con tubo ac\u00fastico transparente para ICOM IC-F11\/ 14\/ 3021\/ 3013\/ 3103\/ 3003\/ 1100D\/2100D\/ICF200"},"content":{"rendered":"<div style='width: 100%; max-width: 1200px; margin: 0 auto; font-family: sans-serif; line-height: 1.6; color: inherit; background-color: transparent;'>\n<div style='display: flex; flex-wrap: wrap; gap: 30px; margin-bottom: 30px;'>\n<div style='flex: 1 1 300px; min-width: 280px;'>\n<h3 style='font-size: 22px; border-bottom: 2px solid currentColor; padding-bottom: 5px; margin-top: 0; color: inherit; opacity: 0.8;'>Caracter\u00edsticas principales<\/h3>\n<ul style='padding-left: 20px; font-size: 15px; color: inherit;'>\n<li style='margin-bottom: 5px;'>Tubo ac\u00fastico de grado medicinal resistente y discreto<\/li>\n<li style='margin-bottom: 5px;'>Alta claridad de sonido en transmisi\u00f3n y recepci\u00f3n<\/li>\n<li style='margin-bottom: 5px;'>Conector Icom para compatibilidad amplia<\/li>\n<li style='margin-bottom: 5px;'>Versi\u00f3n 2 con tubo PU m\u00e1s flexible<\/li>\n<li style='margin-bottom: 5px;'>Kit profesional de vigilancia de 2 cables<\/li>\n<\/ul><\/div>\n<div style='flex: 1 1 300px; min-width: 280px;'>\n<h3 style='font-size: 22px; border-bottom: 2px solid currentColor; padding-bottom: 5px; margin-top: 0; color: inherit; opacity: 0.8;'>Aplicaciones<\/h3>\n<ul style='padding-left: 20px; font-size: 15px; color: inherit;'>\n<li style='margin-bottom: 5px;'>Situaciones donde la radiocomunicaci\u00f3n debe pasar inadvertida<\/li>\n<li style='margin-bottom: 5px;'>Operaciones de vigilancia y seguridad<\/li>\n<li style='margin-bottom: 5px;'>Comunicaciones discretas en entornos profesionales<\/li>\n<\/ul><\/div>\n<\/p><\/div>\n<div style='display: flex; flex-wrap: wrap; gap: 20px; margin-bottom: 30px;'>\n<div style='flex: 1 1 250px; border: 1px solid rgba(150&comma; 150&comma; 150&comma; 0.4); border-radius: 8px; overflow: hidden; display: flex; flex-direction: column;'>\n<div style='padding: 15px; border-bottom: 1px solid rgba(150&comma; 150&comma; 150&comma; 0.2); font-weight: bold; font-size: 18px; color: inherit;'>Especificaciones del Altavoz<\/div>\n<div style='padding: 15px; color: inherit;'>\n<ul style='padding-left: 20px; margin: 0; font-size: 14px; list-style-type: disc;'>\n<li style='margin-bottom: 5px;'><strong>Tipo:<\/strong> Altavoz din\u00e1mico de bobina m\u00f3vil<\/li>\n<li style='margin-bottom: 5px;'><strong>Impedancia:<\/strong> 32\u03a9\u00b115% @1KHz<\/li>\n<li style='margin-bottom: 5px;'><strong>Sensibilidad:<\/strong> 101\u00b13dB @1KHz 1mW<\/li>\n<li style='margin-bottom: 5px;'><strong>Respuesta de frecuencia:<\/strong> 100~4.5KHz<\/li>\n<li style='margin-bottom: 5px;'><strong>Potencia de entrada nominal:<\/strong> 1mW<\/li>\n<li style='margin-bottom: 5px;'><strong>Potencia de entrada m\u00e1xima:<\/strong> 10mW<\/li>\n<\/ul><\/div>\n<\/p><\/div>\n<div style='flex: 1 1 250px; border: 1px solid rgba(150&comma; 150&comma; 150&comma; 0.4); border-radius: 8px; overflow: hidden; display: flex; flex-direction: column;'>\n<div style='padding: 15px; border-bottom: 1px solid rgba(150&comma; 150&comma; 150&comma; 0.2); font-weight: bold; font-size: 18px; color: inherit;'>Especificaciones del Micr\u00f3fono<\/div>\n<div style='padding: 15px; color: inherit;'>\n<ul style='padding-left: 20px; margin: 0; font-size: 14px; list-style-type: disc;'>\n<li style='margin-bottom: 5px;'><strong>Sensibilidad:<\/strong> -38\u00b12dB RL=2.2K\u03a9 Vs=2.0V(DC) 0dB=1V\/Pa<\/li>\n<li style='margin-bottom: 5px;'><strong>Impedancia:<\/strong> Max 2.2K\u03a9 1kHz (RL=2.2K\u03a9)<\/li>\n<li style='margin-bottom: 5px;'><strong>Frecuencia:<\/strong> 100-10KHz<\/li>\n<li style='margin-bottom: 5px;'><strong>Consumo de corriente:<\/strong> Max 0.5uA RL=2.2K\u03a9 Vs=3.0V(DC)<\/li>\n<li style='margin-bottom: 5px;'><strong>Voltaje de operaci\u00f3n:<\/strong> 1.0V-10V (DC)<\/li>\n<li style='margin-bottom: 5px;'><strong>Nivel m\u00e1ximo de presi\u00f3n sonora:<\/strong> 115dB S.P.L THD<5% at 1KHz<\/li>\n<\/ul><\/div>\n<\/p><\/div>\n<div style='flex: 1 1 250px; border: 1px solid rgba(150&comma; 150&comma; 150&comma; 0.4); border-radius: 8px; overflow: hidden; display: flex; flex-direction: column;'>\n<div style='padding: 15px; border-bottom: 1px solid rgba(150&comma; 150&comma; 150&comma; 0.2); font-weight: bold; font-size: 18px; color: inherit;'>Compatibilidad<\/div>\n<div style='padding: 15px; color: inherit;'>\n<ul style='padding-left: 20px; margin: 0; font-size: 14px; list-style-type: disc;'>\n<li style='margin-bottom: 5px;'>ICOM IC-F3G\/3GS\/F4G\/F4GS\/F4GT<\/li>\n<li style='margin-bottom: 5px;'>ICOM IC-F43GS\/F43GT\/F43TR<\/li>\n<li style='margin-bottom: 5px;'>ICOM IC-F11\/F11S\/F14S\/F15<\/li>\n<li style='margin-bottom: 5px;'>ICOM IC-F21\/F21S\/F22\/F24<\/li>\n<li style='margin-bottom: 5px;'>ICOM IC-F24S\/F31\/F33F43<\/li>\n<\/ul><\/div>\n<\/p><\/div>\n<\/p><\/div>\n<div style='display: flex; flex-wrap: wrap; gap: 20px; margin-bottom: 30px;'>\n<div style='flex: 1 1 250px; min-width: 280px;'>\n<h3 style='font-size: 22px; border-bottom: 2px solid currentColor; padding-bottom: 5px; margin-top: 0; color: inherit; opacity: 0.8;'>Notas de Dise\u00f1o<\/h3>\n<ul style='padding-left: 20px; font-size: 15px; color: inherit;'>\n<li style='margin-bottom: 5px;'>Dise\u00f1o de tubo ac\u00fastico transparente para mayor discreci\u00f3n<\/li>\n<li style='margin-bottom: 5px;'>Material PU en tubo ac\u00fastico (Versi\u00f3n 2) para mayor flexibilidad y resistencia<\/li>\n<li style='margin-bottom: 5px;'>Construcci\u00f3n resistente y c\u00f3moda para uso prolongado<\/li>\n<li style='margin-bottom: 5px;'>Dise\u00f1o ergon\u00f3mico para f\u00e1cil colocaci\u00f3n en la solapa<\/li>\n<\/ul><\/div>\n<\/p><\/div>\n<div style='display: flex; flex-wrap: wrap; gap: 20px; margin-bottom: 30px;'>\n<div style='flex: 1 1 250px; min-width: 280px;'>\n<h3 style='font-size: 22px; border-bottom: 2px solid currentColor; padding-bottom: 5px; margin-top: 0; color: inherit; opacity: 0.8;'>Contenido del Paquete<\/h3>\n<ul style='padding-left: 20px; font-size: 15px; color: inherit;'>\n<li style='margin-bottom: 5px;'>1 x Micr\u00f3fono &#8211; Aud\u00edfono de Solapa TXEHIAV2S<\/li>\n<li style='margin-bottom: 5px;'>1 x Tubo ac\u00fastico transparente<\/li>\n<li style='margin-bottom: 5px;'>1 x Manual de usuario<\/li>\n<\/ul><\/div>\n<\/p><\/div>\n<div style='display: flex; flex-wrap: wrap; gap: 20px; margin-bottom: 30px;'>\n<div style='flex: 1 1 250px; min-width: 280px;'>\n<h3 style='font-size: 22px; border-bottom: 2px solid currentColor; padding-bottom: 5px; margin-top: 0; color: inherit; opacity: 0.8;'>Im\u00e1genes<\/h3>\n<div style='margin: 15px 0;'> <img style='width: 100%; height: auto; border: 1px solid rgba(150&comma;150&comma;150&comma;0.3); border-radius: 8px;' src='http:\/\/ftp3.syscom.mx\/usuarios\/fotos\/TXEHIAV2\/72410-txehkav2_esp_1.png' alt=''> <\/div>\n<div style='margin: 15px 0;'> <img style='width: 100%; height: auto; border: 1px solid rgba(150&comma;150&comma;150&comma;0.3); border-radius: 8px;' src='http:\/\/ftp3.syscom.mx\/usuarios\/fotos\/TXEHIAV2\/72410-s01.jpg' alt=''> <\/div>\n<\/p><\/div>\n<\/p><\/div>\n<\/p><\/div>\n","protected":false},"excerpt":{"rendered":"<p>Micr\u00f3fono &#8211; aud\u00edfono de solapa con tubo ac\u00fastico transparente para ICOM IC-F11\/ 14\/ 3021\/ 3013\/ 3103\/ 3003\/ 1100D\/2100D\/ICF200<\/p>\n","protected":false},"featured_media":60180,"comment_status":"open","ping_status":"closed","template":"","meta":[],"product_brand":[],"product_cat":[1516],"product_tag":[1517,1518,560],"class_list":{"0":"post-60181","1":"product","2":"type-product","3":"status-publish","4":"has-post-thumbnail","6":"product_cat-microfono-audifono","7":"product_tag-accesorios-para-icom","8":"product_tag-microfono-audifono","9":"product_tag-txpro","11":"first","12":"instock","13":"sale","14":"shipping-taxable","15":"purchasable","16":"product-type-simple"},"_links":{"self":[{"href":"https:\/\/soydeaqui.ddns.net\/pachuca\/index.php\/wp-json\/wp\/v2\/product\/60181","targetHints":{"allow":["GET"]}}],"collection":[{"href":"https:\/\/soydeaqui.ddns.net\/pachuca\/index.php\/wp-json\/wp\/v2\/product"}],"about":[{"href":"https:\/\/soydeaqui.ddns.net\/pachuca\/index.php\/wp-json\/wp\/v2\/types\/product"}],"replies":[{"embeddable":true,"href":"https:\/\/soydeaqui.ddns.net\/pachuca\/index.php\/wp-json\/wp\/v2\/comments?post=60181"}],"wp:featuredmedia":[{"embeddable":true,"href":"https:\/\/soydeaqui.ddns.net\/pachuca\/index.php\/wp-json\/wp\/v2\/media\/60180"}],"wp:attachment":[{"href":"https:\/\/soydeaqui.ddns.net\/pachuca\/index.php\/wp-json\/wp\/v2\/media?parent=60181"}],"wp:term":[{"taxonomy":"product_brand","embeddable":true,"href":"https:\/\/soydeaqui.ddns.net\/pachuca\/index.php\/wp-json\/wp\/v2\/product_brand?post=60181"},{"taxonomy":"product_cat","embeddable":true,"href":"https:\/\/soydeaqui.ddns.net\/pachuca\/index.php\/wp-json\/wp\/v2\/product_cat?post=60181"},{"taxonomy":"product_tag","embeddable":true,"href":"https:\/\/soydeaqui.ddns.net\/pachuca\/index.php\/wp-json\/wp\/v2\/product_tag?post=60181"}],"curies":[{"name":"wp","href":"https:\/\/api.w.org\/{rel}","templated":true}]}}