{"id":60110,"date":"2026-03-19T05:22:41","date_gmt":"2026-03-19T05:22:41","guid":{"rendered":"https:\/\/soydeaqui.ddns.net\/pachuca\/index.php\/producto\/centaur-24-30-cargador-de-baterias-24v-30a-para-ambientes-marinos-y-terrestres-bancos-de-120-a-300-ah\/"},"modified":"2026-03-19T05:22:41","modified_gmt":"2026-03-19T05:22:41","slug":"centaur-24-30-cargador-de-baterias-24v-30a-para-ambientes-marinos-y-terrestres-bancos-de-120-a-300-ah","status":"publish","type":"product","link":"https:\/\/soydeaqui.ddns.net\/pachuca\/index.php\/producto\/centaur-24-30-cargador-de-baterias-24v-30a-para-ambientes-marinos-y-terrestres-bancos-de-120-a-300-ah\/","title":{"rendered":"Centaur 24\/30 \/ Cargador de Bater\u00edas 24V, 30A \/ Para Ambientes Marinos y Terrestres. \/  Bancos de 120 a 300 Ah"},"content":{"rendered":"<div style='width: 100%; max-width: 1200px; margin: 0 auto; font-family: sans-serif; line-height: 1.6; color: inherit; background-color: transparent;'>\n<div style='display: flex; flex-wrap: wrap; gap: 30px; margin-bottom: 30px;'>\n<div style='flex: 1 1 300px; min-width: 280px;'>\n<h3 style='font-size: 22px; border-bottom: 2px solid currentColor; padding-bottom: 5px; margin-top: 0; color: inherit; opacity: 0.8;'>Descripci\u00f3n General<\/h3>\n<p style='font-size: 15px; color: inherit; margin-bottom: 15px;'><strong>Cargador de Bater\u00edas 24V 30A<\/strong><\/p>\n<p style='font-size: 15px; color: inherit; margin-bottom: 15px;'>El Centaur es dise\u00f1ado para cargar bater\u00edas de plomo-\u00e1cido y gel de plomo-\u00e1cido. Puede ser utilizado en una variedad de aplicaciones&comma; incluyendo sistemas de energ\u00eda solar&comma; sistemas n\u00e1uticos&comma; sistemas de respaldo&comma; entre otros.<\/p>\n<p style='font-size: 15px; color: inherit; margin-bottom: 15px;'><strong>Tecnolog\u00eda de Carga Adaptativa<\/strong><\/p>\n<p style='font-size: 15px; color: inherit; margin-bottom: 15px;'>Puede ofrecer una carga adaptativa&comma; ajustando autom\u00e1ticamente el proceso de carga seg\u00fan las necesidades y el estado de las bater\u00edas. Esto es \u00fatil para optimizar la vida \u00fatil de las bater\u00edas y maximizar la eficiencia de carga.<\/p>\n<\/p><\/div>\n<\/p><\/div>\n<div style='display: flex; flex-wrap: wrap; gap: 20px; margin-bottom: 30px;'>\n<div style='flex: 1 1 250px; border: 1px solid rgba(150&comma; 150&comma; 150&comma; 0.4); border-radius: 8px; overflow: hidden; display: flex; flex-direction: column;'>\n<div style='padding: 15px; border-bottom: 1px solid rgba(150&comma; 150&comma; 150&comma; 0.2); font-weight: bold; font-size: 18px; color: inherit; background-color: rgba(0&comma; 123&comma; 255&comma; 0.1);'>Caracter\u00edsticas Principales<\/div>\n<div style='padding: 15px; color: inherit;'>\n<ul style='padding-left: 20px; margin: 0; font-size: 14px; list-style-type: disc;'>\n<li style='margin-bottom: 5px;'><strong>Entrada Universal:<\/strong> 90 a 265 V y 45 a 65 Hz<\/li>\n<li style='margin-bottom: 5px;'><strong>Salidas:<\/strong> Tres de plena potencia aisladas<\/li>\n<li style='margin-bottom: 5px;'><strong>Carga:<\/strong> En tres etapas con compensaci\u00f3n de temperatura<\/li>\n<li style='margin-bottom: 5px;'><strong>Indicador:<\/strong> Con amper\u00edmetro integrado<\/li>\n<\/ul><\/div>\n<\/p><\/div>\n<div style='flex: 1 1 250px; border: 1px solid rgba(150&comma; 150&comma; 150&comma; 0.4); border-radius: 8px; overflow: hidden; display: flex; flex-direction: column;'>\n<div style='padding: 15px; border-bottom: 1px solid rgba(150&comma; 150&comma; 150&comma; 0.2); font-weight: bold; font-size: 18px; color: inherit; background-color: rgba(0&comma; 123&comma; 255&comma; 0.1);'>Caracter\u00edsticas F\u00edsicas y El\u00e9ctricas<\/div>\n<div style='padding: 15px; color: inherit;'>\n<ul style='padding-left: 20px; margin: 0; font-size: 14px; list-style-type: disc;'>\n<li style='margin-bottom: 5px;'><strong>Voltaje de Carga de Absorci\u00f3n:<\/strong> 28.5V ajustable<\/li>\n<li style='margin-bottom: 5px;'><strong>Voltaje de Carga Flotante:<\/strong> 27.2V ajustable<\/li>\n<li style='margin-bottom: 5px;'><strong>Corriente de Carga Nominal:<\/strong> 30A<\/li>\n<li style='margin-bottom: 5px;'><strong>Capacidad de Bater\u00eda Recomendada:<\/strong> 120 &#8211; 300 Ah<\/li>\n<\/ul><\/div>\n<\/p><\/div>\n<div style='flex: 1 1 250px; border: 1px solid rgba(150&comma; 150&comma; 150&comma; 0.4); border-radius: 8px; overflow: hidden; display: flex; flex-direction: column;'>\n<div style='padding: 15px; border-bottom: 1px solid rgba(150&comma; 150&comma; 150&comma; 0.2); font-weight: bold; font-size: 18px; color: inherit; background-color: rgba(0&comma; 123&comma; 255&comma; 0.1);'>Caracter\u00edsticas de Seguridad y Durabilidad<\/div>\n<div style='padding: 15px; color: inherit;'>\n<ul style='padding-left: 20px; margin: 0; font-size: 14px; list-style-type: disc;'>\n<li style='margin-bottom: 5px;'><strong>Caja:<\/strong> De aluminio con recubrimiento epoxi<\/li>\n<li style='margin-bottom: 5px;'><strong>Fijaciones:<\/strong> De acero inoxidable<\/li>\n<li style='margin-bottom: 5px;'><strong>Ventilaci\u00f3n:<\/strong> Forzada por temperatura y corriente<\/li>\n<li style='margin-bottom: 5px;'><strong>Protecciones:<\/strong> Contra cortocircuitos y variaciones de temperatura<\/li>\n<\/ul><\/div>\n<\/p><\/div>\n<\/p><\/div>\n<hr style='border: 0; border-top: 1px solid rgba(150&comma; 150&comma; 150&comma; 0.3); margin: 30px 0;'>\n<div style='display: flex; flex-wrap: wrap; gap: 30px; margin-bottom: 30px;'>\n<div style='flex: 1 1 300px; min-width: 280px;'>\n<p style='font-size: 15px; color: inherit; margin-bottom: 15px;'>Una instalaci\u00f3n sin complicaciones y un funcionamiento intuitivo hacen que el Cargador Centaur sea la elecci\u00f3n perfecta tanto para aplicaciones n\u00e1uticas como terrestres. Para m\u00e1s informaci\u00f3n y consultas&comma; visite: <a href='https:\/\/www.victronenergy.com' style='color: inherit; text-decoration: none; border-bottom: 1px dotted currentColor; padding-bottom: 2px;'>Victron Energy<\/a>.<\/p>\n<\/p><\/div>\n<\/p><\/div>\n<\/p><\/div>\n","protected":false},"excerpt":{"rendered":"<p>Centaur 24\/30 \/ Cargador de Bater\u00edas 24V, 30A \/ Para Ambientes Marinos y Terrestres. \/  Bancos de 120 a 300 Ah<\/p>\n","protected":false},"featured_media":60109,"comment_status":"open","ping_status":"closed","template":"","meta":[],"product_brand":[],"product_cat":[1171],"product_tag":[1173,1172,1174],"class_list":{"0":"post-60110","1":"product","2":"type-product","3":"status-publish","4":"has-post-thumbnail","6":"product_cat-fuentes-cargadores","7":"product_tag-fuentes-cargadores","8":"product_tag-soluciones-marinas","9":"product_tag-victron-energy","11":"first","12":"instock","13":"sale","14":"shipping-taxable","15":"purchasable","16":"product-type-simple"},"_links":{"self":[{"href":"https:\/\/soydeaqui.ddns.net\/pachuca\/index.php\/wp-json\/wp\/v2\/product\/60110","targetHints":{"allow":["GET"]}}],"collection":[{"href":"https:\/\/soydeaqui.ddns.net\/pachuca\/index.php\/wp-json\/wp\/v2\/product"}],"about":[{"href":"https:\/\/soydeaqui.ddns.net\/pachuca\/index.php\/wp-json\/wp\/v2\/types\/product"}],"replies":[{"embeddable":true,"href":"https:\/\/soydeaqui.ddns.net\/pachuca\/index.php\/wp-json\/wp\/v2\/comments?post=60110"}],"wp:featuredmedia":[{"embeddable":true,"href":"https:\/\/soydeaqui.ddns.net\/pachuca\/index.php\/wp-json\/wp\/v2\/media\/60109"}],"wp:attachment":[{"href":"https:\/\/soydeaqui.ddns.net\/pachuca\/index.php\/wp-json\/wp\/v2\/media?parent=60110"}],"wp:term":[{"taxonomy":"product_brand","embeddable":true,"href":"https:\/\/soydeaqui.ddns.net\/pachuca\/index.php\/wp-json\/wp\/v2\/product_brand?post=60110"},{"taxonomy":"product_cat","embeddable":true,"href":"https:\/\/soydeaqui.ddns.net\/pachuca\/index.php\/wp-json\/wp\/v2\/product_cat?post=60110"},{"taxonomy":"product_tag","embeddable":true,"href":"https:\/\/soydeaqui.ddns.net\/pachuca\/index.php\/wp-json\/wp\/v2\/product_tag?post=60110"}],"curies":[{"name":"wp","href":"https:\/\/api.w.org\/{rel}","templated":true}]}}