{"id":60102,"date":"2026-03-19T05:22:23","date_gmt":"2026-03-19T05:22:23","guid":{"rendered":"https:\/\/soydeaqui.ddns.net\/pachuca\/index.php\/producto\/forerunner-265-bisel-negro-con-carcasa-en-blanco-y-correa-de-silicona-en-blanco-azul\/"},"modified":"2026-03-19T05:22:34","modified_gmt":"2026-03-19T05:22:34","slug":"forerunner-265-bisel-negro-con-carcasa-en-blanco-y-correa-de-silicona-en-blanco-azul","status":"publish","type":"product","link":"https:\/\/soydeaqui.ddns.net\/pachuca\/index.php\/producto\/forerunner-265-bisel-negro-con-carcasa-en-blanco-y-correa-de-silicona-en-blanco-azul\/","title":{"rendered":"Forerunner\u00ae 265, Bisel negro con carcasa en blanco y correa de silicona en blanco\/azul"},"content":{"rendered":"<div style='width: 100%; max-width: 1200px; margin: 0 auto; font-family: sans-serif; line-height: 1.6; color: inherit; background-color: transparent;'> <!-- T\u00edtulo y subt\u00edtulo (ocultos seg\u00fan instrucciones) \n\n<div style='margin-bottom: 30px;'> \n\n<h1 style='font-size: 28px; margin: 0; color: inherit;'>Forerunner 265<\/h1>\n\n \n\n<p style='font-size: 16px; color: inherit; margin: 10px 0 0; opacity: 0.8;'>Bisel negro con carcasa en blanco y correa de silicona en blanco\/azul<\/p>\n\n <\/div>\n\n --> <!-- Secci\u00f3n de caracter\u00edsticas principales --> <\/p>\n<div style='margin-bottom: 30px;'>\n<h2 style='font-size: 20px; border-bottom: 2px solid currentColor; padding-bottom: 5px; margin: 0 0 15px; color: inherit; opacity: 0.9;'>Caracter\u00edsticas generales<\/h2>\n<ul style='padding-left: 20px; font-size: 14px; color: inherit;'>\n<li style='margin-bottom: 8px;'>Pantalla Amoled de 1.3 pulgadas<\/li>\n<li style='margin-bottom: 8px;'>Hasta 20 horas de operaci\u00f3n<\/li>\n<li style='margin-bottom: 8px;'>Pantalla t\u00e1ctil<\/li>\n<li style='margin-bottom: 8px;'>Aplicaciones deportivas integradas<\/li>\n<li style='margin-bottom: 8px;'>Almacenamiento de m\u00fasica<\/li>\n<li style='margin-bottom: 8px;'>Receptor GPS multibanda<\/li>\n<li style='margin-bottom: 8px;'>Clasificaci\u00f3n de resistencia al agua 5 ATM<\/li>\n<li style='margin-bottom: 8px;'>Fabricado en pol\u00edmero reforzado con fibra<\/li>\n<li style='margin-bottom: 8px;'>Material del lente Corning<sup style='font-size: 0.6rem; position: relative; top: 0.1rem;'>\u00ae<\/sup> Gorilla Glass 3<sup style='font-size: 0.6rem; position: relative; top: 0.1rem;'>\u00ae<\/sup><\/li>\n<li style='margin-bottom: 8px;'>Memoria interna de 8 GB<\/li>\n<li style='margin-bottom: 8px;'>Carcasa de 46 mm<\/li>\n<\/ul><\/div>\n<p> <!-- Secci\u00f3n de contenido incluido --> <\/p>\n<div style='margin-bottom: 30px;'>\n<h2 style='font-size: 20px; border-bottom: 2px solid currentColor; padding-bottom: 5px; margin: 0 0 15px; color: inherit; opacity: 0.9;'>Contenido del paquete<\/h2>\n<ul style='padding-left: 20px; font-size: 14px; color: inherit;'>\n<li style='margin-bottom: 8px;'>Reloj de carrera Forerunner\u00ae 265<\/li>\n<li style='margin-bottom: 8px;'>Cable de carga USB-C\/cable de datos<\/li>\n<li style='margin-bottom: 8px;'>Documentaci\u00f3n<\/li>\n<\/ul><\/div>\n<p> <!-- Secci\u00f3n de especificaciones detalladas --> <\/p>\n<div style='display: flex; flex-wrap: wrap; gap: 20px; margin-bottom: 30px;'>\n<div style='flex: 1 1 400px; min-width: 300px; border: 1px solid rgba(150&comma; 150&comma; 150&comma; 0.4); border-radius: 8px; overflow: hidden;'>\n<div style='padding: 15px; border-bottom: 1px solid rgba(150&comma; 150&comma; 150&comma; 0.2); font-weight: bold; font-size: 18px; color: inherit;'>Funciones del reloj<\/div>\n<div style='padding: 15px; color: inherit;'>\n<ul style='padding-left: 20px; margin: 0; font-size: 14px; list-style-type: disc;'>\n<li style='margin-bottom: 8px;'><strong>FECHA\/HORA:<\/strong> S\u00ed<\/li>\n<li style='margin-bottom: 8px;'><strong>SINCRONIZACI\u00d3N DE LA HORA CON EL GPS:<\/strong> S\u00ed<\/li>\n<li style='margin-bottom: 8px;'><strong>HORARIO DE VERANO AUTOM\u00c1TICO:<\/strong> S\u00ed<\/li>\n<li style='margin-bottom: 8px;'><strong>RELOJ DESPERTADOR:<\/strong> S\u00ed<\/li>\n<li style='margin-bottom: 8px;'><strong>CRON\u00d3METRO:<\/strong> S\u00ed<\/li>\n<li><strong>HORARIO DEL AMANECER\/ATARDECER:<\/strong> S\u00ed<\/li>\n<\/ul><\/div>\n<\/p><\/div>\n<div style='flex: 1 1 400px; min-width: 300px; border: 1px solid rgba(150&comma; 150&comma; 150&comma; 0.4); border-radius: 8px; overflow: hidden;'>\n<div style='padding: 15px; border-bottom: 1px solid rgba(150&comma; 150&comma; 150&comma; 0.2); font-weight: bold; font-size: 18px; color: inherit;'>Control de salud y forma f\u00edsica<\/div>\n<div style='padding: 15px; color: inherit;'>\n<ul style='padding-left: 20px; margin: 0; font-size: 14px; list-style-type: disc;'>\n<li style='margin-bottom: 8px;'><strong>SENSOR DE FRECUENCIA CARDIACA EN LA MU\u00d1ECA:<\/strong> S\u00ed (constante&comma; a cada segundo)<\/li>\n<li style='margin-bottom: 8px;'><strong>FRECUENCIA CARDIACA DIARIA EN REPOSO:<\/strong> S\u00ed<\/li>\n<li style='margin-bottom: 8px;'><strong>ALERTAS DE FRECUENCIA CARDIACA ANORMAL:<\/strong> S\u00ed (alto y bajo)<\/li>\n<li style='margin-bottom: 8px;'><strong>FRECUENCIA RESPIRATORIA:<\/strong> S\u00ed (24X7)<\/li>\n<li style='margin-bottom: 8px;'><strong>MONITOR DE ENERG\u00cdA BODY BATTERY\u2122:<\/strong> S\u00ed<\/li>\n<li style='margin-bottom: 8px;'><strong>ESTR\u00c9S DURANTE TODO EL D\u00cdA:<\/strong> S\u00ed<\/li>\n<li><strong>RECORDATORIOS DE RELAJACI\u00d3N:<\/strong> S\u00ed<\/li>\n<\/ul><\/div>\n<\/p><\/div>\n<\/p><\/div>\n<p> <!-- Secci\u00f3n de especificaciones adicionales --> <\/p>\n<div style='display: flex; flex-wrap: wrap; gap: 20px; margin-bottom: 30px;'>\n<div style='flex: 1 1 400px; min-width: 300px; border: 1px solid rgba(150&comma; 150&comma; 150&comma; 0.4); border-radius: 8px; overflow: hidden;'>\n<div style='padding: 15px; border-bottom: 1px solid rgba(150&comma; 150&comma; 150&comma; 0.2); font-weight: bold; font-size: 18px; color: inherit;'>Especificaciones adicionales<\/div>\n<div style='padding: 15px; color: inherit;'>\n<ul style='padding-left: 20px; margin: 0; font-size: 14px; list-style-type: disc;'>\n<li style='margin-bottom: 8px;'><strong>MONITOR DE ENERG\u00cdA BODY BATTERY\u2122:<\/strong> S\u00ed<\/li>\n<li style='margin-bottom: 8px;'><strong>ESTR\u00c9S DURANTE TODO EL D\u00cdA:<\/strong> S\u00ed<\/li>\n<li><strong>RECORDATORIOS DE RELAJACI\u00d3N:<\/strong> S\u00ed<\/li>\n<\/ul><\/div>\n<\/p><\/div>\n<div style='flex: 1 1 400px; min-width: 300px; border: 1px solid rgba(150&comma; 150&comma; 150&comma; 0.4); border-radius: 8px; overflow: hidden;'>\n<div style='padding: 15px; border-bottom: 1px solid rgba(150&comma; 150&comma; 150&comma; 0.2); font-weight: bold; font-size: 18px; color: inherit;'>Seguimiento del sue\u00f1o<\/div>\n<div style='padding: 15px; color: inherit;'>\n<ul style='padding-left: 20px; margin: 0; font-size: 14px; list-style-type: disc;'>\n<li style='margin-bottom: 8px;'><strong>SEGUIMIENTO DEL SUE\u00d1O:<\/strong> S\u00ed<\/li>\n<li style='margin-bottom: 8px;'><strong>SEGUIMIENTO DE LA RESPIRACI\u00d3N DURANTE EL SUE\u00d1O:<\/strong> S\u00ed<\/li>\n<li><strong>SEGUIMIENTO DE LA CALIDAD DEL SUE\u00d1O:<\/strong> S\u00ed<\/li>\n<\/ul><\/div>\n<\/p><\/div>\n<\/p><\/div>\n<p> <!-- Secci\u00f3n de conectividad --> <\/p>\n<div style='display: flex; flex-wrap: wrap; gap: 20px; margin-bottom: 30px;'>\n<div style='flex: 1 1 400px; min-width: 300px; border: 1px solid rgba(150&comma; 150&comma; 150&comma; 0.4); border-radius: 8px; overflow: hidden;'>\n<div style='padding: 15px; border-bottom: 1px solid rgba(150&comma; 150&comma; 150&comma; 0.2); font-weight: bold; font-size: 18px; color: inherit;'>Conectividad<\/div>\n<div style='padding: 15px; color: inherit;'>\n<ul style='padding-left: 20px; margin: 0; font-size: 14px; list-style-type: disc;'>\n<li style='margin-bottom: 8px;'><strong>BLUETOOTH:<\/strong> S\u00ed<\/li>\n<li style='margin-bottom: 8px;'><strong>WIFI:<\/strong> S\u00ed<\/li>\n<li style='margin-bottom: 8px;'><strong>ANT+:<\/strong> S\u00ed<\/li>\n<li><strong>NOTIFICACIONES INTELIGENTES:<\/strong> S\u00ed<\/li>\n<\/ul><\/div>\n<\/p><\/div>\n<div style='flex: 1 1 400px; min-width: 300px; border: 1px solid rgba(150&comma; 150&comma; 150&comma; 0.4); border-radius: 8px; overflow: hidden;'>\n<div style='padding: 15px; border-bottom: 1px solid rgba(150&comma; 150&comma; 150&comma; 0.2); font-weight: bold; font-size: 18px; color: inherit;'>Caracter\u00edsticas de seguridad<\/div>\n<div style='padding: 15px; color: inherit;'>\n<ul style='padding-left: 20px; margin: 0; font-size: 14px; list-style-type: disc;'>\n<li style='margin-bottom: 8px;'><strong>DETECCI\u00d3N DE INCIDENTES DURANTE ACTIVIDADES:<\/strong> S\u00ed<\/li>\n<li style='margin-bottom: 8px;'><strong>AVISO DE SALUD:<\/strong> S\u00ed<\/li>\n<li><strong>AVISO DE POSICI\u00d3N:<\/strong> S\u00ed<\/li>\n<\/ul><\/div>\n<\/p><\/div>\n<\/p><\/div>\n<p> <!-- Separador final --> <\/p>\n<hr style='border: 0; border-top: 1px solid rgba(150&comma; 150&comma; 150&comma; 0.3); margin: 30px 0;'> <\/div>\n","protected":false},"excerpt":{"rendered":"<p>Forerunner\u00ae 265, Bisel negro con carcasa en blanco y correa de silicona en blanco\/azul<\/p>\n","protected":false},"featured_media":60101,"comment_status":"open","ping_status":"closed","template":"","meta":[],"product_brand":[],"product_cat":[1336],"product_tag":[417,1337,1449],"class_list":{"0":"post-60102","1":"product","2":"type-product","3":"status-publish","4":"has-post-thumbnail","6":"product_cat-accesorios-generales-accesorios-para-otras-marcas","7":"product_tag-accesorios-generales","8":"product_tag-accesorios-para-otras-marcas","9":"product_tag-garmin","11":"first","12":"outofstock","13":"sale","14":"shipping-taxable","15":"purchasable","16":"product-type-simple"},"_links":{"self":[{"href":"https:\/\/soydeaqui.ddns.net\/pachuca\/index.php\/wp-json\/wp\/v2\/product\/60102","targetHints":{"allow":["GET"]}}],"collection":[{"href":"https:\/\/soydeaqui.ddns.net\/pachuca\/index.php\/wp-json\/wp\/v2\/product"}],"about":[{"href":"https:\/\/soydeaqui.ddns.net\/pachuca\/index.php\/wp-json\/wp\/v2\/types\/product"}],"replies":[{"embeddable":true,"href":"https:\/\/soydeaqui.ddns.net\/pachuca\/index.php\/wp-json\/wp\/v2\/comments?post=60102"}],"wp:featuredmedia":[{"embeddable":true,"href":"https:\/\/soydeaqui.ddns.net\/pachuca\/index.php\/wp-json\/wp\/v2\/media\/60101"}],"wp:attachment":[{"href":"https:\/\/soydeaqui.ddns.net\/pachuca\/index.php\/wp-json\/wp\/v2\/media?parent=60102"}],"wp:term":[{"taxonomy":"product_brand","embeddable":true,"href":"https:\/\/soydeaqui.ddns.net\/pachuca\/index.php\/wp-json\/wp\/v2\/product_brand?post=60102"},{"taxonomy":"product_cat","embeddable":true,"href":"https:\/\/soydeaqui.ddns.net\/pachuca\/index.php\/wp-json\/wp\/v2\/product_cat?post=60102"},{"taxonomy":"product_tag","embeddable":true,"href":"https:\/\/soydeaqui.ddns.net\/pachuca\/index.php\/wp-json\/wp\/v2\/product_tag?post=60102"}],"curies":[{"name":"wp","href":"https:\/\/api.w.org\/{rel}","templated":true}]}}