{"id":59989,"date":"2026-03-19T05:18:54","date_gmt":"2026-03-19T05:18:54","guid":{"rendered":"https:\/\/soydeaqui.ddns.net\/pachuca\/index.php\/producto\/analizador-de-espectro-de-9-khz-a-6-5-ghz-con-tracking-generator-y-vna-0-1-ppm-s11-y-s21\/"},"modified":"2026-03-19T05:18:55","modified_gmt":"2026-03-19T05:18:55","slug":"analizador-de-espectro-de-9-khz-a-6-5-ghz-con-tracking-generator-y-vna-0-1-ppm-s11-y-s21","status":"publish","type":"product","link":"https:\/\/soydeaqui.ddns.net\/pachuca\/index.php\/producto\/analizador-de-espectro-de-9-khz-a-6-5-ghz-con-tracking-generator-y-vna-0-1-ppm-s11-y-s21\/","title":{"rendered":"Analizador de Espectro de 9 kHz a 6.5 GHz, con Tracking Generator y VNA, 0.1 PPM, S11 y S21."},"content":{"rendered":"<div style='width: 100%; max-width: 1200px; margin: 0 auto; font-family: sans-serif; line-height: 1.6; color: inherit; background-color: transparent;'> <!-- Secci\u00f3n de caracter\u00edsticas --> <\/p>\n<div style='display: flex; flex-wrap: wrap; gap: 30px; margin-bottom: 30px;'>\n<div style='flex: 1 1 300px; min-width: 280px;'>\n<h3 style='font-size: 22px; border-bottom: 2px solid currentColor; padding-bottom: 5px; margin-top: 0; color: inherit; opacity: 0.8;'>Caracter\u00edsticas<\/h3>\n<ul style='padding-left: 20px; font-size: 15px; color: inherit;'>\n<li style='margin-bottom: 5px;'><strong>Rango de frecuencia:<\/strong> 9 kHz a 6&comma;5 GHz<\/li>\n<li style='margin-bottom: 5px;'><strong>Resoluci\u00f3n de frecuencia:<\/strong> 1 Hz<\/li>\n<li style='margin-bottom: 5px;'><strong>Frecuencia de referencia:<\/strong> 10 MHz<\/li>\n<li style='margin-bottom: 5px;'><strong>Precisi\u00f3n de calibraci\u00f3n inicial (Opci\u00f3n OCXO):<\/strong> &lt;0.1 ppm<\/li>\n<li style='margin-bottom: 5px;'><strong>Resoluci\u00f3n:<\/strong> 1 Hz&comma; 10 Hz&comma; 100 Hz&comma; 1 kHz&comma; 10 kHz&comma; 100 kHz<\/li>\n<li style='margin-bottom: 5px;'><strong>Rango de emplazamiento de frecuencia:<\/strong> 0 Hz&comma; 100 Hz a la frecuencia m\u00e1xima del instrumento<\/li>\n<li style='margin-bottom: 5px;'><strong>Ancho de banda de resoluci\u00f3n (-3 dB):<\/strong> 10 Hz a 1 MHz&comma; en secuencia 1-3-10<\/li>\n<li style='margin-bottom: 5px;'><strong>Rango del nivel de referencia:<\/strong> -100 dBm a +20 dBm&comma; en pasos de 1 dB<\/li>\n<li style='margin-bottom: 5px;'><strong>Ganancia del preamplificador (100 kHz a 1&comma;5 GHz):<\/strong> 20 dB (nom.)<\/li>\n<li style='margin-bottom: 5px;'><strong>VSWR de entrada de RF (300 kHz a 1&comma;5 GHz):<\/strong> &lt;1&comma;5 (nom.)<\/li>\n<li style='margin-bottom: 5px;'><strong>Pantalla:<\/strong> TFT LCD&comma; 800 x 480 p\u00edxeles&comma; 8 pulgadas&comma; 64 k<\/li>\n<li style='margin-bottom: 5px;'><strong>Memoria masiva:<\/strong> disco flash (interno)&comma; dispositivo de almacenamiento USB (no suministrado)<\/li>\n<li style='margin-bottom: 5px;'><strong>Fuente de alimentaci\u00f3n:<\/strong> 100 a 240 VAC (nom.)&comma; 45 a 100 Hz&comma; 35 W (t\u00edp.)<\/li>\n<li style='margin-bottom: 5px;'><strong>Rango de temperatura de funcionamiento:<\/strong> 0 \u00b0C a 50 \u00b0C<\/li>\n<li style='margin-bottom: 5px;'><strong>Dimensiones (Ancho x Alto x Fondo):<\/strong> 361.6 x 178.8 x 128 mm<\/li>\n<li style='margin-bottom: 5px;'><strong>Peso:<\/strong> 4.25 kg<\/li>\n<li style='margin-bottom: 5px;'><strong>Intervalo de calibraci\u00f3n recomendado:<\/strong> 1 a\u00f1o<\/li>\n<\/ul><\/div>\n<\/p><\/div>\n<p> <!-- Nota importante --> <\/p>\n<div style='margin-top: 30px; padding: 15px; border-left: 4px solid rgba(255&comma; 165&comma; 0&comma; 0.6); background-color: rgba(255&comma; 255&comma; 255&comma; 0.03);'>\n<p style='margin: 0; font-size: 15px; color: inherit;'>* Pregunte por tiempo de entrega<\/p>\n<\/p><\/div>\n<\/p><\/div>\n","protected":false},"excerpt":{"rendered":"<p>Analizador de Espectro de 9 kHz a 6.5 GHz, con Tracking Generator y VNA, 0.1 PPM, S11 y S21.<\/p>\n","protected":false},"featured_media":59988,"comment_status":"open","ping_status":"closed","template":"","meta":[],"product_brand":[],"product_cat":[1610],"product_tag":[1611,931,63],"class_list":{"0":"post-59989","1":"product","2":"type-product","3":"status-publish","4":"has-post-thumbnail","6":"product_cat-analizadores-espectro-y-antenas-monitores-de-servicio-y-softwares","7":"product_tag-analizadores-espectro-y-antenas-monitores-de-servicio-y-softwares","8":"product_tag-equipo-de-laboratorio","9":"product_tag-syscom","11":"first","12":"outofstock","13":"sale","14":"shipping-taxable","15":"purchasable","16":"product-type-simple"},"_links":{"self":[{"href":"https:\/\/soydeaqui.ddns.net\/pachuca\/index.php\/wp-json\/wp\/v2\/product\/59989","targetHints":{"allow":["GET"]}}],"collection":[{"href":"https:\/\/soydeaqui.ddns.net\/pachuca\/index.php\/wp-json\/wp\/v2\/product"}],"about":[{"href":"https:\/\/soydeaqui.ddns.net\/pachuca\/index.php\/wp-json\/wp\/v2\/types\/product"}],"replies":[{"embeddable":true,"href":"https:\/\/soydeaqui.ddns.net\/pachuca\/index.php\/wp-json\/wp\/v2\/comments?post=59989"}],"wp:featuredmedia":[{"embeddable":true,"href":"https:\/\/soydeaqui.ddns.net\/pachuca\/index.php\/wp-json\/wp\/v2\/media\/59988"}],"wp:attachment":[{"href":"https:\/\/soydeaqui.ddns.net\/pachuca\/index.php\/wp-json\/wp\/v2\/media?parent=59989"}],"wp:term":[{"taxonomy":"product_brand","embeddable":true,"href":"https:\/\/soydeaqui.ddns.net\/pachuca\/index.php\/wp-json\/wp\/v2\/product_brand?post=59989"},{"taxonomy":"product_cat","embeddable":true,"href":"https:\/\/soydeaqui.ddns.net\/pachuca\/index.php\/wp-json\/wp\/v2\/product_cat?post=59989"},{"taxonomy":"product_tag","embeddable":true,"href":"https:\/\/soydeaqui.ddns.net\/pachuca\/index.php\/wp-json\/wp\/v2\/product_tag?post=59989"}],"curies":[{"name":"wp","href":"https:\/\/api.w.org\/{rel}","templated":true}]}}