{"id":59931,"date":"2026-03-19T05:16:59","date_gmt":"2026-03-19T05:16:59","guid":{"rendered":"https:\/\/soydeaqui.ddns.net\/pachuca\/index.php\/producto\/divisor-reactivo-de-2-vias-617-5925mhz-300w-161dbc-4-3-10-ip67\/"},"modified":"2026-03-19T05:17:02","modified_gmt":"2026-03-19T05:17:02","slug":"divisor-reactivo-de-2-vias-617-5925mhz-300w-161dbc-4-3-10-ip67","status":"publish","type":"product","link":"https:\/\/soydeaqui.ddns.net\/pachuca\/index.php\/producto\/divisor-reactivo-de-2-vias-617-5925mhz-300w-161dbc-4-3-10-ip67\/","title":{"rendered":"DIVISOR REACTIVO DE 2 VIAS 617-5925MHz 300W -161dBC 4.3-10 IP67"},"content":{"rendered":"<div style='width: 100%; max-width: 1200px; margin: 0 auto; font-family: sans-serif; line-height: 1.6; color: inherit; background-color: transparent;'>\n<div style='display: flex; flex-wrap: wrap; gap: 30px; margin-bottom: 30px;'>\n<div style='flex: 1 1 300px; min-width: 280px;'>\n<h3 style='font-size: 22px; border-bottom: 2px solid currentColor; padding-bottom: 5px; margin-top: 0; color: inherit; opacity: 0.8;'>Descripci\u00f3n<\/h3>\n<p style='font-size: 15px; color: inherit; text-align: justify; margin-top: 0; margin-bottom: 15px;'>Los divisores de potencia reactiva Microlab Dx-83FE de 2\/3\/4 v\u00edas han sido dise\u00f1ados para dividir uniformemente se\u00f1ales celulares de alta potencia con reflejos o p\u00e9rdidas m\u00ednimas.<\/p>\n<p style='font-size: 15px; color: inherit; text-align: justify; margin-top: 0; margin-bottom: 15px;'>Todas las juntas est\u00e1n selladas contra la humedad con juntas t\u00f3ricas para cumplir con la clasificaci\u00f3n IP67.<\/p>\n<p style='font-size: 15px; color: inherit; text-align: justify; margin-top: 0; margin-bottom: 15px;'>La forma mec\u00e1nica permite un f\u00e1cil montaje en la pared utilizando los soportes suministrados.<\/p>\n<p style='font-size: 15px; color: inherit; text-align: justify; margin-top: 0; margin-bottom: 15px;'>El rango de frecuencia ultra amplio permite su uso en implementaciones 5G NR con antenas multibanda y sistemas de cable con fugas.<\/p>\n<p style='font-size: 15px; color: inherit; text-align: justify; margin-top: 0; margin-bottom: 0;'>Con pocas uniones de soldadura y un diel\u00e9ctrico de aire&comma; la p\u00e9rdida se ha minimizado y se ha mejorado la confiabilidad.<\/p>\n<\/p><\/div>\n<\/p><\/div>\n<div style='display: flex; flex-wrap: wrap; gap: 20px; margin-bottom: 30px;'>\n<div style='flex: 1 1 250px; border: 1px solid rgba(150&comma; 150&comma; 150&comma; 0.4); border-radius: 8px; overflow: hidden; display: flex; flex-direction: column;'>\n<div style='padding: 15px; border-bottom: 1px solid rgba(150&comma; 150&comma; 150&comma; 0.2); font-weight: bold; font-size: 18px; color: inherit;'>Caracter\u00edsticas<\/div>\n<div style='padding: 15px; color: inherit;'>\n<ul style='padding-left: 20px; margin: 0; font-size: 14px; list-style-type: disc;'>\n<li style='margin-bottom: 5px;'><span style='color: inherit;'>Divisores de banda ultraancha para LTE-LAA<\/span><\/li>\n<li style='margin-bottom: 5px;'><span style='color: inherit;'>Potencia media de 300 W<\/span><\/li>\n<li style='margin-bottom: 5px;'><span style='color: inherit;'>PIM bajo garantizado<\/span><\/li>\n<li style='margin-bottom: 5px;'><span style='color: inherit;'>P\u00e9rdida m\u00ednima de inserci\u00f3n de RF<\/span><\/li>\n<li style='margin-bottom: 5px;'><span style='color: inherit;'>Clasificaci\u00f3n IP67<\/span><\/li>\n<li style='margin-bottom: 5px;'><span style='color: inherit;'>RoHS<\/span><\/li>\n<li style='margin-bottom: 5px;'><span style='color: inherit;'>4.3-10 Conectores de brida<\/span><\/li>\n<\/ul><\/div>\n<\/p><\/div>\n<\/p><\/div>\n<div style='display: flex; flex-wrap: wrap; gap: 20px; margin-bottom: 30px;'>\n<div style='flex: 1 1 250px; border: 1px solid rgba(150&comma; 150&comma; 150&comma; 0.4); border-radius: 8px; overflow: hidden; display: flex; flex-direction: column;'>\n<div style='padding: 15px; border-bottom: 1px solid rgba(150&comma; 150&comma; 150&comma; 0.2); font-weight: bold; font-size: 18px; color: inherit;'>Especificaciones<\/div>\n<div style='padding: 15px; color: inherit;'>\n<ul style='padding-left: 20px; margin: 0; font-size: 14px; list-style-type: disc;'>\n<li style='margin-bottom: 5px;'><strong style='color: inherit;'>Frecuencia:<\/strong> 617 \u2013 5925 MHz<\/li>\n<li style='margin-bottom: 5px;'><strong style='color: inherit;'>Poder:<\/strong> 300 W de media&comma; 1 kW de pico<\/li>\n<li style='margin-bottom: 5px;'><strong style='color: inherit;'>P\u00e9rdida dividida:<\/strong> 3dB<\/li>\n<li style='margin-bottom: 5px;'><strong style='color: inherit;'>VSWR:<\/strong> 1&comma;20:1 m\u00e1x. @ 617-3800 MHz<\/li>\n<li style='margin-bottom: 5px;'><span style='color: inherit;'><\/span>1&comma;30:1 m\u00e1x. @ 4900-5925 MHz<\/li>\n<li style='margin-bottom: 5px;'><strong style='color: inherit;'>PIM:<\/strong> -165 dBc (-122 dBm) t\u00edpico.<\/li>\n<li style='margin-bottom: 5px;'><span style='color: inherit;'><\/span>< -161 dBc (-118 dBm) (prueba con 2 tonos de +43 dBm)<\/li>\n<li style='margin-bottom: 5px;'><strong style='color: inherit;'>Conector:<\/strong> 4.3-10 f)<\/li>\n<li style='margin-bottom: 5px;'><strong style='color: inherit;'>Protecci\u00f3n de ingreso:<\/strong> IP67<\/li>\n<li style='margin-bottom: 5px;'><strong style='color: inherit;'>Peso:<\/strong> 0&comma;7 libras (0&comma;3 kg)<\/li>\n<\/ul><\/div>\n<\/p><\/div>\n<\/p><\/div>\n<hr style='border: 0; border-top: 1px solid rgba(150&comma; 150&comma; 150&comma; 0.3); margin: 30px 0;'> <\/div>\n","protected":false},"excerpt":{"rendered":"<p>DIVISOR REACTIVO DE 2 VIAS 617-5925MHz 300W -161dBC 4.3-10 IP67<\/p>\n","protected":false},"featured_media":59930,"comment_status":"open","ping_status":"closed","template":"","meta":[],"product_brand":[],"product_cat":[1529,1528,1755],"product_tag":[1535,1534,1533,1757,1756],"class_list":{"0":"post-59931","1":"product","2":"type-product","3":"status-publish","4":"has-post-thumbnail","6":"product_cat-4g","7":"product_cat-cobertura-celular-5g","8":"product_cat-sistemas-de-antenas-distribuidas-das","9":"product_tag-3g-y-voz","10":"product_tag-4g","11":"product_tag-cobertura-celular-5g","12":"product_tag-microlab","13":"product_tag-sistemas-de-antenas-distribuidas-das","15":"first","16":"outofstock","17":"sale","18":"shipping-taxable","19":"purchasable","20":"product-type-simple"},"_links":{"self":[{"href":"https:\/\/soydeaqui.ddns.net\/pachuca\/index.php\/wp-json\/wp\/v2\/product\/59931","targetHints":{"allow":["GET"]}}],"collection":[{"href":"https:\/\/soydeaqui.ddns.net\/pachuca\/index.php\/wp-json\/wp\/v2\/product"}],"about":[{"href":"https:\/\/soydeaqui.ddns.net\/pachuca\/index.php\/wp-json\/wp\/v2\/types\/product"}],"replies":[{"embeddable":true,"href":"https:\/\/soydeaqui.ddns.net\/pachuca\/index.php\/wp-json\/wp\/v2\/comments?post=59931"}],"wp:featuredmedia":[{"embeddable":true,"href":"https:\/\/soydeaqui.ddns.net\/pachuca\/index.php\/wp-json\/wp\/v2\/media\/59930"}],"wp:attachment":[{"href":"https:\/\/soydeaqui.ddns.net\/pachuca\/index.php\/wp-json\/wp\/v2\/media?parent=59931"}],"wp:term":[{"taxonomy":"product_brand","embeddable":true,"href":"https:\/\/soydeaqui.ddns.net\/pachuca\/index.php\/wp-json\/wp\/v2\/product_brand?post=59931"},{"taxonomy":"product_cat","embeddable":true,"href":"https:\/\/soydeaqui.ddns.net\/pachuca\/index.php\/wp-json\/wp\/v2\/product_cat?post=59931"},{"taxonomy":"product_tag","embeddable":true,"href":"https:\/\/soydeaqui.ddns.net\/pachuca\/index.php\/wp-json\/wp\/v2\/product_tag?post=59931"}],"curies":[{"name":"wp","href":"https:\/\/api.w.org\/{rel}","templated":true}]}}