{"id":59403,"date":"2026-03-19T05:00:30","date_gmt":"2026-03-19T05:00:30","guid":{"rendered":"https:\/\/soydeaqui.ddns.net\/pachuca\/index.php\/producto\/radio-poc-4g-lte-recomendado-para-tassta-y-nxradio-resistente-al-agua-ip67\/"},"modified":"2026-03-19T05:00:39","modified_gmt":"2026-03-19T05:00:39","slug":"radio-poc-4g-lte-recomendado-para-tassta-y-nxradio-resistente-al-agua-ip67","status":"publish","type":"product","link":"https:\/\/soydeaqui.ddns.net\/pachuca\/index.php\/producto\/radio-poc-4g-lte-recomendado-para-tassta-y-nxradio-resistente-al-agua-ip67\/","title":{"rendered":"Radio PoC 4G LTE Recomendado para TASSTA y NXRadio, Resistente al Agua IP67"},"content":{"rendered":"<div style='width: 100%; max-width: 1200px; margin: 0 auto; font-family: sans-serif; line-height: 1.6; color: inherit; background-color: transparent;'> <!-- Header con logo --> <\/p>\n<div style='width: 100%; margin: 20px 0;'> <img style='width: 100%; max-width: 300px; height: auto; border: 1px solid rgba(150&comma;150&comma;150&comma;0.3); border-radius: 8px;' src='https:\/\/ftp3.syscom.mx\/usuarios\/ftp\/single_page\/telox\/telox_blanco.png' alt='Logo Telox'> <\/div>\n<p> <!-- Banner principal --> <\/p>\n<div style='width: 100%; margin: 30px 0; position: relative;'> <img style='width: 100%; height: auto; border: 1px solid rgba(150&comma;150&comma;150&comma;0.3); border-radius: 8px;' src='https:\/\/ftp3.syscom.mx\/usuarios\/ftp\/single_page\/telox\/banner11.png' alt='Banner principal'> <\/p>\n<div style='position: absolute; top: 50%; left: 50%; transform: translate(-50%&comma; -50%); width: 100%; max-width: 800px; text-align: center;'>\n<div style='display: flex; flex-wrap: wrap; align-items: center; justify-content: center; gap: 30px;'>\n<div style='flex: 1 1 250px; min-width: 200px;'> <img style='width: 100%; max-width: 150px; height: auto; border: 1px solid rgba(150&comma;150&comma;150&comma;0.3); border-radius: 8px;' src='https:\/\/ftp3.syscom.mx\/usuarios\/ftp\/single_page\/telox\/dos_radios.png' alt='Doble radio'> <\/div>\n<div style='flex: 2 1 300px; color: white;'>\n<h1 style='font-size: 2.5rem; margin: 0; color: #e98101; font-weight: bold;'>TE320<\/h1>\n<p style='font-size: 1.5rem; margin-top: 10px; color: inherit;'>DISE\u00d1O PERFECTO QUE COMBINA DURABILIDAD Y FACILIDAD DE USO<\/p>\n<\/p><\/div>\n<\/p><\/div>\n<\/p><\/div>\n<\/p><\/div>\n<p> <!-- Caracter\u00edsticas principales --> <\/p>\n<div style='width: 100%; margin: 30px 0; display: flex; flex-wrap: wrap; justify-content: center; gap: 20px;'>\n<div style='flex: 1 1 150px; min-width: 120px; text-align: center; color: inherit;'> <img style='width: 60px; height: auto; border: 1px solid rgba(150&comma;150&comma;150&comma;0.3); border-radius: 8px; margin-bottom: 10px;' src='https:\/\/ftp3.syscom.mx\/usuarios\/ftp\/single_page\/telox\/icon_ban_01.png' alt='Doble SIM'> <\/p>\n<p style='margin: 0;'>Doble SIM<\/p>\n<\/p><\/div>\n<div style='flex: 1 1 150px; min-width: 120px; text-align: center; color: inherit;'> <img style='width: 60px; height: auto; border: 1px solid rgba(150&comma;150&comma;150&comma;0.3); border-radius: 8px; margin-bottom: 10px;' src='https:\/\/ftp3.syscom.mx\/usuarios\/ftp\/single_page\/telox\/icon_ban_02.png' alt='Audio 3W'> <\/p>\n<p style='margin: 0;'>Audio Claro y Potente de 3 W<\/p>\n<\/p><\/div>\n<div style='flex: 1 1 150px; min-width: 120px; text-align: center; color: inherit;'> <img style='width: 60px; height: auto; border: 1px solid rgba(150&comma;150&comma;150&comma;0.3); border-radius: 8px; margin-bottom: 10px;' src='https:\/\/ftp3.syscom.mx\/usuarios\/ftp\/single_page\/telox\/icon_ban_03.png' alt='Bater\u00eda 4000mAh'> <\/p>\n<p style='margin: 0;'>Bater\u00eda de Larga Duraci\u00f3n de 4000 mA<\/p>\n<\/p><\/div>\n<div style='flex: 1 1 150px; min-width: 120px; text-align: center; color: inherit;'> <img style='width: 60px; height: auto; border: 1px solid rgba(150&comma;150&comma;150&comma;0.3); border-radius: 8px; margin-bottom: 10px;' src='https:\/\/ftp3.syscom.mx\/usuarios\/ftp\/single_page\/telox\/icon_ban_04.png' alt='Resistente'> <\/p>\n<p style='margin: 0;'>Confiable y Robusto<\/p>\n<\/p><\/div>\n<div style='flex: 1 1 150px; min-width: 120px; text-align: center; color: inherit;'> <img style='width: 60px; height: auto; border: 1px solid rgba(150&comma;150&comma;150&comma;0.3); border-radius: 8px; margin-bottom: 10px;' src='https:\/\/ftp3.syscom.mx\/usuarios\/ftp\/single_page\/telox\/icon_ban_05.png' alt='APPs de Radio'> <\/p>\n<p style='margin: 0;'>Listo para APPs de Radio<\/p>\n<\/p><\/div>\n<\/p><\/div>\n<p> <!-- Secci\u00f3n de ventajas --> <\/p>\n<div style='width: 100%; margin: 30px 0; display: flex; flex-wrap: wrap; gap: 30px;'>\n<div style='flex: 1 1 300px; min-width: 280px;'> <img style='width: 100%; height: auto; border: 1px solid rgba(150&comma;150&comma;150&comma;0.3); border-radius: 8px; margin-bottom: 15px;' src='https:\/\/ftp3.syscom.mx\/usuarios\/ftp\/single_page\/telox\/radio_grande.png' alt='Radio principal'> <\/p>\n<h3 style='font-size: 22px; border-bottom: 2px solid currentColor; padding-bottom: 5px; margin-top: 0; color: inherit; opacity: 0.8;'>Sonido Claro y Potente<\/h3>\n<p style='color: inherit;'>Disfrute de llamadas n\u00edtidas y de alta calidad de audio gracias a la potente bocina de 3 Watts y al excepcional dise\u00f1o ac\u00fastico.<\/p>\n<\/p><\/div>\n<div style='flex: 1 1 300px; min-width: 280px;'>\n<h3 style='font-size: 22px; border-bottom: 2px solid currentColor; padding-bottom: 5px; margin-top: 0; color: inherit; opacity: 0.8;'>Confiable y Resistente<\/h3>\n<p style='color: inherit;'>Est\u00e1 certificado con el est\u00e1ndar IP67 para resistir agua&comma; polvo y golpes&comma; adem\u00e1s puede ser incluso dejado caer desde una altura de 1.5 m. Asegura una comunicaci\u00f3n continua incluso en entornos adversos y permite mantener conversaciones clave con tu equipo.<\/p>\n<p> <img style='width: 100%; height: auto; border: 1px solid rgba(150&comma;150&comma;150&comma;0.3); border-radius: 8px; margin-top: 15px;' src='https:\/\/ftp3.syscom.mx\/usuarios\/ftp\/single_page\/telox\/water_bg.jpg' alt='Resistente al agua'> <\/div>\n<div style='flex: 1 1 300px; min-width: 280px;'>\n<h3 style='font-size: 22px; border-bottom: 2px solid currentColor; padding-bottom: 5px; margin-top: 0; color: inherit; opacity: 0.8;'>Bater\u00eda de Mayor Capacidad<\/h3>\n<p style='color: inherit;'>La bater\u00eda de pol\u00edmero de litio removible de 4000mAh permite un uso m\u00e1s seguro y confiable. Adem\u00e1s&comma; ofrece un rendimiento de m\u00e1s de 48 horas en operaci\u00f3n 10\/10\/80 (10% de transmisi\u00f3n&comma; 10% de recepci\u00f3n&comma; 80% en espera).<\/p>\n<p> <img style='width: 100%; height: auto; border: 1px solid rgba(150&comma;150&comma;150&comma;0.3); border-radius: 8px; margin-top: 15px;' src='https:\/\/ftp3.syscom.mx\/usuarios\/ftp\/single_page\/telox\/battery_pro.jpg' alt='Bater\u00eda de 4000mAh'> <\/div>\n<\/p><\/div>\n<p> <!-- Secci\u00f3n de ventajas detalladas --> <\/p>\n<div style='width: 100%; margin: 30px 0; display: flex; flex-wrap: wrap; gap: 30px;'>\n<div style='flex: 1 1 250px; min-width: 200px;'> <img style='width: 60px; height: auto; border: 1px solid rgba(150&comma;150&comma;150&comma;0.3); border-radius: 8px; margin-bottom: 10px;' src='https:\/\/ftp3.syscom.mx\/usuarios\/ftp\/single_page\/telox\/icon_adv_01.png' alt='Doble SIM'> <\/p>\n<h4 style='font-size: 18px; margin-top: 0; color: inherit;'>Doble SIM compatible con bandas LTE Globales<\/h4>\n<p style='color: inherit;'>Compatible con una gran cantidad de bandas LTE para un uso global.<\/p>\n<\/p><\/div>\n<div style='flex: 1 1 250px; min-width: 200px;'> <img style='width: 60px; height: auto; border: 1px solid rgba(150&comma;150&comma;150&comma;0.3); border-radius: 8px; margin-bottom: 10px;' src='https:\/\/ftp3.syscom.mx\/usuarios\/ftp\/single_page\/telox\/icon_adv_02.png' alt='Aplicaciones PTT'> <\/p>\n<h4 style='font-size: 18px; margin-top: 0; color: inherit;'>Listo para aplicaciones PTT<\/h4>\n<p style='color: inherit;'>Optimizado para aplicaciones PTT como NXRADIO y TASSTA garantizando llamadas de radio seguras y completamente privadas con encripci\u00f3n AES-256.<\/p>\n<p style='color: inherit;'>Asegura la privacidad de sus comunicaciones&comma; ya que no permite realizar o recibir llamadas de la red de telefon\u00eda convencional.<\/p>\n<\/p><\/div>\n<div style='flex: 1 1 250px; min-width: 200px;'> <img style='width: 60px; height: auto; border: 1px solid rgba(150&comma;150&comma;150&comma;0.3); border-radius: 8px; margin-bottom: 10px;' src='https:\/\/ftp3.syscom.mx\/usuarios\/ftp\/single_page\/telox\/icon_adv_04.png' alt='Botones f\u00edsicos'> <\/p>\n<h4 style='font-size: 18px; margin-top: 0; color: inherit;'>Pr\u00e1cticos botones f\u00edsicos<\/h4>\n<p style='color: inherit;'>Mejore su experiencia de uso con nuestra perilla profesional selectora de canales&comma; bot\u00f3n SOS y control de volumen&comma; que le permitir\u00e1n operar de manera sencilla y eficiente.<\/p>\n<\/p><\/div>\n<div style='flex: 1 1 250px; min-width: 200px;'> <img style='width: 60px; height: auto; border: 1px solid rgba(150&comma;150&comma;150&comma;0.3); border-radius: 8px; margin-bottom: 10px;' src='https:\/\/ftp3.syscom.mx\/usuarios\/ftp\/single_page\/telox\/icon_adv_03.png' alt='Robusto'> <\/p>\n<h4 style='font-size: 18px; margin-top: 0; color: inherit;'>Robusto y confiable<\/h4>\n<p style='color: inherit;'>Garantiza una comunicaci\u00f3n continua en ambientes dif\u00edciles gracias a su certificaci\u00f3n IP67 que le permite resistir agua y polvo. Adem\u00e1s&comma; ofrece resistencia a impactos por ca\u00eddas de 1.5m de altura asegurando durabilidad en cualquier situaci\u00f3n.<\/p>\n<\/p><\/div>\n<div style='flex: 1 1 250px; min-width: 200px;'> <img style='width: 60px; height: auto; border: 1px solid rgba(150&comma;150&comma;150&comma;0.3); border-radius: 8px; margin-bottom: 10px;' src='https:\/\/ftp3.syscom.mx\/usuarios\/ftp\/single_page\/telox\/icon_adv_05.png' alt='Pantalla'> <\/p>\n<h4 style='font-size: 18px; margin-top: 0; color: inherit;'>Informaci\u00f3n siempre a la vista<\/h4>\n<p style='color: inherit;'>Con su pantalla a color de 2 pulgadas y alta resoluci\u00f3n&comma; podr\u00e1 acceder de manera clara y r\u00e1pida a la informaci\u00f3n y ajustes que necesite revisar.<\/p>\n<\/p><\/div>\n<\/p><\/div>\n<p> <!-- Especificaciones --> <\/p>\n<div style='width: 100%; margin: 30px 0;'>\n<h3 style='font-size: 22px; border-bottom: 2px solid currentColor; padding-bottom: 5px; margin-top: 0; color: inherit; opacity: 0.8;'>Especificaciones<\/h3>\n<p> <!-- Caracter\u00edsticas F\u00edsicas --> <\/p>\n<div style='margin-top: 20px;'>\n<h4 style='font-size: 18px; margin-top: 0; color: inherit;'>Caracter\u00edsticas F\u00edsicas<\/h4>\n<div style='display: flex; flex-wrap: wrap; gap: 10px; margin-top: 10px;'>\n<div style='flex: 1 1 200px; min-width: 150px; border: 1px solid rgba(150&comma;150&comma;150&comma;0.4); border-radius: 8px; padding: 10px;'> <strong style='color: inherit;'>Dimensiones:<\/strong> 129mm*58mm*26.5mm <\/div>\n<div style='flex: 1 1 200px; min-width: 150px; border: 1px solid rgba(150&comma;150&comma;150&comma;0.4); border-radius: 8px; padding: 10px;'> <strong style='color: inherit;'>Peso:<\/strong> 230g <\/div>\n<div style='flex: 1 1 200px; min-width: 150px; border: 1px solid rgba(150&comma;150&comma;150&comma;0.4); border-radius: 8px; padding: 10px;'> <strong style='color: inherit;'>Protecci\u00f3n contra agua y polvo:<\/strong> IP67 <\/div>\n<div style='flex: 1 1 200px; min-width: 150px; border: 1px solid rgba(150&comma;150&comma;150&comma;0.4); border-radius: 8px; padding: 10px;'> <strong style='color: inherit;'>Prueba de Ca\u00edda:<\/strong> 1.5m <\/div>\n<div style='flex: 1 1 200px; min-width: 150px; border: 1px solid rgba(150&comma;150&comma;150&comma;0.4); border-radius: 8px; padding: 10px;'> <strong style='color: inherit;'>Temperatura de Operaci\u00f3n:<\/strong> -20\u00b0C a 60\u00b0C <\/div>\n<\/p><\/div>\n<\/p><\/div>\n<p> <!-- Pantalla y Botones --> <\/p>\n<div style='margin-top: 20px;'>\n<h4 style='font-size: 18px; margin-top: 0; color: inherit;'>Pantalla y Botones<\/h4>\n<div style='display: flex; flex-wrap: wrap; gap: 10px; margin-top: 10px;'>\n<div style='flex: 1 1 200px; min-width: 150px; border: 1px solid rgba(150&comma;150&comma;150&comma;0.4); border-radius: 8px; padding: 10px;'> <strong style='color: inherit;'>Resoluci\u00f3n:<\/strong> 320*240 <\/div>\n<div style='flex: 1 1 200px; min-width: 150px; border: 1px solid rgba(150&comma;150&comma;150&comma;0.4); border-radius: 8px; padding: 10px;'> <strong style='color: inherit;'>Pixeles por pulgada (PPI):<\/strong> 200 <\/div>\n<div style='flex: 1 1 200px; min-width: 150px; border: 1px solid rgba(150&comma;150&comma;150&comma;0.4); border-radius: 8px; padding: 10px;'> <strong style='color: inherit;'>Tipo:<\/strong> LCD TFT (No t\u00e1ctil) <\/div>\n<div style='flex: 1 1 200px; min-width: 150px; border: 1px solid rgba(150&comma;150&comma;150&comma;0.4); border-radius: 8px; padding: 10px;'> <strong style='color: inherit;'>Botones y Teclas:<\/strong> <\/p>\n<ul style='margin: 5px 0 0 20px; padding: 0; list-style-type: disc; color: inherit;'>\n<li style='margin-bottom: 5px;'>Bot\u00f3n lateral de encendido<\/li>\n<li style='margin-bottom: 5px;'>PTT<\/li>\n<li style='margin-bottom: 5px;'>Navegaci\u00f3n<\/li>\n<li style='margin-bottom: 5px;'>Audio + y Audio &#8211;<\/li>\n<li style='margin-bottom: 5px;'>Bot\u00f3n de Emergencia<\/li>\n<li style='margin-bottom: 5px;'>Selector de Canales<\/li>\n<li style='margin-bottom: 5px;'>LED de estado (Rojo&comma; Azul&comma; Verde)<\/li>\n<li style='margin-bottom: 5px;'>Anunciamiento por voz (Motor TTS preinstalado)<\/li>\n<\/ul><\/div>\n<\/p><\/div>\n<\/p><\/div>\n<p> <!-- Hardware --> <\/p>\n<div style='margin-top: 20px;'>\n<h4 style='font-size: 18px; margin-top: 0; color: inherit;'>Hardware<\/h4>\n<div style='display: flex; flex-wrap: wrap; gap: 10px; margin-top: 10px;'>\n<div style='flex: 1 1 200px; min-width: 150px; border: 1px solid rgba(150&comma;150&comma;150&comma;0.4); border-radius: 8px; padding: 10px;'> <strong style='color: inherit;'>Procesador:<\/strong> Quad-core ARM Cortex-A53 1.5GHz&comma; 64 bits <\/div>\n<div style='flex: 1 1 200px; min-width: 150px; border: 1px solid rgba(150&comma;150&comma;150&comma;0.4); border-radius: 8px; padding: 10px;'> <strong style='color: inherit;'>Memoria:<\/strong> 1GB RAM <\/div>\n<div style='flex: 1 1 200px; min-width: 150px; border: 1px solid rgba(150&comma;150&comma;150&comma;0.4); border-radius: 8px; padding: 10px;'> <strong style='color: inherit;'>Almacenamiento:<\/strong> 8GB ROM Expandible hasta 128GB con tarjeta Micro SD <\/div>\n<div style='flex: 1 1 200px; min-width: 150px; border: 1px solid rgba(150&comma;150&comma;150&comma;0.4); border-radius: 8px; padding: 10px;'> <strong style='color: inherit;'>Bater\u00eda:<\/strong> Extra\u00edble&comma; 4000 mAh de Pol\u00edmeros de Litio <\/div>\n<div style='flex: 1 1 200px; min-width: 150px; border: 1px solid rgba(150&comma;150&comma;150&comma;0.4); border-radius: 8px; padding: 10px;'> <strong style='color: inherit;'>Sensores:<\/strong> Aceler\u00f3metro <\/div>\n<\/p><\/div>\n<\/p><\/div>\n<p> <!-- Conectividad --> <\/p>\n<div style='margin-top: 20px;'>\n<h4 style='font-size: 18px; margin-top: 0; color: inherit;'>Conectividad<\/h4>\n<div style='display: flex; flex-wrap: wrap; gap: 10px; margin-top: 10px;'>\n<div style='flex: 1 1 200px; min-width: 150px; border: 1px solid rgba(150&comma;150&comma;150&comma;0.4); border-radius: 8px; padding: 10px;'> <strong style='color: inherit;'>Redes Celulares:<\/strong> <\/p>\n<ul style='margin: 5px 0 0 20px; padding: 0; list-style-type: disc; color: inherit;'>\n<li style='margin-bottom: 5px;'>GSM: B2\/3\/5<\/li>\n<li style='margin-bottom: 5px;'>WCDMA: B1\/B2\/B4\/B5<\/li>\n<li style='margin-bottom: 5px;'>TFDD-LTE: B2\/B4\/B5\/B7\/B12\/B13\/B17\/B28a\/B28b\/B66<\/li>\n<li style='margin-bottom: 5px;'>TDD-LTE: B41<\/li>\n<\/ul><\/div>\n<div style='flex: 1 1 200px; min-width: 150px; border: 1px solid rgba(150&comma;150&comma;150&comma;0.4); border-radius: 8px; padding: 10px;'> <strong style='color: inherit;'>Categor\u00eda LTE:<\/strong> LTE FDD R9 Cat.4 150Mbps\/50Mbps <\/div>\n<div style='flex: 1 1 200px; min-width: 150px; border: 1px solid rgba(150&comma;150&comma;150&comma;0.4); border-radius: 8px; padding: 10px;'> <strong style='color: inherit;'>WiFi:<\/strong> IEEE 802.11 b\/g\/n\/ 2.4\/5GHz <\/div>\n<div style='flex: 1 1 200px; min-width: 150px; border: 1px solid rgba(150&comma;150&comma;150&comma;0.4); border-radius: 8px; padding: 10px;'> <strong style='color: inherit;'>Bluetooth:<\/strong> V4.2+LE+HS+EDR <\/div>\n<div style='flex: 1 1 200px; min-width: 150px; border: 1px solid rgba(150&comma;150&comma;150&comma;0.4); border-radius: 8px; padding: 10px;'> <strong style='color: inherit;'>Localizaci\u00f3n:<\/strong> GPS&comma; GLONASS&comma; BEIDOU y AGPS <\/div>\n<\/p><\/div>\n<\/p><\/div>\n<p> <!-- Interfaz --> <\/p>\n<div style='margin-top: 20px;'>\n<h4 style='font-size: 18px; margin-top: 0; color: inherit;'>Interfaz<\/h4>\n<div style='display: flex; flex-wrap: wrap; gap: 10px; margin-top: 10px;'>\n<div style='flex: 1 1 200px; min-width: 150px; border: 1px solid rgba(150&comma;150&comma;150&comma;0.4); border-radius: 8px; padding: 10px;'> <strong style='color: inherit;'>Nano SIM:<\/strong> Doble SIM <\/div>\n<div style='flex: 1 1 200px; min-width: 150px; border: 1px solid rgba(150&comma;150&comma;150&comma;0.4); border-radius: 8px; padding: 10px;'> <strong style='color: inherit;'>M6 Audio:<\/strong> Soporte para manos libres <\/div>\n<div style='flex: 1 1 200px; min-width: 150px; border: 1px solid rgba(150&comma;150&comma;150&comma;0.4); border-radius: 8px; padding: 10px;'> <strong style='color: inherit;'>USB:<\/strong> Tipo C&comma; USB 2.0&comma; Soporta OTG <\/div>\n<\/p><\/div>\n<\/p><\/div>\n<p> <!-- Plataforma --> <\/p>\n<div style='margin-top: 20px;'>\n<h4 style='font-size: 18px; margin-top: 0; color: inherit;'>Plataforma<\/h4>\n<div style='display: flex; flex-wrap: wrap; gap: 10px; margin-top: 10px;'>\n<div style='flex: 1 1 200px; min-width: 150px; border: 1px solid rgba(150&comma;150&comma;150&comma;0.4); border-radius: 8px; padding: 10px;'> <strong style='color: inherit;'>Sistema operativo:<\/strong> Android 8.1 <\/div>\n<div style='flex: 1 1 200px; min-width: 150px; border: 1px solid rgba(150&comma;150&comma;150&comma;0.4); border-radius: 8px; padding: 10px;'> <strong style='color: inherit;'>Aplicaciones precargadas:<\/strong> TASSTA PTT <\/div>\n<\/p><\/div>\n<\/p><\/div>\n<p> <!-- Audio --> <\/p>\n<div style='margin-top: 20px;'>\n<h4 style='font-size: 18px; margin-top: 0; color: inherit;'>Audio<\/h4>\n<div style='display: flex; flex-wrap: wrap; gap: 10px; margin-top: 10px;'>\n<div style='flex: 1 1 200px; min-width: 150px; border: 1px solid rgba(150&comma;150&comma;150&comma;0.4); border-radius: 8px; padding: 10px;'> <strong style='color: inherit;'>Micr\u00f3fono doble:<\/strong> Micr\u00f3fono doble con cancelaci\u00f3n de ruido <\/div>\n<div style='flex: 1 1 200px; min-width: 150px; border: 1px solid rgba(150&comma;150&comma;150&comma;0.4); border-radius: 8px; padding: 10px;'> <strong style='color: inherit;'>Bocina:<\/strong> 3 Watts Calidad de Radio <\/div>\n<\/p><\/div>\n<\/p><\/div>\n<p> <!-- Accesorios --> <\/p>\n<div style='margin-top: 20px;'>\n<h4 style='font-size: 18px; margin-top: 0; color: inherit;'>Accesorios<\/h4>\n<div style='display: flex; flex-wrap: wrap; gap: 10px; margin-top: 10px;'>\n<div style='flex: 1 1 200px; min-width: 150px; border: 1px solid rgba(150&comma;150&comma;150&comma;0.4); border-radius: 8px; padding: 10px;'> <strong style='color: inherit;'>Incluidos:<\/strong> <\/p>\n<ul style='margin: 5px 0 0 20px; padding: 0; list-style-type: disc; color: inherit;'>\n<li style='margin-bottom: 5px;'>Cable USB<\/li>\n<li style='margin-bottom: 5px;'>Cargador<\/li>\n<li style='margin-bottom: 5px;'>Bater\u00eda<\/li>\n<li style='margin-bottom: 5px;'>Clip de resorte para cintur\u00f3n<\/li>\n<li style='margin-bottom: 5px;'>Gu\u00eda r\u00e1pida de usuario<\/li>\n<\/ul><\/div>\n<div style='flex: 1 1 200px; min-width: 150px; border: 1px solid rgba(150&comma;150&comma;150&comma;0.4); border-radius: 8px; padding: 10px;'> <strong style='color: inherit;'>Opcionales:<\/strong> <\/p>\n<ul style='margin: 5px 0 0 20px; padding: 0; list-style-type: disc; color: inherit;'>\n<li style='margin-bottom: 5px;'>Cargador de escritorio<\/li>\n<li style='margin-bottom: 5px;'>Unidad Multicargador<\/li>\n<li style='margin-bottom: 5px;'>Micr\u00f3fonos tipo solapa<\/li>\n<li style='margin-bottom: 5px;'>Micr\u00f3fonos manos libres<\/li>\n<\/ul><\/div>\n<\/p><\/div>\n<\/p><\/div>\n<\/p><\/div>\n<p> <!-- Separador final --> <\/p>\n<hr style='border: 0; border-top: 1px solid rgba(150&comma; 150&comma; 150&comma; 0.3); margin: 30px 0;'> <\/div>\n","protected":false},"excerpt":{"rendered":"<p>Radio PoC 4G LTE Recomendado para TASSTA y NXRadio, Resistente al Agua IP67<\/p>\n","protected":false},"featured_media":59402,"comment_status":"open","ping_status":"closed","template":"","meta":[],"product_brand":[],"product_cat":[1507],"product_tag":[1509,1508,1551],"class_list":{"0":"post-59403","1":"product","2":"type-product","3":"status-publish","4":"has-post-thumbnail","6":"product_cat-plataforma-tassta","7":"product_tag-plataforma-tassta","8":"product_tag-radios-lte","9":"product_tag-telo-systems","11":"first","12":"instock","13":"sale","14":"shipping-taxable","15":"purchasable","16":"product-type-simple"},"_links":{"self":[{"href":"https:\/\/soydeaqui.ddns.net\/pachuca\/index.php\/wp-json\/wp\/v2\/product\/59403","targetHints":{"allow":["GET"]}}],"collection":[{"href":"https:\/\/soydeaqui.ddns.net\/pachuca\/index.php\/wp-json\/wp\/v2\/product"}],"about":[{"href":"https:\/\/soydeaqui.ddns.net\/pachuca\/index.php\/wp-json\/wp\/v2\/types\/product"}],"replies":[{"embeddable":true,"href":"https:\/\/soydeaqui.ddns.net\/pachuca\/index.php\/wp-json\/wp\/v2\/comments?post=59403"}],"wp:featuredmedia":[{"embeddable":true,"href":"https:\/\/soydeaqui.ddns.net\/pachuca\/index.php\/wp-json\/wp\/v2\/media\/59402"}],"wp:attachment":[{"href":"https:\/\/soydeaqui.ddns.net\/pachuca\/index.php\/wp-json\/wp\/v2\/media?parent=59403"}],"wp:term":[{"taxonomy":"product_brand","embeddable":true,"href":"https:\/\/soydeaqui.ddns.net\/pachuca\/index.php\/wp-json\/wp\/v2\/product_brand?post=59403"},{"taxonomy":"product_cat","embeddable":true,"href":"https:\/\/soydeaqui.ddns.net\/pachuca\/index.php\/wp-json\/wp\/v2\/product_cat?post=59403"},{"taxonomy":"product_tag","embeddable":true,"href":"https:\/\/soydeaqui.ddns.net\/pachuca\/index.php\/wp-json\/wp\/v2\/product_tag?post=59403"}],"curies":[{"name":"wp","href":"https:\/\/api.w.org\/{rel}","templated":true}]}}