{"id":59312,"date":"2026-03-19T04:57:40","date_gmt":"2026-03-19T04:57:40","guid":{"rendered":"https:\/\/soydeaqui.ddns.net\/pachuca\/index.php\/producto\/bobina-de-304-8-metros-1000-pies-de-cable-automotriz-txl-14-color-rojo-conductor-19-27-cobre-desnudo-aislamiento-polietileno-reticulado-xlpe-voltaje-50v-temp-51c-a-125c-especificacio\/"},"modified":"2026-03-19T04:57:42","modified_gmt":"2026-03-19T04:57:42","slug":"bobina-de-304-8-metros-1000-pies-de-cable-automotriz-txl-14-color-rojo-conductor-19-27-cobre-desnudo-aislamiento-polietileno-reticulado-xlpe-voltaje-50v-temp-51c-a-125c-especificacio","status":"publish","type":"product","link":"https:\/\/soydeaqui.ddns.net\/pachuca\/index.php\/producto\/bobina-de-304-8-metros-1000-pies-de-cable-automotriz-txl-14-color-rojo-conductor-19-27-cobre-desnudo-aislamiento-polietileno-reticulado-xlpe-voltaje-50v-temp-51c-a-125c-especificacio\/","title":{"rendered":"Bobina de 304.8 Metros (1000 Pies) de Cable Automotriz TXL 14 Color Rojo \/ Conductor 19\/27 Cobre Desnudo \/ Aislamiento Polietileno Reticulado (XLPE) \/ Voltaje 50V \/ Temp. -51?C a 125?C \/ Especificaciones Ford y Chrysler"},"content":{"rendered":"<div style='width: 100%; max-width: 1200px; margin: 0 auto; font-family: sans-serif; line-height: 1.6; color: inherit; background-color: transparent;'>\n<div style='display: flex; flex-wrap: wrap; gap: 30px; margin-bottom: 30px;'>\n<div style='flex: 1 1 300px; min-width: 280px;'>\n<h3 style='font-size: 22px; border-bottom: 2px solid currentColor; padding-bottom: 5px; margin-top: 0; color: inherit; opacity: 0.8;'>Descripci\u00f3n General<\/h3>\n<p style='font-size: 16px; color: inherit;'>El cable TXL-14 de 14 gauge es parte de nuestra l\u00ednea de cables y alambres automotrices. Este producto est\u00e1 dise\u00f1ado para aplicaciones automotrices que requieren un di\u00e1metro peque\u00f1o y peso m\u00ednimo&comma; cumpliendo con las especificaciones para productos Ford y Chrysler.<\/p>\n<\/p><\/div>\n<\/p><\/div>\n<div style='display: flex; flex-wrap: wrap; gap: 20px; margin-bottom: 30px;'>\n<div style='flex: 1 1 250px; border: 1px solid rgba(150&comma; 150&comma; 150&comma; 0.4); border-radius: 8px; overflow: hidden; display: flex; flex-direction: column;'>\n<div style='padding: 15px; border-bottom: 1px solid rgba(150&comma; 150&comma; 150&comma; 0.2); font-weight: bold; font-size: 18px; color: inherit;'>Caracter\u00edsticas Principales<\/div>\n<div style='padding: 15px; color: inherit;'>\n<ul style='padding-left: 20px; margin: 0; font-size: 14px; list-style-type: disc;'>\n<li style='margin-bottom: 5px;'>Conductor de cobre desnudo trenzado 19\/27.<\/li>\n<li style='margin-bottom: 5px;'>Aislamiento de polietileno reticulado (XLPE).<\/li>\n<li style='margin-bottom: 5px;'>Calibre de 14 AWG.<\/li>\n<li style='margin-bottom: 5px;'>Adecuado para aplicaciones automotrices con especificaciones Ford M1L-123A y Chrysler MS-8288.<\/li>\n<\/ul><\/div>\n<\/p><\/div>\n<\/p><\/div>\n<div style='display: flex; flex-wrap: wrap; gap: 20px; margin-bottom: 30px;'>\n<div style='flex: 1 1 250px; border: 1px solid rgba(150&comma; 150&comma; 150&comma; 0.4); border-radius: 8px; overflow: hidden; display: flex; flex-direction: column;'>\n<div style='padding: 15px; border-bottom: 1px solid rgba(150&comma; 150&comma; 150&comma; 0.2); font-weight: bold; font-size: 18px; color: inherit;'>Especificaciones<\/div>\n<div style='padding: 15px; color: inherit;'>\n<ul style='padding-left: 20px; margin: 0; font-size: 14px; list-style-type: disc;'>\n<li style='margin-bottom: 5px;'>N\u00famero de conductores: 1<\/li>\n<li style='margin-bottom: 5px;'>Material del conductor: Cobre desnudo<\/li>\n<li style='margin-bottom: 5px;'>Capacidad de voltaje: 50 voltios<\/li>\n<li style='margin-bottom: 5px;'>Peso aproximado: 14.1 lbs\/MFT<\/li>\n<li style='margin-bottom: 5px;'>Di\u00e1metro exterior nominal: 0.1030 pulgadas<\/li>\n<li style='margin-bottom: 5px;'>Espesor nominal del aislamiento: 0.016 pulgadas<\/li>\n<li style='margin-bottom: 5px;'>Rango de temperatura: -51\u00b0C a 125\u00b0C<\/li>\n<li style='margin-bottom: 5px;'>Especificaci\u00f3n SAE: SAE J-1128<\/li>\n<\/ul><\/div>\n<\/p><\/div>\n<div style='flex: 1 1 250px; border: 1px solid rgba(150&comma; 150&comma; 150&comma; 0.4); border-radius: 8px; overflow: hidden; display: flex; flex-direction: column;'>\n<div style='padding: 15px; border-bottom: 1px solid rgba(150&comma; 150&comma; 150&comma; 0.2); font-weight: bold; font-size: 18px; color: inherit;'>Interfaces y Conectividad<\/div>\n<div style='padding: 15px; color: inherit;'>\n<ul style='padding-left: 20px; margin: 0; font-size: 14px; list-style-type: disc;'>\n<li style='margin-bottom: 5px;'>No. de hilos: 19<\/li>\n<li style='margin-bottom: 5px;'>Tama\u00f1o del hilo: 27<\/li>\n<\/ul><\/div>\n<\/p><\/div>\n<\/p><\/div>\n<div style='display: flex; flex-wrap: wrap; gap: 20px; margin-bottom: 30px;'>\n<div style='flex: 1 1 250px; border: 1px solid rgba(150&comma; 150&comma; 150&comma; 0.4); border-radius: 8px; overflow: hidden; display: flex; flex-direction: column;'>\n<div style='padding: 15px; border-bottom: 1px solid rgba(150&comma; 150&comma; 150&comma; 0.2); font-weight: bold; font-size: 18px; color: inherit;'>Aplicaciones y Casos de Uso<\/div>\n<div style='padding: 15px; color: inherit;'>\n<p style='font-size: 14px; color: inherit;'>Este cable es ideal para aplicaciones automotrices donde se requiere poco peso y un di\u00e1metro reducido&comma; cumpliendo con las especificaciones de calidad tanto para Ford como para Chrysler.<\/p>\n<\/p><\/div>\n<\/p><\/div>\n<\/p><\/div>\n<hr style='border: 0; border-top: 1px solid rgba(150&comma; 150&comma; 150&comma; 0.3); margin: 30px 0;'> <\/div>\n","protected":false},"excerpt":{"rendered":"<p>Bobina de 304.8 Metros (1000 Pies) de Cable Automotriz TXL 14 Color Rojo \/ Conductor 19\/27 Cobre Desnudo \/ Aislamiento Polietileno Reticulado (XLPE) \/ Voltaje 50V \/ Temp. -51?C a 125?C \/ Especificaciones Ford y Chrysler<\/p>\n","protected":false},"featured_media":59311,"comment_status":"open","ping_status":"closed","template":"","meta":[],"product_brand":[],"product_cat":[1675],"product_tag":[93,138,182],"class_list":{"0":"post-59312","1":"product","2":"type-product","3":"status-publish","4":"has-post-thumbnail","6":"product_cat-accesorios-cables-radiocomunicacion","7":"product_tag-accesorios","8":"product_tag-cables","9":"product_tag-cobra-wire-cable","11":"first","12":"outofstock","13":"sale","14":"shipping-taxable","15":"purchasable","16":"product-type-simple"},"_links":{"self":[{"href":"https:\/\/soydeaqui.ddns.net\/pachuca\/index.php\/wp-json\/wp\/v2\/product\/59312","targetHints":{"allow":["GET"]}}],"collection":[{"href":"https:\/\/soydeaqui.ddns.net\/pachuca\/index.php\/wp-json\/wp\/v2\/product"}],"about":[{"href":"https:\/\/soydeaqui.ddns.net\/pachuca\/index.php\/wp-json\/wp\/v2\/types\/product"}],"replies":[{"embeddable":true,"href":"https:\/\/soydeaqui.ddns.net\/pachuca\/index.php\/wp-json\/wp\/v2\/comments?post=59312"}],"wp:featuredmedia":[{"embeddable":true,"href":"https:\/\/soydeaqui.ddns.net\/pachuca\/index.php\/wp-json\/wp\/v2\/media\/59311"}],"wp:attachment":[{"href":"https:\/\/soydeaqui.ddns.net\/pachuca\/index.php\/wp-json\/wp\/v2\/media?parent=59312"}],"wp:term":[{"taxonomy":"product_brand","embeddable":true,"href":"https:\/\/soydeaqui.ddns.net\/pachuca\/index.php\/wp-json\/wp\/v2\/product_brand?post=59312"},{"taxonomy":"product_cat","embeddable":true,"href":"https:\/\/soydeaqui.ddns.net\/pachuca\/index.php\/wp-json\/wp\/v2\/product_cat?post=59312"},{"taxonomy":"product_tag","embeddable":true,"href":"https:\/\/soydeaqui.ddns.net\/pachuca\/index.php\/wp-json\/wp\/v2\/product_tag?post=59312"}],"curies":[{"name":"wp","href":"https:\/\/api.w.org\/{rel}","templated":true}]}}