{"id":58953,"date":"2026-03-19T04:46:19","date_gmt":"2026-03-19T04:46:19","guid":{"rendered":"https:\/\/soydeaqui.ddns.net\/pachuca\/index.php\/producto\/panel-administrable-ip-con-control-de-energia-remoto-aplicaciones-de-12-y-24-vcc\/"},"modified":"2026-03-19T04:46:20","modified_gmt":"2026-03-19T04:46:20","slug":"panel-administrable-ip-con-control-de-energia-remoto-aplicaciones-de-12-y-24-vcc","status":"publish","type":"product","link":"https:\/\/soydeaqui.ddns.net\/pachuca\/index.php\/producto\/panel-administrable-ip-con-control-de-energia-remoto-aplicaciones-de-12-y-24-vcc\/","title":{"rendered":"Panel Administrable IP con Control de Energ\u00eda Remoto, Aplicaciones de  12 y 24 Vcc."},"content":{"rendered":"<div style='width: 100%; max-width: 1200px; margin: 0 auto; font-family: sans-serif; line-height: 1.6; color: inherit; background-color: transparent;'>\n<div style='display: flex; flex-wrap: wrap; gap: 30px; margin-bottom: 30px;'>\n<div style='flex: 1 1 300px; min-width: 280px;'>\n<h3 style='font-size: 22px; border-bottom: 2px solid currentColor; padding-bottom: 5px; margin-top: 0; color: inherit; opacity: 0.8;'>Monitoreo Remoto<\/h3>\n<p style='font-size: 15px; color: inherit;'> Mediante el puerto de red y el software de administraci\u00f3n incluido&comma; permite al usuario monitorear de forma remota la condici\u00f3n del panel&comma; el voltaje y la corriente&comma; as\u00ed como el consumo de cada salida en tiempo real lo que puede ser muy \u00fatil para identificar posibles fallas en los equipos conectados como radios&comma; repetidores&comma; amplificadores&comma; etc. <\/p>\n<\/p><\/div>\n<div style='flex: 1 1 300px; min-width: 280px;'>\n<h3 style='font-size: 22px; border-bottom: 2px solid currentColor; padding-bottom: 5px; margin-top: 0; color: inherit; opacity: 0.8;'>Control de Energ\u00eda Remoto por Ethernet<\/h3>\n<p style='font-size: 15px; color: inherit;'> Permite encender o apagar remotamente y de forma individual cada una de las salidas del panel mediante la conexi\u00f3n Ethernet. Esto permite encender&comma; apagar o reiniciar sus equipos en caso de falla o mantenimiento. Adicionalmente cuenta con la funci\u00f3n &#8216;Watchdog&#8217; la cual realiza un ping a una IP espec\u00edfica para reiniciar de forma espec\u00edfica equipos especiales como routers para evitar p\u00e9rdida de comunicaciones. <\/p>\n<\/p><\/div>\n<\/p><\/div>\n<div style='display: flex; flex-wrap: wrap; gap: 20px; margin-bottom: 30px;'>\n<div style='flex: 1 1 250px; border: 1px solid rgba(150&comma; 150&comma; 150&comma; 0.4); border-radius: 8px; overflow: hidden; display: flex; flex-direction: column;'>\n<div style='padding: 15px; border-bottom: 1px solid rgba(150&comma; 150&comma; 150&comma; 0.2); font-weight: bold; font-size: 18px; color: inherit;'>Caracter\u00edsticas Generales<\/div>\n<div style='padding: 15px; color: inherit;'>\n<ul style='padding-left: 20px; margin: 0; font-size: 14px; list-style-type: disc;'>\n<li style='margin-bottom: 5px;'>12 circuitos de salida protegidos por fusibles individuales&comma; 9 salidas con fusibles tipo ATO y 3 salidas con fusibles tipo JCASE.<\/li>\n<li style='margin-bottom: 5px;'>Rango de voltaje de operaci\u00f3n: 12-30 Vcc.<\/li>\n<li style='margin-bottom: 5px;'>Corriente pico para el panel: 180 A<\/li>\n<li style='margin-bottom: 5px;'>Corriente continua para el panel: 150A<\/li>\n<li style='margin-bottom: 5px;'>Fusibles ATO de 25A (Max).<\/li>\n<li style='margin-bottom: 5px;'>Fusibles JCASE de 40A (Max).<\/li>\n<li style='margin-bottom: 5px;'>Indicadores LED y contactos de alarmas para detecci\u00f3n de fallas.<\/li>\n<li style='margin-bottom: 5px;'>Dise\u00f1o de 1UR para un m\u00e1ximo ahorro de espacio en racks de 19 pulgadas.<\/li>\n<\/ul><\/div>\n<\/p><\/div>\n<\/p><\/div>\n<hr style='border: 0; border-top: 1px solid rgba(150&comma; 150&comma; 150&comma; 0.3); margin: 30px 0;'> <\/div>\n","protected":false},"excerpt":{"rendered":"<p>Panel Administrable IP con Control de Energ\u00eda Remoto, Aplicaciones de  12 y 24 Vcc.<\/p>\n","protected":false},"featured_media":58952,"comment_status":"open","ping_status":"closed","template":"","meta":[],"product_brand":[],"product_cat":[874],"product_tag":[142,875,1340],"class_list":{"0":"post-58953","1":"product","2":"type-product","3":"status-publish","4":"has-post-thumbnail","6":"product_cat-fuentes-industriales-de-cd","7":"product_tag-energia","8":"product_tag-fuentes-industriales-de-cd","9":"product_tag-ict","11":"first","12":"instock","13":"sale","14":"shipping-taxable","15":"purchasable","16":"product-type-simple"},"_links":{"self":[{"href":"https:\/\/soydeaqui.ddns.net\/pachuca\/index.php\/wp-json\/wp\/v2\/product\/58953","targetHints":{"allow":["GET"]}}],"collection":[{"href":"https:\/\/soydeaqui.ddns.net\/pachuca\/index.php\/wp-json\/wp\/v2\/product"}],"about":[{"href":"https:\/\/soydeaqui.ddns.net\/pachuca\/index.php\/wp-json\/wp\/v2\/types\/product"}],"replies":[{"embeddable":true,"href":"https:\/\/soydeaqui.ddns.net\/pachuca\/index.php\/wp-json\/wp\/v2\/comments?post=58953"}],"wp:featuredmedia":[{"embeddable":true,"href":"https:\/\/soydeaqui.ddns.net\/pachuca\/index.php\/wp-json\/wp\/v2\/media\/58952"}],"wp:attachment":[{"href":"https:\/\/soydeaqui.ddns.net\/pachuca\/index.php\/wp-json\/wp\/v2\/media?parent=58953"}],"wp:term":[{"taxonomy":"product_brand","embeddable":true,"href":"https:\/\/soydeaqui.ddns.net\/pachuca\/index.php\/wp-json\/wp\/v2\/product_brand?post=58953"},{"taxonomy":"product_cat","embeddable":true,"href":"https:\/\/soydeaqui.ddns.net\/pachuca\/index.php\/wp-json\/wp\/v2\/product_cat?post=58953"},{"taxonomy":"product_tag","embeddable":true,"href":"https:\/\/soydeaqui.ddns.net\/pachuca\/index.php\/wp-json\/wp\/v2\/product_tag?post=58953"}],"curies":[{"name":"wp","href":"https:\/\/api.w.org\/{rel}","templated":true}]}}