{"id":58918,"date":"2026-03-19T04:45:15","date_gmt":"2026-03-19T04:45:15","guid":{"rendered":"https:\/\/soydeaqui.ddns.net\/pachuca\/index.php\/producto\/ptt-inalambrico-bluetooth-con-tubo-acustico-para-radios-kenwood-serie-nx5000-3000\/"},"modified":"2026-03-19T04:45:24","modified_gmt":"2026-03-19T04:45:24","slug":"ptt-inalambrico-bluetooth-con-tubo-acustico-para-radios-kenwood-serie-nx5000-3000","status":"publish","type":"product","link":"https:\/\/soydeaqui.ddns.net\/pachuca\/index.php\/producto\/ptt-inalambrico-bluetooth-con-tubo-acustico-para-radios-kenwood-serie-nx5000-3000\/","title":{"rendered":"PTT inal\u00e1mbrico Bluetooth con tubo ac\u00fastico para radios Kenwood Serie NX5000\/3000"},"content":{"rendered":"<div style='width: 100%; max-width: 1200px; margin: 0 auto; font-family: sans-serif; line-height: 1.6; color: inherit; background-color: transparent;'>\n<h2 style='font-size: 24px; margin-top: 0; margin-bottom: 15px; color: inherit; opacity: 0.95;'>PTT inal\u00e1mbrico Bluetooth con tubo ac\u00fastico para radios Kenwood Serie NX5000\/3000<\/h2>\n<p> <!-- Secci\u00f3n de contenido con flex\/grid --> <\/p>\n<div style='display: flex; flex-wrap: wrap; gap: 30px; margin-bottom: 30px;'>\n<div style='flex: 1 1 300px; min-width: 280px;'>\n<h3 style='font-size: 22px; border-bottom: 2px solid currentColor; padding-bottom: 5px; margin-top: 0; color: inherit; opacity: 0.8;'>Descripci\u00f3n general<\/h3>\n<p style='font-size: 15px; color: inherit; margin-bottom: 15px;'> El BTH-300 es un kit de micr\u00f3fono de solapa inal\u00e1mbrico dise\u00f1ado para usar con un PRYMEBLU\u00ae<br \/> Adaptador Bluetooth y una radio bidireccional (cada uno se vende por separado) y \/ o tel\u00e9fono celular. <\/p>\n<h3 style='font-size: 20px; margin-top: 20px; margin-bottom: 10px; color: inherit; opacity: 0.8;'>Caracter\u00edsticas principales<\/h3>\n<ul style='padding-left: 20px; font-size: 15px; color: inherit;'>\n<li style='margin-bottom: 5px;'>8 versiones diferentes para mayor compatibilidad<\/li>\n<li style='margin-bottom: 5px;'>PTT inal\u00e1mbrico incorporado para comodidad<\/li>\n<li style='margin-bottom: 5px;'>Clip de ropa giratorio de 360\u00b0<\/li>\n<li style='margin-bottom: 5px;'>Conector de carga micro USB universal<\/li>\n<\/ul><\/div>\n<div style='flex: 1 1 300px; min-width: 280px;'>\n<h3 style='font-size: 20px; border-bottom: 2px solid currentColor; padding-bottom: 5px; margin-top: 0; color: inherit; opacity: 0.8;'>Caracter\u00edsticas detalladas<\/h3>\n<ul style='padding-left: 20px; font-size: 15px; color: inherit;'>\n<li style='margin-bottom: 5px;'><strong>8 versiones diferentes:<\/strong> Para compatibilidad con m\u00faltiples dispositivos<\/li>\n<li style='margin-bottom: 5px;'><strong>PTT inal\u00e1mbrico incorporado:<\/strong> Para operaci\u00f3n sin cables<\/li>\n<li style='margin-bottom: 5px;'><strong>Micr\u00f3fono incorporado:<\/strong> Para aplicaciones de solo auriculares con tecnolog\u00eda de cambio autom\u00e1tico<\/li>\n<li style='margin-bottom: 5px;'><strong>LED de estado:<\/strong> Para indicaci\u00f3n visual del estado de conexi\u00f3n<\/li>\n<li style='margin-bottom: 5px;'><strong>Controles de volumen ajustables:<\/strong> Recuerda la configuraci\u00f3n incluso cuando la unidad est\u00e1 apagada<\/li>\n<li style='margin-bottom: 5px;'><strong>Conector de carga micro USB:<\/strong> Compatible con miles de cargadores de bater\u00eda de repuesto<\/li>\n<li style='margin-bottom: 5px;'><strong>Clip de ropa giratorio de 360\u00b0:<\/strong> Para uso c\u00f3modo en cualquier posici\u00f3n<\/li>\n<li style='margin-bottom: 5px;'><strong>Compatibilidad:<\/strong> Con adaptadores de radio PRYMEBLU\u00ae y la mayor\u00eda de los tel\u00e9fonos celulares<\/li>\n<li style='margin-bottom: 5px;'><strong>Emparejamiento dual:<\/strong> Soporta conexi\u00f3n simult\u00e1nea con dos dispositivos<\/li>\n<\/ul><\/div>\n<\/p><\/div>\n<p> <!-- Secci\u00f3n de cards con especificaciones --> <\/p>\n<div style='display: flex; flex-wrap: wrap; gap: 20px; margin-bottom: 30px;'>\n<div style='flex: 1 1 250px; border: 1px solid rgba(150&comma; 150&comma; 150&comma; 0.4); border-radius: 8px; overflow: hidden; display: flex; flex-direction: column;'>\n<div style='padding: 15px; border-bottom: 1px solid rgba(150&comma; 150&comma; 150&comma; 0.2); font-weight: bold; font-size: 18px; color: inherit;'>Compatibilidad<\/div>\n<div style='padding: 15px; color: inherit;'>\n<ul style='padding-left: 20px; margin: 0; font-size: 14px; list-style-type: disc;'>\n<li style='margin-bottom: 5px;'>Adaptadores PRYMEBLU\u00ae<\/li>\n<li style='margin-bottom: 5px;'>Radios bidireccionales<\/li>\n<li style='margin-bottom: 5px;'>Tel\u00e9fonos celulares<\/li>\n<li style='margin-bottom: 5px;'>Emparejamiento dual<\/li>\n<\/ul><\/div>\n<\/p><\/div>\n<div style='flex: 1 1 250px; border: 1px solid rgba(150&comma; 150&comma; 150&comma; 0.4); border-radius: 8px; overflow: hidden; display: flex; flex-direction: column;'>\n<div style='padding: 15px; border-bottom: 1px solid rgba(150&comma; 150&comma; 150&comma; 0.2); font-weight: bold; font-size: 18px; color: inherit;'>Conectividad<\/div>\n<div style='padding: 15px; color: inherit;'>\n<ul style='padding-left: 20px; margin: 0; font-size: 14px; list-style-type: disc;'>\n<li style='margin-bottom: 5px;'>Tecnolog\u00eda Bluetooth<\/li>\n<li style='margin-bottom: 5px;'>PTT inal\u00e1mbrico<\/li>\n<li style='margin-bottom: 5px;'>Micr\u00f3fono con tecnolog\u00eda de cambio autom\u00e1tico<\/li>\n<li style='margin-bottom: 5px;'>LED de estado<\/li>\n<\/ul><\/div>\n<\/p><\/div>\n<div style='flex: 1 1 250px; border: 1px solid rgba(150&comma; 150&comma; 150&comma; 0.4); border-radius: 8px; overflow: hidden; display: flex; flex-direction: column;'>\n<div style='padding: 15px; border-bottom: 1px solid rgba(150&comma; 150&comma; 150&comma; 0.2); font-weight: bold; font-size: 18px; color: inherit;'>Dise\u00f1o y ergonom\u00eda<\/div>\n<div style='padding: 15px; color: inherit;'>\n<ul style='padding-left: 20px; margin: 0; font-size: 14px; list-style-type: disc;'>\n<li style='margin-bottom: 5px;'>Clip de ropa giratorio de 360\u00b0<\/li>\n<li style='margin-bottom: 5px;'>Controles de volumen ajustables<\/li>\n<li style='margin-bottom: 5px;'>Conector micro USB<\/li>\n<\/ul><\/div>\n<\/p><\/div>\n<\/p><\/div>\n<p> <!-- Separador --> <\/p>\n<hr style='border: 0; border-top: 1px solid rgba(150&comma; 150&comma; 150&comma; 0.3); margin: 30px 0;'> <\/div>\n","protected":false},"excerpt":{"rendered":"<p>PTT inal\u00e1mbrico Bluetooth con tubo ac\u00fastico para radios Kenwood Serie NX5000\/3000<\/p>\n","protected":false},"featured_media":58917,"comment_status":"open","ping_status":"closed","template":"","meta":[],"product_brand":[],"product_cat":[1586],"product_tag":[1579,1518,1730],"class_list":{"0":"post-58918","1":"product","2":"type-product","3":"status-publish","4":"has-post-thumbnail","6":"product_cat-microfono-audifono-accesorios-para-kenwood","7":"product_tag-accesorios-para-kenwood","8":"product_tag-microfono-audifono","9":"product_tag-pryme","11":"first","12":"instock","13":"sale","14":"shipping-taxable","15":"purchasable","16":"product-type-simple"},"_links":{"self":[{"href":"https:\/\/soydeaqui.ddns.net\/pachuca\/index.php\/wp-json\/wp\/v2\/product\/58918","targetHints":{"allow":["GET"]}}],"collection":[{"href":"https:\/\/soydeaqui.ddns.net\/pachuca\/index.php\/wp-json\/wp\/v2\/product"}],"about":[{"href":"https:\/\/soydeaqui.ddns.net\/pachuca\/index.php\/wp-json\/wp\/v2\/types\/product"}],"replies":[{"embeddable":true,"href":"https:\/\/soydeaqui.ddns.net\/pachuca\/index.php\/wp-json\/wp\/v2\/comments?post=58918"}],"wp:featuredmedia":[{"embeddable":true,"href":"https:\/\/soydeaqui.ddns.net\/pachuca\/index.php\/wp-json\/wp\/v2\/media\/58917"}],"wp:attachment":[{"href":"https:\/\/soydeaqui.ddns.net\/pachuca\/index.php\/wp-json\/wp\/v2\/media?parent=58918"}],"wp:term":[{"taxonomy":"product_brand","embeddable":true,"href":"https:\/\/soydeaqui.ddns.net\/pachuca\/index.php\/wp-json\/wp\/v2\/product_brand?post=58918"},{"taxonomy":"product_cat","embeddable":true,"href":"https:\/\/soydeaqui.ddns.net\/pachuca\/index.php\/wp-json\/wp\/v2\/product_cat?post=58918"},{"taxonomy":"product_tag","embeddable":true,"href":"https:\/\/soydeaqui.ddns.net\/pachuca\/index.php\/wp-json\/wp\/v2\/product_tag?post=58918"}],"curies":[{"name":"wp","href":"https:\/\/api.w.org\/{rel}","templated":true}]}}