{"id":58859,"date":"2026-03-19T04:43:27","date_gmt":"2026-03-19T04:43:27","guid":{"rendered":"https:\/\/soydeaqui.ddns.net\/pachuca\/index.php\/producto\/kit-de-radio-poc-te320-1-ano-de-servicio-tassta-sim-1gb-yobi-cobertura-telcel\/"},"modified":"2026-03-19T04:43:28","modified_gmt":"2026-03-19T04:43:28","slug":"kit-de-radio-poc-te320-1-ano-de-servicio-tassta-sim-1gb-yobi-cobertura-telcel","status":"publish","type":"product","link":"https:\/\/soydeaqui.ddns.net\/pachuca\/index.php\/producto\/kit-de-radio-poc-te320-1-ano-de-servicio-tassta-sim-1gb-yobi-cobertura-telcel\/","title":{"rendered":"Kit de Radio PoC TE320 + 1 a\u00f1o de Servicio TASSTA + SIM 1GB YOBI Cobertura TELCEL"},"content":{"rendered":"<div style='width: 100%; max-width: 1200px; margin: 0 auto; font-family: sans-serif; line-height: 1.6; color: inherit; background-color: black;'>\n<div style='display: flex; flex-wrap: wrap; gap: 30px; margin-bottom: 30px; padding: 20px;'>\n<div style='flex: 1 1 300px; min-width: 280px; text-align: center;'> <img style='width: 25%; height: auto; border: 1px solid rgba(150&comma;150&comma;150&comma;0.3); border-radius: 8px;' src='https:\/\/ftp3.syscom.mx\/usuarios\/ftp\/single_page\/telox\/telox_blanco.png' alt=''> <\/div>\n<\/p><\/div>\n<div style='background-image: url('https:\/\/ftp3.syscom.mx\/usuarios\/ftp\/single_page\/telox\/banner11.png'); background-size: cover; background-position: center; padding: 40px; margin-bottom: 30px; border-radius: 8px;'>\n<div style='display: flex; flex-wrap: wrap; gap: 30px; align-items: center;'>\n<div style='flex: 1 1 300px; min-width: 280px; text-align: center;'> <img style='width: 100%; height: auto; border: 1px solid rgba(150&comma;150&comma;150&comma;0.3); border-radius: 8px;' src='https:\/\/ftp3.syscom.mx\/usuarios\/ftp\/single_page\/telox\/dos_radios.png' alt=''> <\/div>\n<div style='flex: 2 1 400px; min-width: 300px;'>\n<h1 style='font-size: 2.5em; font-weight: bold; margin: 0; color: #e98101;'>TE320<\/h1>\n<p style='font-size: 1.5em; color: white; margin-top: 10px;'>DISE\u00d1O PERFECTO QUE COMBINA DURABILIDAD Y FACILIDAD DE USO<\/p>\n<div style='display: flex; flex-wrap: wrap; gap: 20px; margin-top: 20px;'>\n<div style='flex: 1 1 150px; text-align: center; color: white;'> <img style='width: auto; height: 50px; border: none;' src='https:\/\/ftp3.syscom.mx\/usuarios\/ftp\/single_page\/telox\/icon_ban_01.png' alt=''> <\/p>\n<p style='margin-top: 10px;'>Doble SIM<\/p>\n<\/p><\/div>\n<div style='flex: 1 1 150px; text-align: center; color: white;'> <img style='width: auto; height: 50px; border: none;' src='https:\/\/ftp3.syscom.mx\/usuarios\/ftp\/single_page\/telox\/icon_ban_02.png' alt=''> <\/p>\n<p style='margin-top: 10px;'>Audio Claro y Potente de 3 W<\/p>\n<\/p><\/div>\n<div style='flex: 1 1 150px; text-align: center; color: white;'> <img style='width: auto; height: 50px; border: none;' src='https:\/\/ftp3.syscom.mx\/usuarios\/ftp\/single_page\/telox\/icon_ban_03.png' alt=''> <\/p>\n<p style='margin-top: 10px;'>Bater\u00eda de Larga Duraci\u00f3n de 4000 mA<\/p>\n<\/p><\/div>\n<div style='flex: 1 1 150px; text-align: center; color: white;'> <img style='width: auto; height: 50px; border: none;' src='https:\/\/ftp3.syscom.mx\/usuarios\/ftp\/single_page\/telox\/icon_ban_04.png' alt=''> <\/p>\n<p style='margin-top: 10px;'>Confiable y Robusto<\/p>\n<\/p><\/div>\n<div style='flex: 1 1 150px; text-align: center; color: white;'> <img style='width: auto; height: 50px; border: none;' src='https:\/\/ftp3.syscom.mx\/usuarios\/ftp\/single_page\/telox\/icon_ban_05.png' alt=''> <\/p>\n<p style='margin-top: 10px;'>Listo para APPs de Radio<\/p>\n<\/p><\/div>\n<\/p><\/div>\n<\/p><\/div>\n<\/p><\/div>\n<\/p><\/div>\n<div style='background-image: url('https:\/\/ftp3.syscom.mx\/usuarios\/ftp\/single_page\/telox\/fondo_lg.jpg'); background-size: cover; background-position: center; padding: 40px; margin-bottom: 30px; border-radius: 8px;'>\n<div style='display: flex; flex-wrap: wrap; gap: 30px; align-items: center;'>\n<div style='flex: 1 1 300px; min-width: 280px;'>\n<h2 style='font-size: 2em; font-weight: bold; color: #e98101; margin-top: 0;'>Sonido Claro y Potente<\/h2>\n<p style='color: white; font-size: 1.2em;'>Disfrute de llamadas n\u00edtidas y de alta calidad de audio gracias a la potente bocina de 3 Watts y al excepcional dise\u00f1o ac\u00fastico.<\/p>\n<\/p><\/div>\n<div style='flex: 1 1 300px; min-width: 280px; text-align: center;'> <img style='width: 50%; height: auto; border: 1px solid rgba(150&comma;150&comma;150&comma;0.3); border-radius: 8px;' src='https:\/\/ftp3.syscom.mx\/usuarios\/ftp\/single_page\/telox\/radio_grande.png' alt=''> <\/div>\n<\/p><\/div>\n<\/p><\/div>\n<div style='position: relative; margin-bottom: 30px;'> <img style='width: 100%; height: auto; border: 1px solid rgba(150&comma;150&comma;150&comma;0.3); border-radius: 8px;' src='https:\/\/ftp3.syscom.mx\/usuarios\/ftp\/single_page\/telox\/water_bg.jpg' alt=''> <\/p>\n<div style='position: absolute; top: 50%; left: 50%; transform: translate(-50%&comma; -50%); text-align: center; width: 80%;'>\n<h2 style='font-size: 2em; font-weight: bold; color: white; margin-top: 0;'>Confiable y Resistente<\/h2>\n<p style='color: white; font-size: 1.2em;'>Est\u00e1 certificado con el est\u00e1ndar IP67 para resistir agua&comma; polvo y golpes&comma; adem\u00e1s puede ser incluso dejado caer desde una altura de 1.5 m. Asegura una comunicaci\u00f3n continua incluso en entornos adversos y permite mantener conversaciones clave con tu equipo.<\/p>\n<\/p><\/div>\n<\/p><\/div>\n<div style='background-color: #3d3d3d; padding: 40px; margin-bottom: 30px; border-radius: 8px;'>\n<div style='display: flex; flex-wrap: wrap; gap: 30px; align-items: center;'>\n<div style='flex: 1 1 300px; min-width: 280px;'>\n<h2 style='font-size: 2em; font-weight: bold; color: white; margin-top: 0;'>Bater\u00eda de Mayor Capacidad<\/h2>\n<p style='color: white; font-size: 1.2em;'>La bater\u00eda de pol\u00edmero de litio removible de 4000mAh permite un uso m\u00e1s seguro y confiable. Adem\u00e1s&comma; ofrece un rendimiento de m\u00e1s de 48 horas en operaci\u00f3n 10\/10\/80 (10% de transmisi\u00f3n&comma; 10% de recepci\u00f3n&comma; 80% en espera).<\/p>\n<\/p><\/div>\n<div style='flex: 1 1 300px; min-width: 280px; text-align: center;'> <img style='width: 100%; height: auto; border: 1px solid rgba(150&comma;150&comma;150&comma;0.3); border-radius: 8px;' src='https:\/\/ftp3.syscom.mx\/usuarios\/ftp\/single_page\/telox\/battery_pro.jpg' alt=''> <\/div>\n<\/p><\/div>\n<\/p><\/div>\n<div style='margin-bottom: 30px;'>\n<h2 style='font-size: 22px; border-bottom: 2px solid currentColor; padding-bottom: 5px; margin-top: 0; color: inherit; opacity: 0.8; margin-bottom: 20px;'>Caracter\u00edsticas<\/h2>\n<div style='display: flex; flex-wrap: wrap; gap: 20px;'>\n<div style='flex: 1 1 250px; border: 1px solid rgba(150&comma; 150&comma; 150&comma; 0.4); border-radius: 8px; overflow: hidden; display: flex; flex-direction: column;'>\n<div style='padding: 15px; border-bottom: 1px solid rgba(150&comma; 150&comma; 150&comma; 0.2); font-weight: bold; font-size: 18px; color: inherit;'>Caracter\u00edsticas F\u00edsicas<\/div>\n<div style='padding: 15px; color: inherit;'>\n<ul style='padding-left: 20px; margin: 0; font-size: 14px; list-style-type: disc;'>\n<li style='margin-bottom: 5px;'><strong>Dimensiones:<\/strong> 129mm*58mm*26.5mm<\/li>\n<li style='margin-bottom: 5px;'><strong>Peso:<\/strong> 230g<\/li>\n<li style='margin-bottom: 5px;'><strong>Protecci\u00f3n contra agua y polvo:<\/strong> IP67<\/li>\n<li style='margin-bottom: 5px;'><strong>Prueba de Ca\u00edda:<\/strong> 1.5m<\/li>\n<li style='margin-bottom: 5px;'><strong>Temperatura de Operaci\u00f3n:<\/strong> -20\u00b0C a 60\u00b0C<\/li>\n<\/ul><\/div>\n<\/p><\/div>\n<div style='flex: 1 1 250px; border: 1px solid rgba(150&comma; 150&comma; 150&comma; 0.4); border-radius: 8px; overflow: hidden; display: flex; flex-direction: column;'>\n<div style='padding: 15px; border-bottom: 1px solid rgba(150&comma; 150&comma; 150&comma; 0.2); font-weight: bold; font-size: 18px; color: inherit;'>Pantalla y Botones<\/div>\n<div style='padding: 15px; color: inherit;'>\n<ul style='padding-left: 20px; margin: 0; font-size: 14px; list-style-type: disc;'>\n<li style='margin-bottom: 5px;'><strong>Resoluci\u00f3n:<\/strong> 320*240<\/li>\n<li style='margin-bottom: 5px;'><strong>Pixeles por pulgada (PPI):<\/strong> 200<\/li>\n<li style='margin-bottom: 5px;'><strong>Tipo:<\/strong> LCD TFT (No t\u00e1ctil)<\/li>\n<li style='margin-bottom: 5px;'><strong>Botones y Teclas:<\/strong> Bot\u00f3n lateral de encendido<\/li>\n<li style='margin-bottom: 5px;'>PTT<\/li>\n<li style='margin-bottom: 5px;'>Navegaci\u00f3n<\/li>\n<li style='margin-bottom: 5px;'>Audio + y Audio &#8211;<\/li>\n<li style='margin-bottom: 5px;'>Bot\u00f3n de Emergencia<\/li>\n<li style='margin-bottom: 5px;'>Selector de Canales<\/li>\n<li style='margin-bottom: 5px;'>LED de estado (Rojo&comma; Azul&comma; Verde)<\/li>\n<li style='margin-bottom: 5px;'>Anunciamiento por voz (Motor TTS preinstalado)<\/li>\n<\/ul><\/div>\n<\/p><\/div>\n<div style='flex: 1 1 250px; border: 1px solid rgba(150&comma; 150&comma; 150&comma; 0.4); border-radius: 8px; overflow: hidden; display: flex; flex-direction: column;'>\n<div style='padding: 15px; border-bottom: 1px solid rgba(150&comma; 150&comma; 150&comma; 0.2); font-weight: bold; font-size: 18px; color: inherit;'>Hardware<\/div>\n<div style='padding: 15px; color: inherit;'>\n<ul style='padding-left: 20px; margin: 0; font-size: 14px; list-style-type: disc;'>\n<li style='margin-bottom: 5px;'><strong>Procesador:<\/strong> Quad-core ARM Cortex-A53 1.5GHz&comma; 64 bits<\/li>\n<li style='margin-bottom: 5px;'><strong>Memoria:<\/strong> 1GB RAM<\/li>\n<li style='margin-bottom: 5px;'>8GB ROM Expandible hasta 128GB con tarjeta Micro SD<\/li>\n<li style='margin-bottom: 5px;'><strong>Bater\u00eda:<\/strong> Extra\u00edble&comma; 4000 mAh de Pol\u00edmeros de Litio<\/li>\n<li style='margin-bottom: 5px;'><strong>Sensores:<\/strong> Aceler\u00f3metro<\/li>\n<\/ul><\/div>\n<\/p><\/div>\n<div style='flex: 1 1 250px; border: 1px solid rgba(150&comma; 150&comma; 150&comma; 0.4); border-radius: 8px; overflow: hidden; display: flex; flex-direction: column;'>\n<div style='padding: 15px; border-bottom: 1px solid rgba(150&comma; 150&comma; 150&comma; 0.2); font-weight: bold; font-size: 18px; color: inherit;'>Conectividad<\/div>\n<div style='padding: 15px; color: inherit;'>\n<ul style='padding-left: 20px; margin: 0; font-size: 14px; list-style-type: disc;'>\n<li style='margin-bottom: 5px;'><strong>Redes Celulares:<\/strong> GSM: B2\/3\/5<\/li>\n<li style='margin-bottom: 5px;'>WCDMA: B1\/B2\/B4\/B5<\/li>\n<li style='margin-bottom: 5px;'>TFDD-LTE: B2\/B4\/B5\/B7\/B12\/B13\/B17\/B28a\/B28b\/B66<\/li>\n<li style='margin-bottom: 5px;'>TDD-LTE: B41<\/li>\n<li style='margin-bottom: 5px;'><strong>Categor\u00eda LTE:<\/strong> LTE FDD R9 Cat.4 150Mbps\/50Mbps<\/li>\n<li style='margin-bottom: 5px;'><strong>WLAN:<\/strong> IEEE 802.11 b\/g\/n\/ 2.4\/5GHz<\/li>\n<li style='margin-bottom: 5px;'><strong>Bluetooth:<\/strong> V4.2+LE+HS+EDR<\/li>\n<li style='margin-bottom: 5px;'><strong>Localizaci\u00f3n:<\/strong> GPS&comma; GLONASS&comma; BEIDOU y AGPS<\/li>\n<\/ul><\/div>\n<\/p><\/div>\n<div style='flex: 1 1 250px; border: 1px solid rgba(150&comma; 150&comma; 150&comma; 0.4); border-radius: 8px; overflow: hidden; display: flex; flex-direction: column;'>\n<div style='padding: 15px; border-bottom: 1px solid rgba(150&comma; 150&comma; 150&comma; 0.2); font-weight: bold; font-size: 18px; color: inherit;'>Interfaz<\/div>\n<div style='padding: 15px; color: inherit;'>\n<ul style='padding-left: 20px; margin: 0; font-size: 14px; list-style-type: disc;'>\n<li style='margin-bottom: 5px;'><strong>Nano SIM:<\/strong> Doble SIM<\/li>\n<li style='margin-bottom: 5px;'><strong>M6 Audio:<\/strong> Soporte para manos libres<\/li>\n<li style='margin-bottom: 5px;'><strong>USB:<\/strong> Tipo C&comma; USB 2.0&comma; Soporta OTG<\/li>\n<\/ul><\/div>\n<\/p><\/div>\n<div style='flex: 1 1 250px; border: 1px solid rgba(150&comma; 150&comma; 150&comma; 0.4); border-radius: 8px; overflow: hidden; display: flex; flex-direction: column;'>\n<div style='padding: 15px; border-bottom: 1px solid rgba(150&comma; 150&comma; 150&comma; 0.2); font-weight: bold; font-size: 18px; color: inherit;'>Plataforma<\/div>\n<div style='padding: 15px; color: inherit;'>\n<ul style='padding-left: 20px; margin: 0; font-size: 14px; list-style-type: disc;'>\n<li style='margin-bottom: 5px;'><strong>Sistema operativo:<\/strong> Android 8.1<\/li>\n<li style='margin-bottom: 5px;'><strong>Aplicaciones precargadas:<\/strong> TASSTA PTT<\/li>\n<\/ul><\/div>\n<\/p><\/div>\n<div style='flex: 1 1 250px; border: 1px solid rgba(150&comma; 150&comma; 150&comma; 0.4); border-radius: 8px; overflow: hidden; display: flex; flex-direction: column;'>\n<div style='padding: 15px; border-bottom: 1px solid rgba(150&comma; 150&comma; 150&comma; 0.2); font-weight: bold; font-size: 18px; color: inherit;'>Audio<\/div>\n<div style='padding: 15px; color: inherit;'>\n<ul style='padding-left: 20px; margin: 0; font-size: 14px; list-style-type: disc;'>\n<li style='margin-bottom: 5px;'><strong>Micr\u00f3fono doble:<\/strong> Micr\u00f3fono doble con cancelaci\u00f3n de ruido<\/li>\n<li style='margin-bottom: 5px;'><strong>Bocina:<\/strong> 3 Watts Calidad de Radio<\/li>\n<\/ul><\/div>\n<\/p><\/div>\n<div style='flex: 1 1 250px; border: 1px solid rgba(150&comma; 150&comma; 150&comma; 0.4); border-radius: 8px; overflow: hidden; display: flex; flex-direction: column;'>\n<div style='padding: 15px; border-bottom: 1px solid rgba(150&comma; 150&comma; 150&comma; 0.2); font-weight: bold; font-size: 18px; color: inherit;'>Accesorios<\/div>\n<div style='padding: 15px; color: inherit;'>\n<ul style='padding-left: 20px; margin: 0; font-size: 14px; list-style-type: disc;'>\n<li style='margin-bottom: 5px;'><strong>Incluidos:<\/strong> Cable USB<\/li>\n<li style='margin-bottom: 5px;'>Cargador<\/li>\n<li style='margin-bottom: 5px;'>Bater\u00eda<\/li>\n<li style='margin-bottom: 5px;'>Clip de resorte para cintur\u00f3n<\/li>\n<li style='margin-bottom: 5px;'>Gu\u00eda r\u00e1pida de usuario<\/li>\n<li style='margin-bottom: 5px;'><strong>Opcionales:<\/strong> Cargador de escritorio<\/li>\n<li style='margin-bottom: 5px;'>Unidad Multicargador<\/li>\n<li style='margin-bottom: 5px;'>Micr\u00f3fonos tipo solapa<\/li>\n<li style='margin-bottom: 5px;'>Micr\u00f3fonos manos libres<\/li>\n<\/ul><\/div>\n<\/p><\/div>\n<\/p><\/div>\n<\/p><\/div>\n<div style='display: flex; flex-wrap: wrap; gap: 30px; margin-bottom: 30px;'>\n<div style='flex: 1 1 300px; min-width: 280px;'> <img style='width: 100%; height: auto; border: 1px solid rgba(150&comma;150&comma;150&comma;0.3); border-radius: 8px;' src='https:\/\/ftp3.syscom.mx\/usuarios\/ftp\/single_page\/telox\/icon_adv_01.png' alt=''> <\/p>\n<h3 style='font-size: 18px; margin-top: 15px; margin-bottom: 5px; color: inherit; opacity: 0.8;'>Doble SIM compatible con bandas LTE Globales<\/h3>\n<p style='font-size: 14px; color: inherit;'>Compatible con una gran cantidad de bandas LTE para un uso global.<\/p>\n<\/p><\/div>\n<div style='flex: 1 1 300px; min-width: 280px;'> <img style='width: 100%; height: auto; border: 1px solid rgba(150&comma;150&comma;150&comma;0.3); border-radius: 8px;' src='https:\/\/ftp3.syscom.mx\/usuarios\/ftp\/single_page\/telox\/icon_adv_02.png' alt=''> <\/p>\n<h3 style='font-size: 18px; margin-top: 15px; margin-bottom: 5px; color: inherit; opacity: 0.8;'>Listo para aplicaciones PTT<\/h3>\n<p style='font-size: 14px; color: inherit;'>Preparado para la integraci\u00f3n con aplicaciones PTT. Proporcione flexibilidad y m\u00e1s opciones a sus clientes.<\/p>\n<\/p><\/div>\n<div style='flex: 1 1 300px; min-width: 280px;'> <img style='width: 100%; height: auto; border: 1px solid rgba(150&comma;150&comma;150&comma;0.3); border-radius: 8px;' src='https:\/\/ftp3.syscom.mx\/usuarios\/ftp\/single_page\/telox\/icon_adv_04.png' alt=''> <\/p>\n<h3 style='font-size: 18px; margin-top: 15px; margin-bottom: 5px; color: inherit; opacity: 0.8;'>Pr\u00e1cticos botones f\u00edsicos<\/h3>\n<p style='font-size: 14px; color: inherit;'>Mejore su experiencia de uso con nuestra perilla profesional selectora de canales&comma; bot\u00f3n SOS y control de volumen&comma; que le permitir\u00e1n operar de manera sencilla y eficiente.<\/p>\n<\/p><\/div>\n<div style='flex: 1 1 300px; min-width: 280px;'> <img style='width: 100%; height: auto; border: 1px solid rgba(150&comma;150&comma;150&comma;0.3); border-radius: 8px;' src='https:\/\/ftp3.syscom.mx\/usuarios\/ftp\/single_page\/telox\/icon_adv_03.png' alt=''> <\/p>\n<h3 style='font-size: 18px; margin-top: 15px; margin-bottom: 5px; color: inherit; opacity: 0.8;'>Robusto y confiable<\/h3>\n<p style='font-size: 14px; color: inherit;'>Garantiza una comunicaci\u00f3n continua en ambientes dif\u00edciles gracias a su certificaci\u00f3n IP67 que le permite resistir agua y polvo. Adem\u00e1s&comma; ofrece resistencia a impactos por ca\u00eddas de 1.5m de altura asegurando durabilidad en cualquier situaci\u00f3n.<\/p>\n<\/p><\/div>\n<div style='flex: 1 1 300px; min-width: 280px;'> <img style='width: 100%; height: auto; border: 1px solid rgba(150&comma;150&comma;150&comma;0.3); border-radius: 8px;' src='https:\/\/ftp3.syscom.mx\/usuarios\/ftp\/single_page\/telox\/icon_adv_05.png' alt=''> <\/p>\n<h3 style='font-size: 18px; margin-top: 15px; margin-bottom: 5px; color: inherit; opacity: 0.8;'>Informaci\u00f3n siempre a la vista<\/h3>\n<p style='font-size: 14px; color: inherit;'>Con su pantalla a color de 2 pulgadas y alta resoluci\u00f3n&comma; podr\u00e1 acceder de manera clara y r\u00e1pida a la informaci\u00f3n y ajustes que necesite revisar.<\/p>\n<\/p><\/div>\n<\/p><\/div>\n<\/p><\/div>\n","protected":false},"excerpt":{"rendered":"<p>Kit de Radio PoC TE320 + 1 a\u00f1o de Servicio TASSTA + SIM 1GB YOBI Cobertura TELCEL<\/p>\n","protected":false},"featured_media":58858,"comment_status":"open","ping_status":"closed","template":"","meta":[],"product_brand":[],"product_cat":[1606],"product_tag":[1607,1508,1510],"class_list":{"0":"post-58859","1":"product","2":"type-product","3":"status-publish","4":"has-post-thumbnail","6":"product_cat-radios-4g","7":"product_tag-radios-4g","8":"product_tag-radios-lte","9":"product_tag-tassta","11":"first","12":"outofstock","13":"sale","14":"shipping-taxable","15":"purchasable","16":"product-type-simple"},"_links":{"self":[{"href":"https:\/\/soydeaqui.ddns.net\/pachuca\/index.php\/wp-json\/wp\/v2\/product\/58859","targetHints":{"allow":["GET"]}}],"collection":[{"href":"https:\/\/soydeaqui.ddns.net\/pachuca\/index.php\/wp-json\/wp\/v2\/product"}],"about":[{"href":"https:\/\/soydeaqui.ddns.net\/pachuca\/index.php\/wp-json\/wp\/v2\/types\/product"}],"replies":[{"embeddable":true,"href":"https:\/\/soydeaqui.ddns.net\/pachuca\/index.php\/wp-json\/wp\/v2\/comments?post=58859"}],"wp:featuredmedia":[{"embeddable":true,"href":"https:\/\/soydeaqui.ddns.net\/pachuca\/index.php\/wp-json\/wp\/v2\/media\/58858"}],"wp:attachment":[{"href":"https:\/\/soydeaqui.ddns.net\/pachuca\/index.php\/wp-json\/wp\/v2\/media?parent=58859"}],"wp:term":[{"taxonomy":"product_brand","embeddable":true,"href":"https:\/\/soydeaqui.ddns.net\/pachuca\/index.php\/wp-json\/wp\/v2\/product_brand?post=58859"},{"taxonomy":"product_cat","embeddable":true,"href":"https:\/\/soydeaqui.ddns.net\/pachuca\/index.php\/wp-json\/wp\/v2\/product_cat?post=58859"},{"taxonomy":"product_tag","embeddable":true,"href":"https:\/\/soydeaqui.ddns.net\/pachuca\/index.php\/wp-json\/wp\/v2\/product_tag?post=58859"}],"curies":[{"name":"wp","href":"https:\/\/api.w.org\/{rel}","templated":true}]}}