{"id":58714,"date":"2026-03-19T04:38:35","date_gmt":"2026-03-19T04:38:35","guid":{"rendered":"https:\/\/soydeaqui.ddns.net\/pachuca\/index.php\/producto\/kit-de-dedos-para-administracion-de-cables-en-gabinetes-flexfusion-light-de-42-dedos-de-152-mm-de-longitud-color-negro\/"},"modified":"2026-03-19T04:38:45","modified_gmt":"2026-03-19T04:38:45","slug":"kit-de-dedos-para-administracion-de-cables-en-gabinetes-flexfusion-light-de-42-dedos-de-152-mm-de-longitud-color-negro","status":"publish","type":"product","link":"https:\/\/soydeaqui.ddns.net\/pachuca\/index.php\/producto\/kit-de-dedos-para-administracion-de-cables-en-gabinetes-flexfusion-light-de-42-dedos-de-152-mm-de-longitud-color-negro\/","title":{"rendered":"Kit de Dedos Para Administraci\u00f3n de Cables en Gabinetes FlexFusion\u2122 Light, de 42,  Dedos de 152 mm de Longitud, Color Negro"},"content":{"rendered":"<div style='width: 100%; max-width: 1200px; margin: 0 auto; font-family: sans-serif; line-height: 1.6; color: inherit;'>\n<div style='display: flex; flex-wrap: wrap; gap: 30px; margin-bottom: 30px;'>\n<div style='flex: 1 1 300px; min-width: 280px;'>\n<h3 style='font-size: 22px; border-bottom: 2px solid currentColor; padding-bottom: 5px; margin-top: 0; color: inherit; opacity: 0.8;'>Descripci\u00f3n<\/h3>\n<p style='font-size: 15px; color: inherit;'>Los gabinetes FlexFusion\u2122 constan de una estructura de acero ensamblada y soldada disponible en anchos de 600 mm&comma; 700 mm y 800 mm&comma; profundidades de 1070 mm y 1200 mm y alturas de 42 RU&comma; 45 RU&comma; 48 RU y 51 RU. Rieles delanteros y traseros totalmente ajustables con tuercas enjauladas. Las opciones disponibles incluyen una puerta delantera con una sola bisagra y puertas traseras con bisagras divididas con un 80% de perforaci\u00f3n abierta&comma; paneles laterales divididos horizontalmente&comma; dedos para la gesti\u00f3n de cables&comma; soporte para gesti\u00f3n de cables vertical&comma; soporte de montaje de PDU y ruedas. Todo el gabinete debe estar conectado el\u00e9ctricamente sin el uso de cables de conexi\u00f3n.<\/p>\n<p style='font-size: 15px; color: inherit;'><strong>Nota:<\/strong> Solo compatible con gabinetes de 800 mm de Ancho.<\/p>\n<p style='font-size: 15px; color: inherit;'>Configure el gabinete en base a su requerimiento en el siguiente <a href='https:\/\/configure.panduit.com\/config\/cabinet\/cabinetXG\/cabinetXGModel?product_line=cabinetXG&#038;BM_BROWSER_COOKIE=Netscape&#038;segment=cabinet&#038;model=cabinetXGModel&#038;BM_URL_CAPTURE_COOKIE=configure&#038;page=%2Fcommerce%2Fnew_equipment%2Fproducts%2Fmodel_configs.jsp&#038;_has_jet_access=true' style='color: inherit; text-decoration: underline;' target='_blank'><strong>Link<\/strong><\/a><\/p>\n<\/p><\/div>\n<\/p><\/div>\n<div style='display: flex; flex-wrap: wrap; gap: 20px; margin-bottom: 30px;'>\n<div style='flex: 1 1 250px; border: 1px solid rgba(150&comma; 150&comma; 150&comma; 0.4); border-radius: 8px; overflow: hidden; display: flex; flex-direction: column;'>\n<div style='padding: 15px; border-bottom: 1px solid rgba(150&comma; 150&comma; 150&comma; 0.2); font-weight: bold; font-size: 18px; color: inherit;'>Especificaciones T\u00e9cnicas<\/div>\n<div style='padding: 15px; color: inherit;'>\n<ul style='padding-left: 20px; margin: 0; font-size: 14px; list-style-type: disc;'>\n<li style='margin-bottom: 5px;'><strong>Submarca:<\/strong> FlexFusion\u2122<\/li>\n<li style='margin-bottom: 5px;'><strong>Tipo de producto:<\/strong> Dedos de gesti\u00f3n de cables<\/li>\n<li style='margin-bottom: 5px;'><strong>Color:<\/strong> Negro<\/li>\n<li style='margin-bottom: 5px;'><strong>Ancho total (mm):<\/strong> 23<\/li>\n<li style='margin-bottom: 5px;'><strong>Profundidad total (mm):<\/strong> 108.3<\/li>\n<li style='margin-bottom: 5px;'><strong>Altura total (mm):<\/strong> 358.3<\/li>\n<li style='margin-bottom: 5px;'><strong>N\u00famero de unidades de rack:<\/strong> 42<\/li>\n<li style='margin-bottom: 5px;'><strong>Cumple con RoHS:<\/strong> S\u00ed<\/li>\n<\/ul><\/div>\n<\/p><\/div>\n<\/p><\/div>\n<div style='position: relative; padding-bottom: 56.25%; height: 0; overflow: hidden; margin-bottom: 30px;'>   <\/div>\n<hr style='border: 0; border-top: 1px solid rgba(150&comma; 150&comma; 150&comma; 0.3); margin: 30px 0;'> <\/div>\n","protected":false},"excerpt":{"rendered":"<p>Kit de Dedos Para Administraci\u00f3n de Cables en Gabinetes FlexFusion\u2122 Light, de 42,  Dedos de 152 mm de Longitud, Color Negro<\/p>\n","protected":false},"featured_media":58713,"comment_status":"open","ping_status":"closed","template":"","meta":[],"product_brand":[],"product_cat":[604],"product_tag":[606,445,605],"class_list":{"0":"post-58714","1":"product","2":"type-product","3":"status-publish","4":"has-post-thumbnail","6":"product_cat-accesorios-para-racks-y-gabinetes","7":"product_tag-accesorios-para-racks-y-gabinetes","8":"product_tag-panduit","9":"product_tag-racks-y-gabinetes","11":"first","12":"outofstock","13":"sale","14":"shipping-taxable","15":"purchasable","16":"product-type-simple"},"_links":{"self":[{"href":"https:\/\/soydeaqui.ddns.net\/pachuca\/index.php\/wp-json\/wp\/v2\/product\/58714","targetHints":{"allow":["GET"]}}],"collection":[{"href":"https:\/\/soydeaqui.ddns.net\/pachuca\/index.php\/wp-json\/wp\/v2\/product"}],"about":[{"href":"https:\/\/soydeaqui.ddns.net\/pachuca\/index.php\/wp-json\/wp\/v2\/types\/product"}],"replies":[{"embeddable":true,"href":"https:\/\/soydeaqui.ddns.net\/pachuca\/index.php\/wp-json\/wp\/v2\/comments?post=58714"}],"wp:featuredmedia":[{"embeddable":true,"href":"https:\/\/soydeaqui.ddns.net\/pachuca\/index.php\/wp-json\/wp\/v2\/media\/58713"}],"wp:attachment":[{"href":"https:\/\/soydeaqui.ddns.net\/pachuca\/index.php\/wp-json\/wp\/v2\/media?parent=58714"}],"wp:term":[{"taxonomy":"product_brand","embeddable":true,"href":"https:\/\/soydeaqui.ddns.net\/pachuca\/index.php\/wp-json\/wp\/v2\/product_brand?post=58714"},{"taxonomy":"product_cat","embeddable":true,"href":"https:\/\/soydeaqui.ddns.net\/pachuca\/index.php\/wp-json\/wp\/v2\/product_cat?post=58714"},{"taxonomy":"product_tag","embeddable":true,"href":"https:\/\/soydeaqui.ddns.net\/pachuca\/index.php\/wp-json\/wp\/v2\/product_tag?post=58714"}],"curies":[{"name":"wp","href":"https:\/\/api.w.org\/{rel}","templated":true}]}}