{"id":58451,"date":"2026-03-19T04:30:01","date_gmt":"2026-03-19T04:30:01","guid":{"rendered":"https:\/\/soydeaqui.ddns.net\/pachuca\/index.php\/producto\/camara-ultrasonica-real-de-imagen-acustica-industrial-para-deteccion-de-fugas-en-ductos-descargas-electricas-y-fallas-en-rodamientos-solo-fluke-lo-hace-posible-vea-lo-que-no-puede-oir\/"},"modified":"2026-03-19T04:30:07","modified_gmt":"2026-03-19T04:30:07","slug":"camara-ultrasonica-real-de-imagen-acustica-industrial-para-deteccion-de-fugas-en-ductos-descargas-electricas-y-fallas-en-rodamientos-solo-fluke-lo-hace-posible-vea-lo-que-no-puede-oir","status":"publish","type":"product","link":"https:\/\/soydeaqui.ddns.net\/pachuca\/index.php\/producto\/camara-ultrasonica-real-de-imagen-acustica-industrial-para-deteccion-de-fugas-en-ductos-descargas-electricas-y-fallas-en-rodamientos-solo-fluke-lo-hace-posible-vea-lo-que-no-puede-oir\/","title":{"rendered":"C\u00e1mara Ultras\u00f3nica Real de Imagen Ac\u00fastica Industrial para Detecci\u00f3n de Fugas en Ductos, Descargas El\u00e9ctricas, y Fallas en Rodamientos. \u00a1Solo FLUKE lo hace Posible: VEA LO QUE NO PUEDE OIR!"},"content":{"rendered":"<div style='width: 100%; max-width: 1200px; margin: 0 auto; font-family: sans-serif; line-height: 1.6; color: inherit; background-color: transparent;'>\n<div style='text-align: center; margin-bottom: 30px;'> <img style='width: 100%; max-width: 500px; height: auto; border: 1px solid rgba(150&comma;150&comma;150&comma;0.3); border-radius: 8px;' src='https:\/\/www.risoul.com.mx\/hs-fs\/hubfs\/Fluke-Logo.png?width=1557&#038;name=Fluke-Logo.png' alt='Distribuidor productos Fluke'> <\/div>\n<div style='display: flex; flex-direction: column; gap: 15px; margin-bottom: 30px;'>\n<h1 style='font-size: 24px; margin: 0; color: inherit;'>C\u00e1mara Ultras\u00f3nica Real de Imagen Ac\u00fastica de Alta Precisi\u00f3n con Pantalla LCD 7&#8242;<\/h1>\n<h2 style='font-size: 22px; margin: 0; color: inherit;'>Fluke ii910<\/h2>\n<p style='margin: 0; color: #3598db; font-size: 18px; font-weight: bold;'>Un proceso r\u00e1pido&comma; seguro y eficiente.<\/p>\n<p style='margin: 0; font-size: 14px; color: inherit;'>La FLKii910 es el instrumento todo en uno que estaba buscando para resolver todos los problemas de fugas en ductos y descargas el\u00e9ctricas parciales. Todo lo que necesita al alcance de la mano. Inspeccione r\u00e1pidamente una zona concreta o el entorno y utilice el sencillo bot\u00f3n de captura y la gran pantalla t\u00e1ctil LCD de 7&#8242; para hacer todos los v\u00eddeos o fotos que necesite. Sin necesidad de otros instrumentos o equipos. Al prescindir de aparatosos cables o aparatos dispondr\u00e1 de una gran movilidad y flexibilidad para poder arreglar la fuga o la descarga parcial tras detectarla.<\/p>\n<\/p><\/div>\n<div style='margin-bottom: 30px;'>\n<h3 style='font-size: 20px; border-bottom: 2px solid currentColor; padding-bottom: 5px; margin-top: 0; color: inherit; opacity: 0.8;'>Caracter\u00edsticas principales<\/h3>\n<ul style='padding-left: 20px; margin: 15px 0; font-size: 14px; color: inherit;'>\n<li style='margin-bottom: 8px;'>Detecci\u00f3n y comprobaci\u00f3n r\u00e1pida y f\u00e1cil de descarga parcial<\/li>\n<li style='margin-bottom: 8px;'>Reducir interrupciones y aumentar el tiempo de actividad<\/li>\n<li style='margin-bottom: 8px;'>Reduzca los costos y el consumo todos los d\u00edas mediante la b\u00fasqueda y correcci\u00f3n de descargas parciales<\/li>\n<li style='margin-bottom: 8px;'>Modo PDQ para capturar y analizar descargas el\u00e9ctricas parciales<\/li>\n<li style='margin-bottom: 8px;'>Modo LeakQ para generar reportes de tama\u00f1o de fuga.<\/li>\n<li style='margin-bottom: 8px;'>Modo MecQ para capturar fallas de rodamiento en transportadores.<\/li>\n<li style='margin-bottom: 8px;'>Detecci\u00f3n de fugas en ductos o contenedores en rango audible y no audible.<\/li>\n<li style='margin-bottom: 8px;'>Detecci\u00f3n de descarga corona a 120 metros.<\/li>\n<li style='margin-bottom: 8px;'>Rango de frecuencia de 2 a 100 KHz<\/li>\n<li style='margin-bottom: 8px;'>Tecnolog\u00eda <span style='color: inherit; font-weight: bold;'>SoundSight\u2122<\/span><\/li>\n<li style='margin-bottom: 8px;'><span style='color: inherit; font-weight: bold;'>Duraci\u00f3n de la Bater\u00eda 6 horas.<\/span><\/li>\n<\/ul>\n<p style='margin: 15px 0 0; font-size: 14px; color: inherit;'><strong>Incluye:<\/strong> C\u00e1mara&comma; Fuente de alimentaci\u00f3n AC y Cargador de bater\u00eda&comma; Bater\u00eda de ION-Litio&comma; Cable USB&comma; Estuche r\u00edgido&comma; Correa ajustable para mano y cuello.<\/p>\n<\/p><\/div>\n<div style='margin-bottom: 30px;'>\n<h3 style='font-size: 20px; border-bottom: 2px solid currentColor; padding-bottom: 5px; margin-top: 0; color: inherit; opacity: 0.8;'>Preparese para mejorar su mantenimiento&#8230;<\/h3>\n<div style='margin: 20px 0;'> <a style='display: inline-block; text-decoration: none; background-color: #3598db; color: white; padding: 12px 20px; border-radius: 5px; font-size: 16px; font-weight: bold;' href='https:\/\/termografiaindustrial.fluke.com\/demo'>Fluke ii910 Demo click aqu\u00ed<\/a> <\/div>\n<\/p><\/div>\n<div style='display: flex; flex-wrap: wrap; gap: 20px; justify-content: center; margin-bottom: 30px;'> <img style='width: 100%; max-width: 800px; height: auto; border: 1px solid rgba(150&comma;150&comma;150&comma;0.3); border-radius: 8px;' src='https:\/\/ftp3.syscom.mx\/usuarios\/fotos\/FLKII910\/203466-captura_de_pantalla_2023-02-20_a_la(s)_17.43.32.png' alt=''> <\/div>\n<div style='margin-bottom: 30px;'>\n<h3 style='font-size: 18px; border-bottom: 2px solid currentColor; padding-bottom: 5px; margin-top: 0; color: inherit; opacity: 0.8;'>Zonas clave para buscar descargas el\u00e9ctricas parciales:<\/h3>\n<ul style='padding-left: 20px; margin: 15px 0; font-size: 14px; color: inherit;'>\n<li style='margin-bottom: 8px;'>Aisladores<\/li>\n<li style='margin-bottom: 8px;'>Transformadores<\/li>\n<li style='margin-bottom: 8px;'>Cables de alta tensi\u00f3n<\/li>\n<li style='margin-bottom: 8px;'>Conmutadores<\/li>\n<li style='margin-bottom: 8px;'>Pararrayos<\/li>\n<li style='margin-bottom: 8px;'>Barras colectoras<\/li>\n<li style='margin-bottom: 8px;'>Bobinas de alta tensi\u00f3n<\/li>\n<li style='margin-bottom: 8px;'>Disyuntores<\/li>\n<li style='margin-bottom: 8px;'>Condensadores<\/li>\n<\/ul><\/div>\n<div style='display: flex; flex-wrap: wrap; gap: 20px; justify-content: center; margin-bottom: 30px;'> <img style='width: 100%; max-width: 800px; height: auto; border: 1px solid rgba(150&comma;150&comma;150&comma;0.3); border-radius: 8px;' src='https:\/\/ftp3.syscom.mx\/usuarios\/fotos\/FLKII910\/203466-captura_de_pantalla_2023-02-21_a_la(s)_12.23.50.png' alt=''> <img style='width: 100%; max-width: 800px; height: auto; border: 1px solid rgba(150&comma;150&comma;150&comma;0.3); border-radius: 8px;' src='https:\/\/ftp3.syscom.mx\/usuarios\/fotos\/FLKII910\/203466-captura_de_pantalla_2023-11-24_a_la(s)_9.43.57%E2%80%AFa.m..png' alt=''> <img style='width: 100%; max-width: 400px; height: auto; border: 1px solid rgba(150&comma;150&comma;150&comma;0.3); border-radius: 8px;' src='https:\/\/ftp3.syscom.mx\/usuarios\/fotos\/FLKII910\/203466-captura_de_pantalla_2023-02-21_a_la(s)_15.44.42.png' alt=''> <img style='width: 100%; max-width: 400px; height: auto; border: 1px solid rgba(150&comma;150&comma;150&comma;0.3); border-radius: 8px;' src='https:\/\/ftp3.syscom.mx\/usuarios\/fotos\/FLKII910\/203466-captura_de_pantalla_2023-02-21_a_la(s)_15.45.12.png' alt=''> <img style='width: 100%; max-width: 800px; height: auto; border: 1px solid rgba(150&comma;150&comma;150&comma;0.3); border-radius: 8px;' src='https:\/\/ftp3.syscom.mx\/usuarios\/fotos\/FLKII910\/203466-captura_de_pantalla_2023-11-24_a_la(s)_9.40.31%E2%80%AFa.m..png' alt=''> <img style='width: 100%; max-width: 800px; height: auto; border: 1px solid rgba(150&comma;150&comma;150&comma;0.3); border-radius: 8px;' src='https:\/\/ftp3.syscom.mx\/usuarios\/fotos\/FLKII910\/203466-captura_de_pantalla_2023-11-23_a_la(s)_11.40.10%E2%80%AFa.m..png' alt=''> <\/div>\n<div style='margin-bottom: 30px;'>\n<div style='position: relative; padding-bottom: 56.25%; height: 0; overflow: hidden;'>   <\/div>\n<\/p><\/div>\n<\/p><\/div>\n","protected":false},"excerpt":{"rendered":"<p>C\u00e1mara Ultras\u00f3nica Real de Imagen Ac\u00fastica Industrial para Detecci\u00f3n de Fugas en Ductos, Descargas El\u00e9ctricas, y Fallas en Rodamientos. \u00a1Solo FLUKE lo hace Posible: VEA LO QUE NO PUEDE OIR!<\/p>\n","protected":false},"featured_media":58450,"comment_status":"open","ping_status":"closed","template":"","meta":[],"product_brand":[],"product_cat":[1125],"product_tag":[931,393,1126],"class_list":{"0":"post-58451","1":"product","2":"type-product","3":"status-publish","4":"has-post-thumbnail","6":"product_cat-para-instalacion-en-campo","7":"product_tag-equipo-de-laboratorio","8":"product_tag-fluke","9":"product_tag-para-instalacion-en-campo","11":"first","12":"outofstock","13":"sale","14":"shipping-taxable","15":"purchasable","16":"product-type-simple"},"_links":{"self":[{"href":"https:\/\/soydeaqui.ddns.net\/pachuca\/index.php\/wp-json\/wp\/v2\/product\/58451","targetHints":{"allow":["GET"]}}],"collection":[{"href":"https:\/\/soydeaqui.ddns.net\/pachuca\/index.php\/wp-json\/wp\/v2\/product"}],"about":[{"href":"https:\/\/soydeaqui.ddns.net\/pachuca\/index.php\/wp-json\/wp\/v2\/types\/product"}],"replies":[{"embeddable":true,"href":"https:\/\/soydeaqui.ddns.net\/pachuca\/index.php\/wp-json\/wp\/v2\/comments?post=58451"}],"wp:featuredmedia":[{"embeddable":true,"href":"https:\/\/soydeaqui.ddns.net\/pachuca\/index.php\/wp-json\/wp\/v2\/media\/58450"}],"wp:attachment":[{"href":"https:\/\/soydeaqui.ddns.net\/pachuca\/index.php\/wp-json\/wp\/v2\/media?parent=58451"}],"wp:term":[{"taxonomy":"product_brand","embeddable":true,"href":"https:\/\/soydeaqui.ddns.net\/pachuca\/index.php\/wp-json\/wp\/v2\/product_brand?post=58451"},{"taxonomy":"product_cat","embeddable":true,"href":"https:\/\/soydeaqui.ddns.net\/pachuca\/index.php\/wp-json\/wp\/v2\/product_cat?post=58451"},{"taxonomy":"product_tag","embeddable":true,"href":"https:\/\/soydeaqui.ddns.net\/pachuca\/index.php\/wp-json\/wp\/v2\/product_tag?post=58451"}],"curies":[{"name":"wp","href":"https:\/\/api.w.org\/{rel}","templated":true}]}}