{"id":58449,"date":"2026-03-19T04:29:58","date_gmt":"2026-03-19T04:29:58","guid":{"rendered":"https:\/\/soydeaqui.ddns.net\/pachuca\/index.php\/producto\/monitor-de-antena-y-cable-con-alarma-136-225-mhz-100-watt-n-hembra-n-hembra-n-hembra-12-vcc\/"},"modified":"2026-03-19T04:29:59","modified_gmt":"2026-03-19T04:29:59","slug":"monitor-de-antena-y-cable-con-alarma-136-225-mhz-100-watt-n-hembra-n-hembra-n-hembra-12-vcc","status":"publish","type":"product","link":"https:\/\/soydeaqui.ddns.net\/pachuca\/index.php\/producto\/monitor-de-antena-y-cable-con-alarma-136-225-mhz-100-watt-n-hembra-n-hembra-n-hembra-12-vcc\/","title":{"rendered":"Monitor de Antena y Cable con Alarma, 136-225 MHz, 100 Watt, N Hembra\/ N Hembra\/ N Hembra, 12 Vcc."},"content":{"rendered":"<div style='width: 100%; max-width: 1200px; margin: 0 auto; font-family: sans-serif; line-height: 1.6; color: inherit; background-color: transparent;'>\n<div style='display: flex; flex-wrap: wrap; gap: 30px; margin-bottom: 30px;'>\n<div style='flex: 1 1 300px; min-width: 280px;'>\n<h3 style='font-size: 22px; border-bottom: 2px solid currentColor; padding-bottom: 5px; margin-top: 0; color: inherit; opacity: 0.8;'>Descripci\u00f3n<\/h3>\n<ul style='padding-left: 20px; font-size: 15px; color: inherit;'>\n<li style='margin-bottom: 5px;'>El Monitor de Antena y Cable de BIRD es la soluci\u00f3n confiable para monitorear sus sistemas de transmisi\u00f3n de RF.<\/li>\n<li style='margin-bottom: 5px;'>Los proveedores de servicios y el usuario final autosuficiente pueden depender de este monitor y alarma para mantener sus sitios cr\u00edticos en funcionamiento.<\/li>\n<li style='margin-bottom: 5px;'>Dise\u00f1ado para detectar fallas de antenas y cables que los monitores VSWR internos del transmisor pueden no detectar.<\/li>\n<li style='margin-bottom: 5px;'>Un acoplador integral con alta directividad optimiza la precisi\u00f3n de la medici\u00f3n.<\/li>\n<li style='margin-bottom: 5px;'>Mide peque\u00f1os cambios en la VSWR de la antena con altas p\u00e9rdidas en el alimentador y en la interfaz y proporciona una funcionalidad precisa de medici\u00f3n de potencia de RF en l\u00ednea.<\/li>\n<\/ul><\/div>\n<\/p><\/div>\n<div style='display: flex; flex-wrap: wrap; gap: 30px; margin-bottom: 30px;'>\n<div style='flex: 1 1 300px; min-width: 280px;'>\n<h3 style='font-size: 22px; border-bottom: 2px solid currentColor; padding-bottom: 5px; margin-top: 0; color: inherit; opacity: 0.8;'>Caracter\u00edsticas<\/h3>\n<ul style='padding-left: 20px; font-size: 15px; color: inherit;'>\n<li style='margin-bottom: 5px;'>Proporciona m\u00faltiples alarmas si ocurre una falla en la antena o el cable.<\/li>\n<li style='margin-bottom: 5px;'>Mide la potencia promedio real de se\u00f1ales con caracter\u00edsticas de pico a promedio altas; funciona con cualquier modulaci\u00f3n.<\/li>\n<li style='margin-bottom: 5px;'>Monitorea la potencia de salida del transmisor e incluye alarmas de baja o alta potencia.<\/li>\n<li style='margin-bottom: 5px;'>Acceso remoto con monitoreo y control a trav\u00e9s de interfaces seriales y Ethernet.<\/li>\n<li style='margin-bottom: 5px;'>Se incluye como entrada est\u00e1ndar Push-To-Talk (PTT) para evitar la activaci\u00f3n de falsas alarmas cuando el transmisor (radio) no est\u00e1 activado.<\/li>\n<\/ul><\/div>\n<\/p><\/div>\n<div style='display: flex; flex-wrap: wrap; gap: 30px; margin-bottom: 30px;'>\n<div style='flex: 1 1 300px; min-width: 280px;'>\n<h3 style='font-size: 22px; border-bottom: 2px solid currentColor; padding-bottom: 5px; margin-top: 0; color: inherit; opacity: 0.8;'>Aplicaciones<\/h3>\n<ul style='padding-left: 20px; font-size: 15px; color: inherit;'>\n<li style='margin-bottom: 5px;'>3G<\/li>\n<li style='margin-bottom: 5px;'>Transmisi\u00f3n de baja potencia.<\/li>\n<li style='margin-bottom: 5px;'>CDMA y CDMA 2000<\/li>\n<li style='margin-bottom: 5px;'>Borde<\/li>\n<li style='margin-bottom: 5px;'>GSM<\/li>\n<li style='margin-bottom: 5px;'>Microonda<\/li>\n<li style='margin-bottom: 5px;'>Paginaci\u00f3n<\/li>\n<li style='margin-bottom: 5px;'>TDMA<\/li>\n<li style='margin-bottom: 5px;'>TETRA Y TETRAPOL<\/li>\n<li style='margin-bottom: 5px;'>VHF y UHF<\/li>\n<li style='margin-bottom: 5px;'>LMR<\/li>\n<li style='margin-bottom: 5px;'>WLL<\/li>\n<\/ul><\/div>\n<\/p><\/div>\n<div style='display: flex; flex-wrap: wrap; gap: 20px; margin-bottom: 30px;'>\n<div style='flex: 1 1 250px; border: 1px solid rgba(150&comma; 150&comma; 150&comma; 0.4); border-radius: 8px; overflow: hidden; display: flex; flex-direction: column;'>\n<div style='padding: 15px; border-bottom: 1px solid rgba(150&comma; 150&comma; 150&comma; 0.2); font-weight: bold; font-size: 18px; color: inherit;'>Medici\u00f3n<\/div>\n<div style='padding: 15px; color: inherit;'>\n<ul style='padding-left: 20px; margin: 0; font-size: 14px; list-style-type: disc;'>\n<li style='margin-bottom: 5px;'><strong>Rango de frecuencia:<\/strong> 136 a 225 MHz.<\/li>\n<li style='margin-bottom: 5px;'><strong>Rango de medici\u00f3n ACMI:<\/strong> 2&comma;5 a 100 W.<\/li>\n<li style='margin-bottom: 5px;'><strong>Precisi\u00f3n de potencia:<\/strong> 136 a 225 MHz&comma; \u00b1 10%<\/li>\n<li style='margin-bottom: 5px;'><strong>P\u00e9rdida de inserci\u00f3n:<\/strong> 108 a 960 MHz&comma; 0&comma;1 dB<\/li>\n<li style='margin-bottom: 5px;'><strong>VSWR para 108 a 960 MHz:<\/strong> 1.07 (conectores N o 7\/16)<\/li>\n<li style='margin-bottom: 5px;'><strong>Directividad reflejada para 108 a 960 MHz:<\/strong> 30 dB<\/li>\n<\/ul><\/div>\n<\/p><\/div>\n<div style='flex: 1 1 250px; border: 1px solid rgba(150&comma; 150&comma; 150&comma; 0.4); border-radius: 8px; overflow: hidden; display: flex; flex-direction: column;'>\n<div style='padding: 15px; border-bottom: 1px solid rgba(150&comma; 150&comma; 150&comma; 0.2); font-weight: bold; font-size: 18px; color: inherit;'>Caracter\u00edsticas VSWR de la Alarma<\/div>\n<div style='padding: 15px; color: inherit;'>\n<ul style='padding-left: 20px; margin: 0; font-size: 14px; list-style-type: disc;'>\n<li style='margin-bottom: 5px;'><strong>Punto de ajuste de alarma:<\/strong> 1.3&comma; 1.4&comma; 1.5&comma; 1.6&comma; 1.7&comma; 1.8&comma; 1.9&comma; 2.0&comma; 2.1&comma; 2.2&comma; 2.3&comma; 2.4&comma; 2.5 a 1.<\/li>\n<li style='margin-bottom: 5px;'><strong>Tipo de contacto de rel\u00e9:<\/strong> Seco&comma; forma C&comma; contactos de rel\u00e9&comma; com\u00fan&comma; normalmente abierto&comma; normalmente cerrado.<\/li>\n<li style='margin-bottom: 5px;'><strong>Clasificaci\u00f3n de contacto:<\/strong> 100 VDC @ 0.5A<\/li>\n<li style='margin-bottom: 5px;'><strong>Alarma visual:<\/strong> El LED rojo se iluminar\u00e1 para indicar una alarma.<\/li>\n<li style='margin-bottom: 5px;'><strong>Est\u00edmulo:<\/strong> Cuando se exceda el punto de ajuste del VSWR&comma; tiempo de respuesta proporcional a la sobrecarga.<\/li>\n<li style='margin-bottom: 5px;'><strong>Restablecer:<\/strong> Entrada remota del interruptor de restablecimiento mec\u00e1nico local (Restablecer si VCC es de 0 a +0&comma;8 voltios).<\/li>\n<li style='margin-bottom: 5px;'><strong>Presione para hablar:<\/strong> + 5 \/ + 24 VCC para activar.<\/li>\n<\/ul><\/div>\n<\/p><\/div>\n<div style='flex: 1 1 250px; border: 1px solid rgba(150&comma; 150&comma; 150&comma; 0.4); border-radius: 8px; overflow: hidden; display: flex; flex-direction: column;'>\n<div style='padding: 15px; border-bottom: 1px solid rgba(150&comma; 150&comma; 150&comma; 0.2); font-weight: bold; font-size: 18px; color: inherit;'>Sistema<\/div>\n<div style='padding: 15px; color: inherit;'>\n<ul style='padding-left: 20px; margin: 0; font-size: 14px; list-style-type: disc;'>\n<li style='margin-bottom: 5px;'><strong>General:<\/strong> Sensor Thruline\u00ae para inserci\u00f3n directa en l\u00ednea de 50 ohm.<\/li>\n<li style='margin-bottom: 5px;'><strong>Potencia m\u00e1xima de la secci\u00f3n de l\u00ednea:<\/strong> Depende de la frecuencia y el conector.<\/li>\n<li style='margin-bottom: 5px;'><strong>Productos de intermodulaci\u00f3n pasiva:<\/strong> Menor de -130 dBc.<\/li>\n<li style='margin-bottom: 5px;'><strong>Requisitos de alimentaci\u00f3n ACMI:<\/strong> \u00b1 9 a 18 VCC o \u00b1 18 a 36 VCC o \u00b1 36 a 72 VCC.<\/li>\n<\/ul><\/div>\n<\/p><\/div>\n<div style='flex: 1 1 250px; border: 1px solid rgba(150&comma; 150&comma; 150&comma; 0.4); border-radius: 8px; overflow: hidden; display: flex; flex-direction: column;'>\n<div style='padding: 15px; border-bottom: 1px solid rgba(150&comma; 150&comma; 150&comma; 0.2); font-weight: bold; font-size: 18px; color: inherit;'>Interfaces<\/div>\n<div style='padding: 15px; color: inherit;'>\n<ul style='padding-left: 20px; margin: 0; font-size: 14px; list-style-type: disc;'>\n<li style='margin-bottom: 5px;'><strong>Conectores:<\/strong> Hembra N&comma; TNC o BNC.<\/li>\n<li style='margin-bottom: 5px;'><strong>Acoplamiento:<\/strong> -63 dB aprox.&comma; Sujeto a cambios en la potencia de escala completa.<\/li>\n<li style='margin-bottom: 5px;'><strong>Conectores RF:<\/strong> N o 7\/16 DIN&comma; consulte tabla.<\/li>\n<li style='margin-bottom: 5px;'><strong>Conector de alarma \/ alimentaci\u00f3n:<\/strong> Conector \u201cD\u201d hembra de 15 pines.<\/li>\n<li style='margin-bottom: 5px;'><strong>Puerto serie (ACM):<\/strong> RS-232&comma; 9600 baudios&comma; sin paridad&comma; 8 bits de datos&comma; 1 bit de parada&comma; sin protocolo de enlace.<\/li>\n<li style='margin-bottom: 5px;'><strong>Puerto Ethernet (ACMI):<\/strong> 10\/100-BASE-T (detecci\u00f3n autom\u00e1tica) Versi\u00f3n de Ethernet 2.0 \/ IEEE 802.3<\/li>\n<li style='margin-bottom: 5px;'><strong>Protocolos:<\/strong> ARP&comma; UDP \/ IP&comma; DHCP&comma; BOOTP&comma; Auto IP&comma; HTTP y SNMP.<\/li>\n<li style='margin-bottom: 5px;'><strong>LED izquierdo:<\/strong> \u00c1mbar: 10 Mbps. Verde: 100 Mbps.<\/li>\n<li style='margin-bottom: 5px;'><strong>LED derecho:<\/strong> \u00c1mbar: semid\u00faplex. Verde: d\u00faplex completo.<\/li>\n<li style='margin-bottom: 5px;'><strong>Seguridad:<\/strong> Cifrado de 128 bits.<\/li>\n<\/ul><\/div>\n<\/p><\/div>\n<div style='flex: 1 1 250px; border: 1px solid rgba(150&comma; 150&comma; 150&comma; 0.4); border-radius: 8px; overflow: hidden; display: flex; flex-direction: column;'>\n<div style='padding: 15px; border-bottom: 1px solid rgba(150&comma; 150&comma; 150&comma; 0.2); font-weight: bold; font-size: 18px; color: inherit;'>Medio Ambiente<\/div>\n<div style='padding: 15px; color: inherit;'>\n<ul style='padding-left: 20px; margin: 0; font-size: 14px; list-style-type: disc;'>\n<li style='margin-bottom: 5px;'><strong>Temperatura de funcionamiento:<\/strong> 32 \u00b0F a 122 \u00b0F (0 \u00b0C a 50 \u00b0C).<\/li>\n<li style='margin-bottom: 5px;'><strong>Temperatura de almacenamiento:<\/strong> -4 \u00b0F a 176 \u00b0F (-20 \u00b0C a 80 \u00b0C).<\/li>\n<li style='margin-bottom: 5px;'><strong>Humedad:<\/strong> De 0 a 95% m\u00e1xima (sin condensaci\u00f3n).<\/li>\n<li style='margin-bottom: 5px;'><strong>Altitud:<\/strong> Hasta 3000 metros sobre el nivel del mar.<\/li>\n<\/ul><\/div>\n<\/p><\/div>\n<div style='flex: 1 1 250px; border: 1px solid rgba(150&comma; 150&comma; 150&comma; 0.4); border-radius: 8px; overflow: hidden; display: flex; flex-direction: column;'>\n<div style='padding: 15px; border-bottom: 1px solid rgba(150&comma; 150&comma; 150&comma; 0.2); font-weight: bold; font-size: 18px; color: inherit;'>F\u00edsicas<\/div>\n<div style='padding: 15px; color: inherit;'>\n<ul style='padding-left: 20px; margin: 0; font-size: 14px; list-style-type: disc;'>\n<li style='margin-bottom: 5px;'><strong>Tama\u00f1o (con conectores):<\/strong> 7.6&#8242; x 7.2&#8242; x 1.06&#8242; (192 mm x 183 mm x 27 mm).<\/li>\n<li style='margin-bottom: 5px;'><strong>Peso:<\/strong> Menor de 2 lb (0.9 kg).<\/li>\n<\/ul><\/div>\n<\/p><\/div>\n<\/p><\/div>\n<hr style='border: 0; border-top: 1px solid rgba(150&comma; 150&comma; 150&comma; 0.3); margin: 30px 0;'> <\/div>\n","protected":false},"excerpt":{"rendered":"<p>Monitor de Antena y Cable con Alarma, 136-225 MHz, 100 Watt, N Hembra\/ N Hembra\/ N Hembra, 12 Vcc.<\/p>\n","protected":false},"featured_media":58448,"comment_status":"open","ping_status":"closed","template":"","meta":[],"product_brand":[],"product_cat":[1610],"product_tag":[1611,1641,931],"class_list":{"0":"post-58449","1":"product","2":"type-product","3":"status-publish","4":"has-post-thumbnail","6":"product_cat-analizadores-espectro-y-antenas-monitores-de-servicio-y-softwares","7":"product_tag-analizadores-espectro-y-antenas-monitores-de-servicio-y-softwares","8":"product_tag-bird-technologies","9":"product_tag-equipo-de-laboratorio","11":"first","12":"outofstock","13":"sale","14":"shipping-taxable","15":"purchasable","16":"product-type-simple"},"_links":{"self":[{"href":"https:\/\/soydeaqui.ddns.net\/pachuca\/index.php\/wp-json\/wp\/v2\/product\/58449","targetHints":{"allow":["GET"]}}],"collection":[{"href":"https:\/\/soydeaqui.ddns.net\/pachuca\/index.php\/wp-json\/wp\/v2\/product"}],"about":[{"href":"https:\/\/soydeaqui.ddns.net\/pachuca\/index.php\/wp-json\/wp\/v2\/types\/product"}],"replies":[{"embeddable":true,"href":"https:\/\/soydeaqui.ddns.net\/pachuca\/index.php\/wp-json\/wp\/v2\/comments?post=58449"}],"wp:featuredmedia":[{"embeddable":true,"href":"https:\/\/soydeaqui.ddns.net\/pachuca\/index.php\/wp-json\/wp\/v2\/media\/58448"}],"wp:attachment":[{"href":"https:\/\/soydeaqui.ddns.net\/pachuca\/index.php\/wp-json\/wp\/v2\/media?parent=58449"}],"wp:term":[{"taxonomy":"product_brand","embeddable":true,"href":"https:\/\/soydeaqui.ddns.net\/pachuca\/index.php\/wp-json\/wp\/v2\/product_brand?post=58449"},{"taxonomy":"product_cat","embeddable":true,"href":"https:\/\/soydeaqui.ddns.net\/pachuca\/index.php\/wp-json\/wp\/v2\/product_cat?post=58449"},{"taxonomy":"product_tag","embeddable":true,"href":"https:\/\/soydeaqui.ddns.net\/pachuca\/index.php\/wp-json\/wp\/v2\/product_tag?post=58449"}],"curies":[{"name":"wp","href":"https:\/\/api.w.org\/{rel}","templated":true}]}}