{"id":58273,"date":"2026-03-19T04:24:08","date_gmt":"2026-03-19T04:24:08","guid":{"rendered":"https:\/\/soydeaqui.ddns.net\/pachuca\/index.php\/producto\/rack-de-cuatro-postes-estandar-de-19-rieles-roscados-12-24-profundidad-ajustable-de-23-a-42-in-45-unidades-de-rack-color-negro\/"},"modified":"2026-03-19T04:24:13","modified_gmt":"2026-03-19T04:24:13","slug":"rack-de-cuatro-postes-estandar-de-19-rieles-roscados-12-24-profundidad-ajustable-de-23-a-42-in-45-unidades-de-rack-color-negro","status":"publish","type":"product","link":"https:\/\/soydeaqui.ddns.net\/pachuca\/index.php\/producto\/rack-de-cuatro-postes-estandar-de-19-rieles-roscados-12-24-profundidad-ajustable-de-23-a-42-in-45-unidades-de-rack-color-negro\/","title":{"rendered":"Rack de Cuatro Postes Est\u00e1ndar de 19&#8243;, Rieles Roscados #12-24, Profundidad Ajustable de 23 a 42 in, 45 Unidades de Rack, Color Negro"},"content":{"rendered":"<div style='width: 100%; max-width: 1200px; margin: 0 auto; font-family: sans-serif; line-height: 1.6; color: inherit; background-color: transparent;'> <!-- Descripci\u00f3n general --> <\/p>\n<div style='margin-bottom: 30px;'>\n<h2 style='font-size: 24px; margin-top: 0; color: inherit; opacity: 0.9;'>Rack de 4 Postes Est\u00e1ndar<\/h2>\n<p style='font-size: 15px; color: inherit; margin-bottom: 20px;'>El Rack de 4 postes de profundidad ajustable admite profundidades de montaje de equipos de 23 a 42 pulgadas en incrementos de 0.5 pulgadas&comma; para proporcionar una mayor flexibilidad con un solo n\u00famero de parte. Los postes estructurales delanteros y traseros del rack son capaces de montar todos los organizadores de cables verticales Panduit y varios accesorios como unidades de distribuci\u00f3n de energ\u00eda&comma; bajadas y soportes verticales de amarre.<\/p>\n<\/p><\/div>\n<p> <!-- Caracter\u00edsticas principales --> <\/p>\n<div style='display: flex; flex-wrap: wrap; gap: 30px; margin-bottom: 30px;'>\n<div style='flex: 1 1 300px; min-width: 280px;'>\n<h3 style='font-size: 22px; border-bottom: 2px solid currentColor; padding-bottom: 5px; margin-top: 0; color: inherit; opacity: 0.8;'>Caracter\u00edsticas Principales<\/h3>\n<ul style='padding-left: 20px; font-size: 15px; color: inherit; list-style-type: disc;'>\n<li style='margin-bottom: 5px;'>Profundidad ajustable de 23 a 42 pulgadas<\/li>\n<li style='margin-bottom: 5px;'>Altura extendida de 2136.9 mm para mayor capacidad<\/li>\n<li style='margin-bottom: 5px;'>Capacidad de carga est\u00e1tica de 907.2 kg<\/li>\n<li style='margin-bottom: 5px;'>Compatibilidad con organizadores de cables Panduit<\/li>\n<li style='margin-bottom: 5px;'>Cumplimiento con est\u00e1ndares EIA\/ECA-310-E y UL 2416<\/li>\n<\/ul><\/div>\n<p> <!-- Especificaciones t\u00e9cnicas --> <\/p>\n<div style='flex: 1 1 300px; min-width: 280px;'>\n<h3 style='font-size: 22px; border-bottom: 2px solid currentColor; padding-bottom: 5px; margin-top: 0; color: inherit; opacity: 0.8;'>Especificaciones T\u00e9cnicas<\/h3>\n<ul style='padding-left: 20px; font-size: 15px; color: inherit; list-style-type: none; padding: 0; margin: 0;'>\n<li style='margin-bottom: 8px;'><strong style='color: inherit;'>Material:<\/strong> Acero<\/li>\n<li style='margin-bottom: 8px;'><strong style='color: inherit;'>Altura extendida:<\/strong> 2136.9 mm<\/li>\n<li style='margin-bottom: 8px;'><strong style='color: inherit;'>Ancho total:<\/strong> 515.9 mm<\/li>\n<li style='margin-bottom: 8px;'><strong style='color: inherit;'>Profundidad extendida:<\/strong> 1066.8 mm<\/li>\n<li style='margin-bottom: 8px;'><strong style='color: inherit;'>Unidades de rack:<\/strong> 45<\/li>\n<li style='margin-bottom: 8px;'><strong style='color: inherit;'>Tama\u00f1o de rosca:<\/strong> #12-24<\/li>\n<li style='margin-bottom: 8px;'><strong style='color: inherit;'>Capacidad de carga:<\/strong> 907.2 kg<\/li>\n<li style='margin-bottom: 8px;'><strong style='color: inherit;'>Color:<\/strong> Negro<\/li>\n<li style='margin-bottom: 8px;'><strong style='color: inherit;'>Cumplimiento:<\/strong> EIA\/ECA-310-E&comma; UL 2416&comma; RoHS<\/li>\n<\/ul><\/div>\n<\/p><\/div>\n<p> <!-- Secci\u00f3n de cards con opciones de configuraci\u00f3n --> <\/p>\n<div style='display: flex; flex-wrap: wrap; gap: 20px; margin-bottom: 30px;'>\n<div style='flex: 1 1 250px; border: 1px solid rgba(150&comma; 150&comma; 150&comma; 0.4); border-radius: 8px; overflow: hidden; display: flex; flex-direction: column;'>\n<div style='padding: 15px; border-bottom: 1px solid rgba(150&comma; 150&comma; 150&comma; 0.2); font-weight: bold; font-size: 18px; color: inherit;'>Opciones de Configuraci\u00f3n<\/div>\n<div style='padding: 15px; color: inherit;'>\n<ul style='padding-left: 20px; margin: 0; font-size: 14px; list-style-type: disc;'>\n<li style='margin-bottom: 5px;'>Modelo AR4P: Rieles roscados #12-24<\/li>\n<li style='margin-bottom: 5px;'>Modelo AR4PCN: Rieles con tuercas de jaula<\/li>\n<li style='margin-bottom: 5px;'>Opciones de altura: 7 pies (45 RU) o 8 pies (52 RU)<\/li>\n<li style='margin-bottom: 5px;'>Opciones de color: Negro y Blanco<\/li>\n<\/ul><\/div>\n<\/p><\/div>\n<p> <!-- Secci\u00f3n de cards con accesorios compatibles --> <\/p>\n<div style='flex: 1 1 250px; border: 1px solid rgba(150&comma; 150&comma; 150&comma; 0.4); border-radius: 8px; overflow: hidden; display: flex; flex-direction: column;'>\n<div style='padding: 15px; border-bottom: 1px solid rgba(150&comma; 150&comma; 150&comma; 0.2); font-weight: bold; font-size: 18px; color: inherit;'>Accesorios Compatibles<\/div>\n<div style='padding: 15px; color: inherit;'>\n<ul style='padding-left: 20px; margin: 0; font-size: 14px; list-style-type: disc;'>\n<li style='margin-bottom: 5px;'>Organizadores verticales de cables PatchRunner\u2122 2<\/li>\n<li style='margin-bottom: 5px;'>Soportes verticales de amarre<\/li>\n<li style='margin-bottom: 5px;'>Unidades de distribuci\u00f3n de energ\u00eda (PDU)<\/li>\n<li style='margin-bottom: 5px;'>Bajadas de cableado<\/li>\n<li style='margin-bottom: 5px;'>Estantes para rack de 19&#8242; x 30&#8242; (RSHLF)<\/li>\n<\/ul><\/div>\n<\/p><\/div>\n<p> <!-- Secci\u00f3n de cards con beneficios --> <\/p>\n<div style='flex: 1 1 250px; border: 1px solid rgba(150&comma; 150&comma; 150&comma; 0.4); border-radius: 8px; overflow: hidden; display: flex; flex-direction: column;'>\n<div style='padding: 15px; border-bottom: 1px solid rgba(150&comma; 150&comma; 150&comma; 0.2); font-weight: bold; font-size: 18px; color: inherit;'>Beneficios de Dise\u00f1o<\/div>\n<div style='padding: 15px; color: inherit;'>\n<ul style='padding-left: 20px; margin: 0; font-size: 14px; list-style-type: disc;'>\n<li style='margin-bottom: 5px;'>Construcci\u00f3n de acero soldado con estructura el\u00e9ctricamente unida<\/li>\n<li style='margin-bottom: 5px;'>Identificaci\u00f3n num\u00e9rica de unidades de rack para r\u00e1pida localizaci\u00f3n<\/li>\n<li style='margin-bottom: 5px;'>Ocho posiciones de conexi\u00f3n a tierra con m\u00e1scara protectora<\/li>\n<li style='margin-bottom: 5px;'>Sistema de montaje sin necesidad de segunda llave (PEM y tornillo de mariposa)<\/li>\n<\/ul><\/div>\n<\/p><\/div>\n<\/p><\/div>\n<p> <!-- Aplicaciones --> <\/p>\n<div style='margin-bottom: 30px;'>\n<h3 style='font-size: 22px; border-bottom: 2px solid currentColor; padding-bottom: 5px; margin-top: 0; color: inherit; opacity: 0.8;'>Aplicaciones<\/h3>\n<p style='font-size: 15px; color: inherit; margin-bottom: 15px;'>Dise\u00f1ado para soportar equipos de red en centros de datos&comma; salas de telecomunicaciones y laboratorios. Combina la estabilidad de un gabinete con la accesibilidad de un rack abierto&comma; proporcionando m\u00e1xima flexibilidad en el dise\u00f1o de la red. La construcci\u00f3n con refuerzos frontales y traseros soldados proporciona la resistencia y flexibilidad necesaria para trabajar con diversos tipos de equipos activos. El dise\u00f1o abierto permite un flujo de aire m\u00e1ximo alrededor del rack.<\/p>\n<\/p><\/div>\n<p> <!-- Separador --> <\/p>\n<hr style='border: 0; border-top: 1px solid rgba(150&comma; 150&comma; 150&comma; 0.3); margin: 30px 0;'> <\/div>\n","protected":false},"excerpt":{"rendered":"<p>Rack de Cuatro Postes Est\u00e1ndar de 19&#8243;, Rieles Roscados #12-24, Profundidad Ajustable de 23 a 42 in, 45 Unidades de Rack, Color Negro<\/p>\n","protected":false},"featured_media":58272,"comment_status":"open","ping_status":"closed","template":"","meta":[],"product_brand":[],"product_cat":[680],"product_tag":[445,660,605],"class_list":{"0":"post-58273","1":"product","2":"type-product","3":"status-publish","4":"has-post-thumbnail","6":"product_cat-racks-abiertos-racks-y-gabinetes","7":"product_tag-panduit","8":"product_tag-racks-abiertos","9":"product_tag-racks-y-gabinetes","11":"first","12":"instock","13":"sale","14":"shipping-taxable","15":"purchasable","16":"product-type-simple"},"_links":{"self":[{"href":"https:\/\/soydeaqui.ddns.net\/pachuca\/index.php\/wp-json\/wp\/v2\/product\/58273","targetHints":{"allow":["GET"]}}],"collection":[{"href":"https:\/\/soydeaqui.ddns.net\/pachuca\/index.php\/wp-json\/wp\/v2\/product"}],"about":[{"href":"https:\/\/soydeaqui.ddns.net\/pachuca\/index.php\/wp-json\/wp\/v2\/types\/product"}],"replies":[{"embeddable":true,"href":"https:\/\/soydeaqui.ddns.net\/pachuca\/index.php\/wp-json\/wp\/v2\/comments?post=58273"}],"wp:featuredmedia":[{"embeddable":true,"href":"https:\/\/soydeaqui.ddns.net\/pachuca\/index.php\/wp-json\/wp\/v2\/media\/58272"}],"wp:attachment":[{"href":"https:\/\/soydeaqui.ddns.net\/pachuca\/index.php\/wp-json\/wp\/v2\/media?parent=58273"}],"wp:term":[{"taxonomy":"product_brand","embeddable":true,"href":"https:\/\/soydeaqui.ddns.net\/pachuca\/index.php\/wp-json\/wp\/v2\/product_brand?post=58273"},{"taxonomy":"product_cat","embeddable":true,"href":"https:\/\/soydeaqui.ddns.net\/pachuca\/index.php\/wp-json\/wp\/v2\/product_cat?post=58273"},{"taxonomy":"product_tag","embeddable":true,"href":"https:\/\/soydeaqui.ddns.net\/pachuca\/index.php\/wp-json\/wp\/v2\/product_tag?post=58273"}],"curies":[{"name":"wp","href":"https:\/\/api.w.org\/{rel}","templated":true}]}}