{"id":58177,"date":"2026-03-19T04:20:52","date_gmt":"2026-03-19T04:20:52","guid":{"rendered":"https:\/\/soydeaqui.ddns.net\/pachuca\/index.php\/producto\/kit-de-tira-de-luz-led-smartzone-g5-con-cable-usb-sensor-de-puerta-y-montaje-de-instalacion-incluido\/"},"modified":"2026-03-19T04:20:53","modified_gmt":"2026-03-19T04:20:53","slug":"kit-de-tira-de-luz-led-smartzone-g5-con-cable-usb-sensor-de-puerta-y-montaje-de-instalacion-incluido","status":"publish","type":"product","link":"https:\/\/soydeaqui.ddns.net\/pachuca\/index.php\/producto\/kit-de-tira-de-luz-led-smartzone-g5-con-cable-usb-sensor-de-puerta-y-montaje-de-instalacion-incluido\/","title":{"rendered":"Kit de Tira de Luz LED SmartZone G5, Con Cable USB, Sensor de Puerta y Montaje de Instalaci\u00f3n Incluido"},"content":{"rendered":"<div style='width: 100%; max-width: 1200px; margin: 0 auto; font-family: sans-serif; line-height: 1.6; color: inherit; background-color: transparent;'>\n<div style='display: flex; flex-wrap: wrap; gap: 30px; margin-bottom: 30px;'>\n<div style='flex: 1 1 300px; min-width: 280px;'>\n<h3 style='font-size: 22px; border-bottom: 2px solid currentColor; padding-bottom: 5px; margin-top: 0; color: inherit; opacity: 0.8;'>Descripci\u00f3n<\/h3>\n<p style='font-size: 15px; color: inherit; margin-top: 10px; margin-bottom: 15px;'>El kit de sensor de tira de luz LED autom\u00e1tico est\u00e1 dise\u00f1ado para activarse cuando la puerta del gabinete se abre m\u00e1s de 10 mm despu\u00e9s de un corto per\u00edodo de tiempo. Adem\u00e1s de permitir una mejor visibilidad del gabinete&comma; esto brinda mayor seguridad al indicar visualmente que la puerta del gabinete est\u00e1 abierta.<\/p>\n<\/p><\/div>\n<\/p><\/div>\n<div style='display: flex; flex-wrap: wrap; gap: 30px; margin-bottom: 30px;'>\n<div style='flex: 1 1 300px; min-width: 280px;'>\n<h3 style='font-size: 22px; border-bottom: 2px solid currentColor; padding-bottom: 5px; margin-top: 0; color: inherit; opacity: 0.8;'>Caracter\u00edsticas Principales<\/h3>\n<ul style='padding-left: 20px; font-size: 15px; color: inherit; margin-top: 10px; margin-bottom: 15px;'>\n<li style='margin-bottom: 5px;'>Activaci\u00f3n autom\u00e1tica al abrir puerta m\u00e1s de 10 mm<\/li>\n<li style='margin-bottom: 5px;'>Longitud total de 1499.9 mm<\/li>\n<li style='margin-bottom: 5px;'>Ancho total de 25.4 mm<\/li>\n<li style='margin-bottom: 5px;'>Cumple con est\u00e1ndares CE para seguridad<\/li>\n<li style='margin-bottom: 5px;'>Temperatura m\u00e1xima de funcionamiento 65\u00b0C (149\u00b0F)<\/li>\n<\/ul><\/div>\n<\/p><\/div>\n<div style='display: flex; flex-wrap: wrap; gap: 20px; margin-bottom: 30px;'>\n<div style='flex: 1 1 250px; border: 1px solid rgba(150&comma; 150&comma; 150&comma; 0.4); border-radius: 8px; overflow: hidden; display: flex; flex-direction: column;'>\n<div style='padding: 15px; border-bottom: 1px solid rgba(150&comma; 150&comma; 150&comma; 0.2); font-weight: bold; font-size: 18px; color: inherit;'>Especificaciones T\u00e9cnicas<\/div>\n<div style='padding: 15px; color: inherit;'>\n<ul style='padding-left: 20px; margin: 0; font-size: 14px; list-style-type: disc;'>\n<li style='margin-bottom: 5px;'><strong>Longitud total:<\/strong> 59.05 in (1499.9 mm)<\/li>\n<li style='margin-bottom: 5px;'><strong>Ancho total:<\/strong> 1 in (25.4 mm)<\/li>\n<li style='margin-bottom: 5px;'><strong>Altura total:<\/strong> 15 in (381 mm)<\/li>\n<li style='margin-bottom: 5px;'><strong>Voltaje operativo:<\/strong> 5V DC<\/li>\n<li style='margin-bottom: 5px;'><strong>Salida de luz (0.5m):<\/strong> 111 l\u00famenes<\/li>\n<\/ul><\/div>\n<\/p><\/div>\n<div style='flex: 1 1 250px; border: 1px solid rgba(150&comma; 150&comma; 150&comma; 0.4); border-radius: 8px; overflow: hidden; display: flex; flex-direction: column;'>\n<div style='padding: 15px; border-bottom: 1px solid rgba(150&comma; 150&comma; 150&comma; 0.2); font-weight: bold; font-size: 18px; color: inherit;'>Condiciones Ambientales<\/div>\n<div style='padding: 15px; color: inherit;'>\n<ul style='padding-left: 20px; margin: 0; font-size: 14px; list-style-type: disc;'>\n<li style='margin-bottom: 5px;'><strong>Temperatura operativa:<\/strong> 0\u00b0C a 70\u00b0C (32\u00b0F a 158\u00b0F)<\/li>\n<li style='margin-bottom: 5px;'><strong>Temperatura almacenamiento:<\/strong> -20\u00b0C a 70\u00b0C (-4\u00b0F a 158\u00b0F)<\/li>\n<li style='margin-bottom: 5px;'><strong>Humedad:<\/strong> 0-95% RH sin condensaci\u00f3n<\/li>\n<li style='margin-bottom: 5px;'><strong>Altitud operativa:<\/strong> 0-10&comma;000 pies (0-3&comma;048 m)<\/li>\n<li style='margin-bottom: 5px;'><strong>Altitud almacenamiento:<\/strong> 0-50&comma;000 pies (0-15&comma;240 m)<\/li>\n<\/ul><\/div>\n<\/p><\/div>\n<div style='flex: 1 1 250px; border: 1px solid rgba(150&comma; 150&comma; 150&comma; 0.4); border-radius: 8px; overflow: hidden; display: flex; flex-direction: column;'>\n<div style='padding: 15px; border-bottom: 1px solid rgba(150&comma; 150&comma; 150&comma; 0.2); font-weight: bold; font-size: 18px; color: inherit;'>Detalles de Instalaci\u00f3n<\/div>\n<div style='padding: 15px; color: inherit;'>\n<ul style='padding-left: 20px; margin: 0; font-size: 14px; list-style-type: disc;'>\n<li style='margin-bottom: 5px;'>Montaje con imanes o cinta adhesiva<\/li>\n<li style='margin-bottom: 5px;'>Conector RJ45 para conexi\u00f3n est\u00e1ndar<\/li>\n<li style='margin-bottom: 5px;'>Instalaci\u00f3n interior en rack o gabinete<\/li>\n<li style='margin-bottom: 5px;'>Conexi\u00f3n directa a iPDU G5<\/li>\n<li style='margin-bottom: 5px;'>Cable USB con puerto adicional (pig-tail)<\/li>\n<\/ul><\/div>\n<\/p><\/div>\n<\/p><\/div>\n<div style='display: flex; flex-wrap: wrap; gap: 20px; margin-bottom: 30px;'>\n<div style='flex: 1 1 250px; border: 1px solid rgba(150&comma; 150&comma; 150&comma; 0.4); border-radius: 8px; overflow: hidden; display: flex; flex-direction: column;'>\n<div style='padding: 15px; border-bottom: 1px solid rgba(150&comma; 150&comma; 150&comma; 0.2); font-weight: bold; font-size: 18px; color: inherit;'>Certificaciones<\/div>\n<div style='padding: 15px; color: inherit;'>\n<ul style='padding-left: 20px; margin: 0; font-size: 14px; list-style-type: disc;'>\n<li style='margin-bottom: 5px;'>CE<\/li>\n<li style='margin-bottom: 5px;'>RoHS<\/li>\n<li style='margin-bottom: 5px;'>WEEE<\/li>\n<\/ul><\/div>\n<\/p><\/div>\n<div style='flex: 1 1 250px; border: 1px solid rgba(150&comma; 150&comma; 150&comma; 0.4); border-radius: 8px; overflow: hidden; display: flex; flex-direction: column;'>\n<div style='padding: 15px; border-bottom: 1px solid rgba(150&comma; 150&comma; 150&comma; 0.2); font-weight: bold; font-size: 18px; color: inherit;'>Contenido del Paquete<\/div>\n<div style='padding: 15px; color: inherit;'>\n<ul style='padding-left: 20px; margin: 0; font-size: 14px; list-style-type: disc;'>\n<li style='margin-bottom: 5px;'>Tira de luz LED<\/li>\n<li style='margin-bottom: 5px;'>Cable USB de 1.5m<\/li>\n<li style='margin-bottom: 5px;'>Sensor de puerta magn\u00e9tico<\/li>\n<li style='margin-bottom: 5px;'>Cinta adhesiva doble cara<\/li>\n<li style='margin-bottom: 5px;'>Tornillos de montaje<\/li>\n<li style='margin-bottom: 5px;'>Conector RJ45<\/li>\n<\/ul><\/div>\n<\/p><\/div>\n<\/p><\/div>\n<hr style='border: 0; border-top: 1px solid rgba(150&comma; 150&comma; 150&comma; 0.3); margin: 30px 0;'> <\/div>\n","protected":false},"excerpt":{"rendered":"<p>Kit de Tira de Luz LED SmartZone G5, Con Cable USB, Sensor de Puerta y Montaje de Instalaci\u00f3n Incluido<\/p>\n","protected":false},"featured_media":58176,"comment_status":"open","ping_status":"closed","template":"","meta":[],"product_brand":[],"product_cat":[604],"product_tag":[606,445,605],"class_list":{"0":"post-58177","1":"product","2":"type-product","3":"status-publish","4":"has-post-thumbnail","6":"product_cat-accesorios-para-racks-y-gabinetes","7":"product_tag-accesorios-para-racks-y-gabinetes","8":"product_tag-panduit","9":"product_tag-racks-y-gabinetes","11":"first","12":"instock","13":"sale","14":"shipping-taxable","15":"purchasable","16":"product-type-simple"},"_links":{"self":[{"href":"https:\/\/soydeaqui.ddns.net\/pachuca\/index.php\/wp-json\/wp\/v2\/product\/58177","targetHints":{"allow":["GET"]}}],"collection":[{"href":"https:\/\/soydeaqui.ddns.net\/pachuca\/index.php\/wp-json\/wp\/v2\/product"}],"about":[{"href":"https:\/\/soydeaqui.ddns.net\/pachuca\/index.php\/wp-json\/wp\/v2\/types\/product"}],"replies":[{"embeddable":true,"href":"https:\/\/soydeaqui.ddns.net\/pachuca\/index.php\/wp-json\/wp\/v2\/comments?post=58177"}],"wp:featuredmedia":[{"embeddable":true,"href":"https:\/\/soydeaqui.ddns.net\/pachuca\/index.php\/wp-json\/wp\/v2\/media\/58176"}],"wp:attachment":[{"href":"https:\/\/soydeaqui.ddns.net\/pachuca\/index.php\/wp-json\/wp\/v2\/media?parent=58177"}],"wp:term":[{"taxonomy":"product_brand","embeddable":true,"href":"https:\/\/soydeaqui.ddns.net\/pachuca\/index.php\/wp-json\/wp\/v2\/product_brand?post=58177"},{"taxonomy":"product_cat","embeddable":true,"href":"https:\/\/soydeaqui.ddns.net\/pachuca\/index.php\/wp-json\/wp\/v2\/product_cat?post=58177"},{"taxonomy":"product_tag","embeddable":true,"href":"https:\/\/soydeaqui.ddns.net\/pachuca\/index.php\/wp-json\/wp\/v2\/product_tag?post=58177"}],"curies":[{"name":"wp","href":"https:\/\/api.w.org\/{rel}","templated":true}]}}