{"id":58075,"date":"2026-03-19T04:17:36","date_gmt":"2026-03-19T04:17:36","guid":{"rendered":"https:\/\/soydeaqui.ddns.net\/pachuca\/index.php\/producto\/programacion-de-radios-analogicos-nx-1200a-1300a\/"},"modified":"2026-03-19T04:17:37","modified_gmt":"2026-03-19T04:17:37","slug":"programacion-de-radios-analogicos-nx-1200a-1300a","status":"publish","type":"product","link":"https:\/\/soydeaqui.ddns.net\/pachuca\/index.php\/producto\/programacion-de-radios-analogicos-nx-1200a-1300a\/","title":{"rendered":"Programaci\u00f3n de radios anal\u00f3gicos NX-1200A\/1300A"},"content":{"rendered":"<div style='width: 100%; max-width: 1200px; margin: 0 auto; font-family: sans-serif; line-height: 1.6; color: inherit; background-color: transparent;'> <!-- Secci\u00f3n de contenido con flex\/grid --> <\/p>\n<div style='display: flex; flex-wrap: wrap; gap: 30px; margin-bottom: 30px;'>\n<div style='flex: 1 1 300px; min-width: 280px;'>\n<h3 style='font-size: 22px; border-bottom: 2px solid currentColor; padding-bottom: 5px; margin-top: 0; color: inherit; opacity: 0.8;'>Descripci\u00f3n<\/h3>\n<p style='font-size: 15px; color: inherit; margin: 0 0 15px 0;'>Adquiera los conocimientos para utilizar el software de programaci\u00f3n KPG-D6K para la implementaci\u00f3n de funciones b\u00e1sicas\/intermedias con las tecnolog\u00edas digitales NXDN y DMR<\/p>\n<\/p><\/div>\n<\/p><\/div>\n<p> <!-- Secci\u00f3n de cards con especificaciones --> <\/p>\n<div style='display: flex; flex-wrap: wrap; gap: 20px; margin-bottom: 30px;'>\n<div style='flex: 1 1 250px; border: 1px solid rgba(150&comma; 150&comma; 150&comma; 0.4); border-radius: 8px; overflow: hidden; display: flex; flex-direction: column;'>\n<div style='padding: 15px; border-bottom: 1px solid rgba(150&comma; 150&comma; 150&comma; 0.2); font-weight: bold; font-size: 18px; color: inherit;'>Objetivo<\/div>\n<div style='padding: 15px; color: inherit;'>\n<p style='margin: 0 0 10px 0; font-size: 14px;'>Proporcionar el conocimiento suficiente para realizar programaciones de la nueva serie NX-1000<\/p>\n<\/p><\/div>\n<\/p><\/div>\n<div style='flex: 1 1 250px; border: 1px solid rgba(150&comma; 150&comma; 150&comma; 0.4); border-radius: 8px; overflow: hidden; display: flex; flex-direction: column;'>\n<div style='padding: 15px; border-bottom: 1px solid rgba(150&comma; 150&comma; 150&comma; 0.2); font-weight: bold; font-size: 18px; color: inherit;'>A qui\u00e9n est\u00e1 dirigido<\/div>\n<div style='padding: 15px; color: inherit;'>\n<p style='margin: 0 0 10px 0; font-size: 14px;'>Integradores y\/o distribuidores de radiocomunicaci\u00f3n KENWOOD<\/p>\n<\/p><\/div>\n<\/p><\/div>\n<div style='flex: 1 1 250px; border: 1px solid rgba(150&comma; 150&comma; 150&comma; 0.4); border-radius: 8px; overflow: hidden; display: flex; flex-direction: column;'>\n<div style='padding: 15px; border-bottom: 1px solid rgba(150&comma; 150&comma; 150&comma; 0.2); font-weight: bold; font-size: 18px; color: inherit;'>Requisitos<\/div>\n<div style='padding: 15px; color: inherit;'>\n<p style='margin: 0 0 10px 0; font-size: 14px;'>Conexi\u00f3n a internet\/dispositivo de audio para PC&comma; bocinas o aud\u00edfonos<\/p>\n<\/p><\/div>\n<\/p><\/div>\n<\/p><\/div>\n<p> <!-- Secci\u00f3n de temario --> <\/p>\n<div style='margin-bottom: 30px;'>\n<h3 style='font-size: 22px; border-bottom: 2px solid currentColor; padding-bottom: 5px; margin-top: 0; color: inherit; opacity: 0.8;'>Temario<\/h3>\n<div style='padding-left: 20px; color: inherit;'>\n<p style='margin: 10px 0; font-size: 15px; color: inherit;'>Presentaci\u00f3n serie NX-1000<\/p>\n<ul style='padding-left: 20px; margin: 0 0 10px 0; font-size: 14px; list-style-type: disc; color: inherit;'>\n<li style='margin-bottom: 5px; color: inherit;'>Instalaci\u00f3n software KPT-300LMC&comma; KPG-D6K<\/li>\n<li style='margin-bottom: 5px; color: inherit;'>Validaci\u00f3n de licencia software\/radio<\/li>\n<li style='margin-bottom: 5px; color: inherit;'>Programaci\u00f3n modo directo NXDN<\/li>\n<ul style='padding-left: 20px; margin: 5px 0; font-size: 14px; list-style-type: disc; color: inherit;'>\n<li style='margin-bottom: 5px; color: inherit;'>Over the Air Alias<\/li>\n<li style='margin-bottom: 5px; color: inherit;'>Llamadas selectivas<\/li>\n<li style='margin-bottom: 5px; color: inherit;'>Password de lectura<\/li>\n<li style='margin-bottom: 5px; color: inherit;'>Encriptaci\u00f3n<\/li>\n<li style='margin-bottom: 5px; color: inherit;'>Remote Control<\/li>\n<\/ul>\n<li style='margin-bottom: 5px; color: inherit;'>Programaci\u00f3n DMR<\/li>\n<ul style='padding-left: 20px; margin: 5px 0; font-size: 14px; list-style-type: disc; color: inherit;'>\n<li style='margin-bottom: 5px; color: inherit;'>Programaci\u00f3n DMR modo directo<\/li>\n<li style='margin-bottom: 5px; color: inherit;'>Interrupci\u00f3n de Llamada<\/li>\n<li style='margin-bottom: 5px; color: inherit;'>PseudoTruking<\/li>\n<li style='margin-bottom: 5px; color: inherit;'>Llamadas de grupo<\/li>\n<\/ul>\n<li style='margin-bottom: 5px; color: inherit;'>Examen<\/li>\n<\/ul><\/div>\n<\/p><\/div>\n<p> <!-- Separador --> <\/p>\n<hr style='border: 0; border-top: 1px solid rgba(150&comma; 150&comma; 150&comma; 0.3); margin: 30px 0;'> <\/div>\n","protected":false},"excerpt":{"rendered":"<p>Programaci\u00f3n de radios anal\u00f3gicos NX-1200A\/1300A<\/p>\n","protected":false},"featured_media":32,"comment_status":"open","ping_status":"closed","template":"","meta":[],"product_brand":[],"product_cat":[1601],"product_tag":[1579,1602,63],"class_list":{"0":"post-58075","1":"product","2":"type-product","3":"status-publish","4":"has-post-thumbnail","6":"product_cat-programacion-y-software","7":"product_tag-accesorios-para-kenwood","8":"product_tag-programacion-y-software","9":"product_tag-syscom","11":"first","12":"outofstock","13":"sale","14":"shipping-taxable","15":"purchasable","16":"product-type-simple"},"_links":{"self":[{"href":"https:\/\/soydeaqui.ddns.net\/pachuca\/index.php\/wp-json\/wp\/v2\/product\/58075","targetHints":{"allow":["GET"]}}],"collection":[{"href":"https:\/\/soydeaqui.ddns.net\/pachuca\/index.php\/wp-json\/wp\/v2\/product"}],"about":[{"href":"https:\/\/soydeaqui.ddns.net\/pachuca\/index.php\/wp-json\/wp\/v2\/types\/product"}],"replies":[{"embeddable":true,"href":"https:\/\/soydeaqui.ddns.net\/pachuca\/index.php\/wp-json\/wp\/v2\/comments?post=58075"}],"wp:featuredmedia":[{"embeddable":true,"href":"https:\/\/soydeaqui.ddns.net\/pachuca\/index.php\/wp-json\/wp\/v2\/media\/32"}],"wp:attachment":[{"href":"https:\/\/soydeaqui.ddns.net\/pachuca\/index.php\/wp-json\/wp\/v2\/media?parent=58075"}],"wp:term":[{"taxonomy":"product_brand","embeddable":true,"href":"https:\/\/soydeaqui.ddns.net\/pachuca\/index.php\/wp-json\/wp\/v2\/product_brand?post=58075"},{"taxonomy":"product_cat","embeddable":true,"href":"https:\/\/soydeaqui.ddns.net\/pachuca\/index.php\/wp-json\/wp\/v2\/product_cat?post=58075"},{"taxonomy":"product_tag","embeddable":true,"href":"https:\/\/soydeaqui.ddns.net\/pachuca\/index.php\/wp-json\/wp\/v2\/product_tag?post=58075"}],"curies":[{"name":"wp","href":"https:\/\/api.w.org\/{rel}","templated":true}]}}