{"id":5771,"date":"2026-03-18T06:35:18","date_gmt":"2026-03-18T06:35:18","guid":{"rendered":"https:\/\/soydeaqui.ddns.net\/pachuca\/index.php\/producto\/receptor-inalambrico-para-la-serie-5800-de-honeywell-cubre-el-total-de-zonas-que-acepte-el-panel-de-alarma\/"},"modified":"2026-03-18T06:35:21","modified_gmt":"2026-03-18T06:35:21","slug":"receptor-inalambrico-para-la-serie-5800-de-honeywell-cubre-el-total-de-zonas-que-acepte-el-panel-de-alarma","status":"publish","type":"product","link":"https:\/\/soydeaqui.ddns.net\/pachuca\/index.php\/producto\/receptor-inalambrico-para-la-serie-5800-de-honeywell-cubre-el-total-de-zonas-que-acepte-el-panel-de-alarma\/","title":{"rendered":"Receptor Inalambrico para la Serie 5800 de Honeywell, cubre el total de zonas que acepte el panel de alarma"},"content":{"rendered":"<div style='width: 100%; max-width: 1200px; margin: 0 auto; font-family: sans-serif; line-height: 1.6; color: inherit; background-color: transparent;'>\n<div style='display: flex; flex-wrap: wrap; gap: 30px; margin-bottom: 30px;'>\n<div style='flex: 1 1 300px; min-width: 280px;'>\n<h3 style='font-size: 22px; border-bottom: 2px solid currentColor; padding-bottom: 5px; margin-top: 0; color: inherit; opacity: 0.8;'>Descripci\u00f3n General<\/h3>\n<p style='font-size: 15px; color: inherit; margin-top: 0;'>Los m\u00f3dulos de expansi\u00f3n de Honeywell ofrecen una m\u00e1xima flexibilidad&comma; en opciones inal\u00e1mbricas&comma; cableadas y m\u00f3dulos de expansi\u00f3n de rel\u00e9&comma; que se adaptan a todas las necesidades dom\u00e9sticas&comma; comerciales e industriales.<\/p>\n<ul style='padding-left: 20px; font-size: 15px; color: inherit; margin-top: 15px;'>\n<li style='margin-bottom: 5px;'>Receptores de la Serie 5800 de Honeywell<\/li>\n<li style='margin-bottom: 5px;'>Se conecta a l\u00edneas de datos de teclado de cuatro cables<\/li>\n<li style='margin-bottom: 5px;'>Admite todos los dispositivos inal\u00e1mbricos no bidireccionales de la Serie 5800<\/li>\n<\/ul>\n<\/div>\n<div style='flex: 1 1 300px; min-width: 280px;'>\n<h3 style='font-size: 22px; border-bottom: 2px solid currentColor; padding-bottom: 5px; margin-top: 0; color: inherit; opacity: 0.8;'>Caracter\u00edsticas Principales<\/h3>\n<ul style='padding-left: 20px; font-size: 15px; color: inherit; margin-top: 15px;'>\n<li style='margin-bottom: 5px;'>M\u00e1xima flexibilidad con opciones inal\u00e1mbricas y cableadas<\/li>\n<li style='margin-bottom: 5px;'>Compatibilidad con paneles Vista 10p&comma; Vista 250fbpt<\/li>\n<li style='margin-bottom: 5px;'>Conexi\u00f3n a l\u00edneas de datos de teclado<\/li>\n<li style='margin-bottom: 5px;'>Admite dispositivos inal\u00e1mbricos serie 5800<\/li>\n<li style='margin-bottom: 5px;'>M\u00f3dulos de expansi\u00f3n para necesidades industriales<\/li>\n<\/ul>\n<\/div>\n<\/div>\n<div style='display: flex; flex-wrap: wrap; gap: 20px; margin-bottom: 30px;'>\n<div style='flex: 1 1 250px; border: 1px solid rgba(150&comma; 150&comma; 150&comma; 0.4); border-radius: 8px; overflow: hidden; display: flex; flex-direction: column;'>\n<div style='padding: 15px; border-bottom: 1px solid rgba(150&comma; 150&comma; 150&comma; 0.2); font-weight: bold; font-size: 18px; color: inherit;'>Compatibilidad<\/div>\n<div style='padding: 15px; color: inherit;'>\n<ul style='padding-left: 20px; margin: 0; font-size: 14px; list-style-type: disc;'>\n<li style='margin-bottom: 5px;'>VISTA 10P<\/li>\n<li style='margin-bottom: 5px;'>VISTA 48LA<\/li>\n<li style='margin-bottom: 5px;'>VISTA 50P<\/li>\n<li style='margin-bottom: 5px;'>VISTA 128BPT<\/li>\n<li style='margin-bottom: 5px;'>VISTA 32FBT<\/li>\n<li style='margin-bottom: 5px;'>VISTA 128FBPT<\/li>\n<li style='margin-bottom: 5px;'>VISTA 250FBPT<\/li>\n<\/ul>\n<\/div>\n<\/div>\n<\/div>\n<hr style='border: 0; border-top: 1px solid rgba(150&comma; 150&comma; 150&comma; 0.3); margin: 30px 0;'><\/div>\n","protected":false},"excerpt":{"rendered":"<p>Receptor Inalambrico para la Serie 5800 de Honeywell, cubre el total de zonas que acepte el panel de alarma<\/p>\n","protected":false},"featured_media":5770,"comment_status":"open","ping_status":"closed","template":"","meta":[],"product_brand":[],"product_cat":[410],"product_tag":[45,172,411],"class_list":{"0":"post-5771","1":"product","2":"type-product","3":"status-publish","4":"has-post-thumbnail","6":"product_cat-receptores-inalambricos","7":"product_tag-honeywell-home-resideo","8":"product_tag-modulos-de-expansion","9":"product_tag-receptores-inalambricos","11":"first","12":"instock","13":"sale","14":"shipping-taxable","15":"purchasable","16":"product-type-simple"},"_links":{"self":[{"href":"https:\/\/soydeaqui.ddns.net\/pachuca\/index.php\/wp-json\/wp\/v2\/product\/5771","targetHints":{"allow":["GET"]}}],"collection":[{"href":"https:\/\/soydeaqui.ddns.net\/pachuca\/index.php\/wp-json\/wp\/v2\/product"}],"about":[{"href":"https:\/\/soydeaqui.ddns.net\/pachuca\/index.php\/wp-json\/wp\/v2\/types\/product"}],"replies":[{"embeddable":true,"href":"https:\/\/soydeaqui.ddns.net\/pachuca\/index.php\/wp-json\/wp\/v2\/comments?post=5771"}],"wp:featuredmedia":[{"embeddable":true,"href":"https:\/\/soydeaqui.ddns.net\/pachuca\/index.php\/wp-json\/wp\/v2\/media\/5770"}],"wp:attachment":[{"href":"https:\/\/soydeaqui.ddns.net\/pachuca\/index.php\/wp-json\/wp\/v2\/media?parent=5771"}],"wp:term":[{"taxonomy":"product_brand","embeddable":true,"href":"https:\/\/soydeaqui.ddns.net\/pachuca\/index.php\/wp-json\/wp\/v2\/product_brand?post=5771"},{"taxonomy":"product_cat","embeddable":true,"href":"https:\/\/soydeaqui.ddns.net\/pachuca\/index.php\/wp-json\/wp\/v2\/product_cat?post=5771"},{"taxonomy":"product_tag","embeddable":true,"href":"https:\/\/soydeaqui.ddns.net\/pachuca\/index.php\/wp-json\/wp\/v2\/product_tag?post=5771"}],"curies":[{"name":"wp","href":"https:\/\/api.w.org\/{rel}","templated":true}]}}