{"id":57684,"date":"2026-03-19T04:04:15","date_gmt":"2026-03-19T04:04:15","guid":{"rendered":"https:\/\/soydeaqui.ddns.net\/pachuca\/index.php\/producto\/cable-de-corriente-para-radios-de-locomotora-rccr-en-72-vcc-con-conector-en-angulo-recto-y-3-4-mts-de-cables-rojo-y-negro-en-awg-16\/"},"modified":"2026-03-19T04:04:16","modified_gmt":"2026-03-19T04:04:16","slug":"cable-de-corriente-para-radios-de-locomotora-rccr-en-72-vcc-con-conector-en-angulo-recto-y-3-4-mts-de-cables-rojo-y-negro-en-awg-16","status":"publish","type":"product","link":"https:\/\/soydeaqui.ddns.net\/pachuca\/index.php\/producto\/cable-de-corriente-para-radios-de-locomotora-rccr-en-72-vcc-con-conector-en-angulo-recto-y-3-4-mts-de-cables-rojo-y-negro-en-awg-16\/","title":{"rendered":"Cable de Corriente para Radios de Locomotora RCCR en +72 Vcc, con Conector en \u00c1ngulo Recto y 3.4 mts. de Cables Rojo y Negro en AWG 16."},"content":{"rendered":"<div style='width: 100%; max-width: 1200px; margin: 0 auto; font-family: sans-serif; line-height: 1.6; color: inherit; background-color: transparent;'> <!-- Secci\u00f3n de descripci\u00f3n general --> <\/p>\n<div style='margin-bottom: 30px;'>\n<h2 style='font-size: 24px; border-bottom: 2px solid currentColor; padding-bottom: 8px; margin-top: 0; color: inherit; opacity: 0.85;'>Cable de Alimentaci\u00f3n para Radios de Locomotora<\/h2>\n<p style='font-size: 15px; color: inherit; margin-top: 15px; margin-bottom: 25px;'> Cable de alimentaci\u00f3n de energ\u00eda para radios de locomotora serie RCCR&comma; dise\u00f1ado para aplicaciones ferroviarias con est\u00e1ndares de seguridad y durabilidad elevados. <\/p>\n<\/p><\/div>\n<p> <!-- Secci\u00f3n de caracter\u00edsticas principales --> <\/p>\n<div style='display: flex; flex-wrap: wrap; gap: 30px; margin-bottom: 30px;'>\n<div style='flex: 1 1 300px; min-width: 280px;'>\n<h3 style='font-size: 22px; border-bottom: 2px solid currentColor; padding-bottom: 5px; margin-top: 0; color: inherit; opacity: 0.8;'>Caracter\u00edsticas Principales<\/h3>\n<ul style='padding-left: 20px; font-size: 15px; color: inherit; list-style-type: disc;'>\n<li style='margin-bottom: 8px;'>Conector de \u00e1ngulo recto con 4 contactos hembra soldables<\/li>\n<li style='margin-bottom: 8px;'>Cable de 3.4 metros de longitud<\/li>\n<li style='margin-bottom: 8px;'>Cable de 16 AWG para mejor conductividad<\/li>\n<li style='margin-bottom: 8px;'>Compatible con radios serie RCCR<\/li>\n<li style='margin-bottom: 8px;'>Soporta conexi\u00f3n de +72 VCC<\/li>\n<\/ul><\/div>\n<\/p><\/div>\n<p> <!-- Secci\u00f3n de especificaciones t\u00e9cnicas --> <\/p>\n<div style='display: flex; flex-wrap: wrap; gap: 20px; margin-bottom: 30px;'>\n<div style='flex: 1 1 250px; border: 1px solid rgba(150&comma; 150&comma; 150&comma; 0.4); border-radius: 8px; overflow: hidden; display: flex; flex-direction: column;'>\n<div style='padding: 15px; border-bottom: 1px solid rgba(150&comma; 150&comma; 150&comma; 0.2); font-weight: bold; font-size: 18px; color: inherit;'>Especificaciones T\u00e9cnicas<\/div>\n<div style='padding: 15px; color: inherit;'>\n<ul style='padding-left: 20px; margin: 0; font-size: 14px; list-style-type: disc;'>\n<li style='margin-bottom: 5px;'><strong>Calibre del cable:<\/strong> 16 AWG<\/li>\n<li style='margin-bottom: 5px;'><strong>Tipo de cable:<\/strong> Exane 1068A<\/li>\n<li style='margin-bottom: 5px;'><strong>Aislamiento:<\/strong> IAW ICEA S-66-524 (S-95-658)<\/li>\n<li style='margin-bottom: 5px;'><strong>Tensi\u00f3n:<\/strong> 600V<\/li>\n<li style='margin-bottom: 5px;'><strong>Conector:<\/strong> MS3108B18-4S<\/li>\n<li style='margin-bottom: 5px;'><strong>Color de cables:<\/strong> Rojo (+72V) y Negro (-72V)<\/li>\n<\/ul><\/div>\n<\/p><\/div>\n<p> <!-- Secci\u00f3n de cumplimiento normativo --> <\/p>\n<div style='flex: 1 1 250px; border: 1px solid rgba(150&comma; 150&comma; 150&comma; 0.4); border-radius: 8px; overflow: hidden; display: flex; flex-direction: column;'>\n<div style='padding: 15px; border-bottom: 1px solid rgba(150&comma; 150&comma; 150&comma; 0.2); font-weight: bold; font-size: 18px; color: inherit;'>Cumplimiento Normativo<\/div>\n<div style='padding: 15px; color: inherit;'>\n<ul style='padding-left: 20px; margin: 0; font-size: 14px; list-style-type: disc;'>\n<li style='margin-bottom: 5px;'>AAR RP-585\/S-501<\/li>\n<li style='margin-bottom: 5px;'>NFPA 130-2014<\/li>\n<li style='margin-bottom: 5px;'>UL 1685 (FT4\/IEEE 1202 con medici\u00f3n de humo)<\/li>\n<li style='margin-bottom: 5px;'>49 CFR Part 238 (ICEA S-19-81)<\/li>\n<li style='margin-bottom: 5px;'>ASTM E662 (modos de llama y sin llama)<\/li>\n<li style='margin-bottom: 5px;'>BSS 7239 (toxicidad en transporte)<\/li>\n<li style='margin-bottom: 5px;'>UL VW-1 (prueba de llama)<\/li>\n<li style='margin-bottom: 5px;'>IEEE-383 1974 (prueba vertical de bandeja)<\/li>\n<\/ul><\/div>\n<\/p><\/div>\n<\/p><\/div>\n<p> <!-- Separador --> <\/p>\n<hr style='border: 0; border-top: 1px solid rgba(150&comma; 150&comma; 150&comma; 0.3); margin: 30px 0;'> <!-- Secci\u00f3n de conexi\u00f3n y configuraci\u00f3n --> <\/p>\n<div style='margin-bottom: 30px;'>\n<h3 style='font-size: 22px; border-bottom: 2px solid currentColor; padding-bottom: 5px; margin-top: 0; color: inherit; opacity: 0.8;'>Configuraci\u00f3n de Pines<\/h3>\n<ul style='padding-left: 20px; font-size: 15px; color: inherit; list-style-type: disc;'>\n<li style='margin-bottom: 5px;'><strong>Pin A:<\/strong> Rojo (+72V)<\/li>\n<li style='margin-bottom: 5px;'><strong>Pin C:<\/strong> Gris (-72V)<\/li>\n<\/ul><\/div>\n<p> <!-- Separador --> <\/p>\n<hr style='border: 0; border-top: 1px solid rgba(150&comma; 150&comma; 150&comma; 0.3); margin: 30px 0;'> <!-- Secci\u00f3n de aplicaciones --> <\/p>\n<div style='margin-bottom: 30px;'>\n<h3 style='font-size: 22px; border-bottom: 2px solid currentColor; padding-bottom: 5px; margin-top: 0; color: inherit; opacity: 0.8;'>Aplicaciones<\/h3>\n<ul style='padding-left: 20px; font-size: 15px; color: inherit; list-style-type: disc;'>\n<li style='margin-bottom: 5px;'>Ritron Radios<\/li>\n<li style='margin-bottom: 5px;'>Wabtec<\/li>\n<li style='margin-bottom: 5px;'>HTD&#8217;s<\/li>\n<li style='margin-bottom: 5px;'>Locomotora US y piezas globales<\/li>\n<\/ul><\/div>\n<\/p><\/div>\n","protected":false},"excerpt":{"rendered":"<p>Cable de Corriente para Radios de Locomotora RCCR en +72 Vcc, con Conector en \u00c1ngulo Recto y 3.4 mts. de Cables Rojo y Negro en AWG 16.<\/p>\n","protected":false},"featured_media":32,"comment_status":"open","ping_status":"closed","template":"","meta":[],"product_brand":[],"product_cat":[1336],"product_tag":[417,1337,181],"class_list":{"0":"post-57684","1":"product","2":"type-product","3":"status-publish","4":"has-post-thumbnail","6":"product_cat-accesorios-generales-accesorios-para-otras-marcas","7":"product_tag-accesorios-generales","8":"product_tag-accesorios-para-otras-marcas","9":"product_tag-epcom-industrial","11":"first","12":"instock","13":"sale","14":"shipping-taxable","15":"purchasable","16":"product-type-simple"},"_links":{"self":[{"href":"https:\/\/soydeaqui.ddns.net\/pachuca\/index.php\/wp-json\/wp\/v2\/product\/57684","targetHints":{"allow":["GET"]}}],"collection":[{"href":"https:\/\/soydeaqui.ddns.net\/pachuca\/index.php\/wp-json\/wp\/v2\/product"}],"about":[{"href":"https:\/\/soydeaqui.ddns.net\/pachuca\/index.php\/wp-json\/wp\/v2\/types\/product"}],"replies":[{"embeddable":true,"href":"https:\/\/soydeaqui.ddns.net\/pachuca\/index.php\/wp-json\/wp\/v2\/comments?post=57684"}],"wp:featuredmedia":[{"embeddable":true,"href":"https:\/\/soydeaqui.ddns.net\/pachuca\/index.php\/wp-json\/wp\/v2\/media\/32"}],"wp:attachment":[{"href":"https:\/\/soydeaqui.ddns.net\/pachuca\/index.php\/wp-json\/wp\/v2\/media?parent=57684"}],"wp:term":[{"taxonomy":"product_brand","embeddable":true,"href":"https:\/\/soydeaqui.ddns.net\/pachuca\/index.php\/wp-json\/wp\/v2\/product_brand?post=57684"},{"taxonomy":"product_cat","embeddable":true,"href":"https:\/\/soydeaqui.ddns.net\/pachuca\/index.php\/wp-json\/wp\/v2\/product_cat?post=57684"},{"taxonomy":"product_tag","embeddable":true,"href":"https:\/\/soydeaqui.ddns.net\/pachuca\/index.php\/wp-json\/wp\/v2\/product_tag?post=57684"}],"curies":[{"name":"wp","href":"https:\/\/api.w.org\/{rel}","templated":true}]}}