{"id":57682,"date":"2026-03-19T04:04:08","date_gmt":"2026-03-19T04:04:08","guid":{"rendered":"https:\/\/soydeaqui.ddns.net\/pachuca\/index.php\/producto\/hasta-5-kilometros-amplificador-de-senal-celular-de-alta-potencia-especial-para-crear-una-zona-celular-en-areas-rurales-o-comunidades-alejadas-95-db-de-ganancia-20-watts-de-potencia-850-mhz-2\/"},"modified":"2026-03-19T04:04:11","modified_gmt":"2026-03-19T04:04:11","slug":"hasta-5-kilometros-amplificador-de-senal-celular-de-alta-potencia-especial-para-crear-una-zona-celular-en-areas-rurales-o-comunidades-alejadas-95-db-de-ganancia-20-watts-de-potencia-850-mhz-2","status":"publish","type":"product","link":"https:\/\/soydeaqui.ddns.net\/pachuca\/index.php\/producto\/hasta-5-kilometros-amplificador-de-senal-celular-de-alta-potencia-especial-para-crear-una-zona-celular-en-areas-rurales-o-comunidades-alejadas-95-db-de-ganancia-20-watts-de-potencia-850-mhz-2\/","title":{"rendered":"(HASTA 5 KIL\u00d3METROS) Amplificador de Se\u00f1al Celular de ALTA POTENCIA: Especial para Crear una Zona Celular en \u00c1reas Rurales o Comunidades Alejadas. 95 dB de Ganancia, 20 Watts de Potencia, 850 MHz."},"content":{"rendered":"<div style='width: 100%; max-width: 1200px; margin: 0 auto; font-family: sans-serif; line-height: 1.6; color: inherit; background-color: transparent;'>\n<div style='display: flex; flex-wrap: wrap; gap: 30px; margin-bottom: 30px;'>\n<div style='flex: 1 1 300px; min-width: 280px;'>\n<h3 style='font-size: 22px; border-bottom: 2px solid currentColor; padding-bottom: 5px; margin-top: 0; color: inherit; opacity: 0.8;'>Cobertura y Aplicaci\u00f3n<\/h3>\n<ul style='padding-left: 20px; font-size: 15px; color: inherit;'>\n<li style='margin-bottom: 5px;'>Cobertura celular 3G para Pueblos y Comunidades alejadas<\/li>\n<li style='margin-bottom: 5px;'>Dise\u00f1ado para brindar coberturas de Voz y 3G o 2G de 500 metros a 5 kil\u00f3metros<\/li>\n<li style='margin-bottom: 5px;'>El alcance depende de varios factores (intensidad de se\u00f1al&comma; orograf\u00eda&comma; etc)<\/li>\n<\/ul>\n<p style='margin-top: 20px; font-size: 15px; color: inherit;'>Se requiere de un estudio previo en el sitio de instalaci\u00f3n para validar su alcance. Consulte los documentos en la secci\u00f3n Recursos para mayor informaci\u00f3n.<\/p>\n<\/p><\/div>\n<\/p><\/div>\n<div style='display: flex; flex-wrap: wrap; gap: 20px; margin-bottom: 30px;'>\n<div style='flex: 1 1 250px; border: 1px solid rgba(150&comma; 150&comma; 150&comma; 0.4); border-radius: 8px; overflow: hidden; display: flex; flex-direction: column;'>\n<div style='padding: 15px; border-bottom: 1px solid rgba(150&comma; 150&comma; 150&comma; 0.2); font-weight: bold; font-size: 18px; color: inherit;'>Especificaciones T\u00e9cnicas<\/div>\n<div style='padding: 15px; color: inherit;'>\n<ul style='padding-left: 20px; margin: 0; font-size: 14px; list-style-type: disc;'>\n<li style='margin-bottom: 5px;'><strong>Rango de frecuencia:<\/strong> Uplink 824-849 MHz \/ Downlink 869-894 MHz<\/li>\n<li style='margin-bottom: 5px;'><strong>Ganancia:<\/strong> 95 dB<\/li>\n<li style='margin-bottom: 5px;'><strong>M\u00e1xima de salida:<\/strong> Downlink 43 dBm (20 Watts)\/Uplink 33 dBm (2 Watts)<\/li>\n<li style='margin-bottom: 5px;'><strong>Conectores:<\/strong> N Hembra<\/li>\n<li style='margin-bottom: 5px;'><strong>Alimentaci\u00f3n:<\/strong> 110-220 Vca<\/li>\n<li style='margin-bottom: 5px;'><strong>Consumo de Energ\u00eda:<\/strong> 150 Watts<\/li>\n<li style='margin-bottom: 5px;'><strong>Peso:<\/strong> 15 kg<\/li>\n<li style='margin-bottom: 5px;'><strong>Dimensiones:<\/strong> 328 x 428 x 175 mm<\/li>\n<\/ul><\/div>\n<\/p><\/div>\n<div style='flex: 1 1 250px; border: 1px solid rgba(150&comma; 150&comma; 150&comma; 0.4); border-radius: 8px; overflow: hidden; display: flex; flex-direction: column;'>\n<div style='padding: 15px; border-bottom: 1px solid rgba(150&comma; 150&comma; 150&comma; 0.2); font-weight: bold; font-size: 18px; color: inherit;'>Caracter\u00edsticas Adicionales<\/div>\n<div style='padding: 15px; color: inherit;'>\n<ul style='padding-left: 20px; margin: 0; font-size: 14px; list-style-type: disc;'>\n<li style='margin-bottom: 5px;'>Amplificador de banda sencilla<\/li>\n<li style='margin-bottom: 5px;'>S\u00f3lo amplifica la banda de 850 MHz<\/li>\n<li style='margin-bottom: 5px;'>Incluye diagrama de funcionamiento<\/li>\n<li style='margin-bottom: 5px;'>Incluye imagen de bandas de frecuencia<\/li>\n<\/ul><\/div>\n<\/p><\/div>\n<\/p><\/div>\n<div style='display: flex; flex-wrap: wrap; gap: 30px; margin-bottom: 30px;'>\n<div style='flex: 1 1 300px; min-width: 280px;'>\n<h3 style='font-size: 22px; border-bottom: 2px solid currentColor; padding-bottom: 5px; margin-top: 0; color: inherit; opacity: 0.8;'>Diagramas<\/h3>\n<div style='margin-bottom: 20px;'> <img style='width: 100%; height: auto; border: 1px solid rgba(150&comma;150&comma;150&comma;0.3); border-radius: 8px;' src='https:\/\/ftp3.syscom.mx\/usuarios\/fotos\/CRSOG08WB\/13965-diagrama_de_funcionamiento..png' alt=''> <\/p>\n<p style='text-align: center; font-size: 14px; margin-top: 10px; color: inherit;'>Diagrama de funcionamiento<\/p>\n<\/p><\/div>\n<div> <img style='width: 100%; height: auto; border: 1px solid rgba(150&comma;150&comma;150&comma;0.3); border-radius: 8px;' src='https:\/\/ftp3.syscom.mx\/usuarios\/amarquez\/AdSC\/Fotos%20y%20diagramas%20para%20AdSC\/850%20MHz%20Bandas%20de%20frecuencia%20y%20tecnologias.png' alt=''> <\/p>\n<p style='text-align: center; font-size: 14px; margin-top: 10px; color: inherit;'>Bandas de frecuencia y tecnolog\u00edas<\/p>\n<\/p><\/div>\n<\/p><\/div>\n<\/p><\/div>\n<div style='display: flex; flex-wrap: wrap; gap: 30px; margin-bottom: 30px;'>\n<div style='flex: 1 1 300px; min-width: 280px;'>\n<h3 style='font-size: 22px; border-bottom: 2px solid currentColor; padding-bottom: 5px; margin-top: 0; color: inherit; opacity: 0.8;'>Notas de Instalaci\u00f3n<\/h3>\n<ul style='padding-left: 20px; font-size: 15px; color: inherit;'>\n<li style='margin-bottom: 5px;'>Instale el amplificador&comma; antenas y accesorios de acuerdo al manual de usuario o gu\u00eda de instalaci\u00f3n<\/li>\n<li style='margin-bottom: 5px;'>Use el kit amplificador para lo que est\u00e1 dise\u00f1ado<\/li>\n<li style='margin-bottom: 5px;'>Si tiene dudas contacte nuestro departamento de Ingenier\u00eda Radiocomunicaci\u00f3n<\/li>\n<li style='margin-bottom: 5px;'>Una mala instalaci\u00f3n o mal uso de este sistema puede provocar interferencia<\/li>\n<\/ul><\/div>\n<\/p><\/div>\n<hr style='border: 0; border-top: 1px solid rgba(150&comma; 150&comma; 150&comma; 0.3); margin: 30px 0;'> <\/div>\n","protected":false},"excerpt":{"rendered":"<p>(HASTA 5 KIL\u00d3METROS) Amplificador de Se\u00f1al Celular de ALTA POTENCIA: Especial para Crear una Zona Celular en \u00c1reas Rurales o Comunidades Alejadas. 95 dB de Ganancia, 20 Watts de Potencia, 850 MHz.<\/p>\n","protected":false},"featured_media":57681,"comment_status":"open","ping_status":"closed","template":"","meta":[],"product_brand":[],"product_cat":[1570,1552],"product_tag":[1535,1571,1553,935],"class_list":{"0":"post-57682","1":"product","2":"type-product","3":"status-publish","4":"has-post-thumbnail","6":"product_cat-amplificadores-de-senal-celular-adsc","7":"product_cat-cobertura-para-celular-4g-lte","8":"product_tag-3g-y-voz","9":"product_tag-amplificadores-de-senal-celular-adsc","10":"product_tag-cobertura-para-celular-4g-lte","11":"product_tag-epcom","13":"first","14":"outofstock","15":"sale","16":"shipping-taxable","17":"purchasable","18":"product-type-simple"},"_links":{"self":[{"href":"https:\/\/soydeaqui.ddns.net\/pachuca\/index.php\/wp-json\/wp\/v2\/product\/57682","targetHints":{"allow":["GET"]}}],"collection":[{"href":"https:\/\/soydeaqui.ddns.net\/pachuca\/index.php\/wp-json\/wp\/v2\/product"}],"about":[{"href":"https:\/\/soydeaqui.ddns.net\/pachuca\/index.php\/wp-json\/wp\/v2\/types\/product"}],"replies":[{"embeddable":true,"href":"https:\/\/soydeaqui.ddns.net\/pachuca\/index.php\/wp-json\/wp\/v2\/comments?post=57682"}],"wp:featuredmedia":[{"embeddable":true,"href":"https:\/\/soydeaqui.ddns.net\/pachuca\/index.php\/wp-json\/wp\/v2\/media\/57681"}],"wp:attachment":[{"href":"https:\/\/soydeaqui.ddns.net\/pachuca\/index.php\/wp-json\/wp\/v2\/media?parent=57682"}],"wp:term":[{"taxonomy":"product_brand","embeddable":true,"href":"https:\/\/soydeaqui.ddns.net\/pachuca\/index.php\/wp-json\/wp\/v2\/product_brand?post=57682"},{"taxonomy":"product_cat","embeddable":true,"href":"https:\/\/soydeaqui.ddns.net\/pachuca\/index.php\/wp-json\/wp\/v2\/product_cat?post=57682"},{"taxonomy":"product_tag","embeddable":true,"href":"https:\/\/soydeaqui.ddns.net\/pachuca\/index.php\/wp-json\/wp\/v2\/product_tag?post=57682"}],"curies":[{"name":"wp","href":"https:\/\/api.w.org\/{rel}","templated":true}]}}