{"id":57472,"date":"2026-03-19T03:57:10","date_gmt":"2026-03-19T03:57:10","guid":{"rendered":"https:\/\/soydeaqui.ddns.net\/pachuca\/index.php\/producto\/rack-de-2-postes-sismico-estandar-de-19-in-rieles-numerados-y-roscados-12-24-fabricado-en-acero-45-unidades-de-rack-color-negro\/"},"modified":"2026-03-19T03:57:11","modified_gmt":"2026-03-19T03:57:11","slug":"rack-de-2-postes-sismico-estandar-de-19-in-rieles-numerados-y-roscados-12-24-fabricado-en-acero-45-unidades-de-rack-color-negro","status":"publish","type":"product","link":"https:\/\/soydeaqui.ddns.net\/pachuca\/index.php\/producto\/rack-de-2-postes-sismico-estandar-de-19-in-rieles-numerados-y-roscados-12-24-fabricado-en-acero-45-unidades-de-rack-color-negro\/","title":{"rendered":"Rack de 2 Postes S\u00edsmico, Est\u00e1ndar de 19 in, Rieles Numerados y Roscados #12-24, Fabricado en Acero, 45 Unidades de Rack, Color Negro"},"content":{"rendered":"<div style='width: 100%; max-width: 1200px; margin: 0 auto; font-family: sans-serif; line-height: 1.6; color: inherit; background-color: transparent;'> <!-- Descripci\u00f3n principal --> <\/p>\n<div style='margin-bottom: 30px; font-size: 15px; color: inherit;'>\n<p>Dise\u00f1ados para aplicaciones afectadas por vibraciones y actividad s\u00edsmica&comma; los racks de estructura abierta de 2 postes Seismic integran la gesti\u00f3n de cables en un marco de acero de gran espesor completamente soldado. Utilizados en aplicaciones de centros de datos de comunicaciones y salas de telecomunicaciones&comma; los racks se pueden unir con racks est\u00e1ndar de 2 o 4 postes para ampliar los sistemas existentes.<\/p>\n<\/p><\/div>\n<p> <!-- Caracter\u00edsticas principales --> <\/p>\n<div style='display: flex; flex-wrap: wrap; gap: 30px; margin-bottom: 30px;'>\n<div style='flex: 1 1 300px; min-width: 280px;'>\n<h3 style='font-size: 22px; border-bottom: 2px solid currentColor; padding-bottom: 5px; margin-top: 0; color: inherit; opacity: 0.8;'>Caracter\u00edsticas principales<\/h3>\n<ul style='padding-left: 20px; font-size: 15px; color: inherit;'>\n<li style='margin-bottom: 5px;'>La altura nominal es de 7 pies (2.13 m) (45 U)<\/li>\n<li style='margin-bottom: 5px;'>Se adapta a equipos de montaje en rack de 19 pulgadas<\/li>\n<li style='margin-bottom: 5px;'>Los rieles laterales est\u00e1n roscados en ambos lados con roscas UNC 12-24 para una instalaci\u00f3n r\u00e1pida<\/li>\n<li style='margin-bottom: 5px;'>El patr\u00f3n de orificios de montaje vertical EIA Universal de 5\/8 &#8211; 5\/8 &#8211; 1\/2 pulgadas coincide con los est\u00e1ndares de la industria y se conecta a la mayor\u00eda de los racks del mercado<\/li>\n<li style='margin-bottom: 5px;'>Parte superior frontal en cascada<\/li>\n<li style='margin-bottom: 5px;'>Orificios pretaladrados en la parte superior para facilitar la instalaci\u00f3n<\/li>\n<li style='margin-bottom: 5px;'>Cortes de entrada de cables superior e inferior<\/li>\n<li style='margin-bottom: 5px;'>Provisi\u00f3n de tierra con s\u00edmbolo de tierra<\/li>\n<li style='margin-bottom: 5px;'>Completo juego de componentes para la gesti\u00f3n de equipos y cables<\/li>\n<li style='margin-bottom: 5px;'>El rack es calibre 10 y est\u00e1 completamente soldado para una m\u00e1xima rigidez<\/li>\n<\/ul><\/div>\n<\/p><\/div>\n<p> <!-- Cumplimiento de normas s\u00edsmicas --> <\/p>\n<div style='display: flex; flex-wrap: wrap; gap: 30px; margin-bottom: 30px;'>\n<div style='flex: 1 1 300px; min-width: 280px;'>\n<h3 style='font-size: 22px; border-bottom: 2px solid currentColor; padding-bottom: 5px; margin-top: 0; color: inherit; opacity: 0.8;'>Cumplimiento de normas s\u00edsmicas<\/h3>\n<ul style='padding-left: 20px; font-size: 15px; color: inherit;'>\n<li style='margin-bottom: 5px;'>NEBS -Telcordia GR-63-CORE Zona 4: Probado con 500 lb (226.8 kg) de equipo instalado<\/li>\n<li style='margin-bottom: 5px;'>Aprobaci\u00f3n previa de OSHPD OPM-0197-13<\/li>\n<\/ul><\/div>\n<\/p><\/div>\n<p> <!-- Separador --> <\/p>\n<hr style='border: 0; border-top: 1px solid rgba(150&comma; 150&comma; 150&comma; 0.3); margin: 30px 0;'> <!-- Especificaciones T\u00e9cnicas --> <\/p>\n<div style='display: flex; flex-wrap: wrap; gap: 20px; margin-bottom: 30px;'>\n<div style='flex: 1 1 250px; border: 1px solid rgba(150&comma; 150&comma; 150&comma; 0.4); border-radius: 8px; overflow: hidden; display: flex; flex-direction: column;'>\n<div style='padding: 15px; border-bottom: 1px solid rgba(150&comma; 150&comma; 150&comma; 0.2); font-weight: bold; font-size: 18px; color: inherit;'>Especificaciones T\u00e9cnicas<\/div>\n<div style='padding: 15px; color: inherit;'>\n<ul style='padding-left: 20px; margin: 0; font-size: 14px; list-style-type: disc;'>\n<li style='margin-bottom: 5px;'><strong>Material:<\/strong> Acero<\/li>\n<li style='margin-bottom: 5px;'><strong>Acabado:<\/strong> Recubrimiento en polvo<\/li>\n<li style='margin-bottom: 5px;'><strong>Color:<\/strong> Negro<\/li>\n<li style='margin-bottom: 5px;'><strong>C\u00f3digo de color:<\/strong> RAL 9005<\/li>\n<li style='margin-bottom: 5px;'><strong>Unidades de rack:<\/strong> 45<\/li>\n<li style='margin-bottom: 5px;'><strong>Capacidad de carga:<\/strong> 2500 lb (1134 kg)<\/li>\n<li style='margin-bottom: 5px;'><strong>Altura:<\/strong> 2185 mm<\/li>\n<li style='margin-bottom: 5px;'><strong>Ancho:<\/strong> 679 mm<\/li>\n<li style='margin-bottom: 5px;'><strong>Profundidad:<\/strong> 457 mm<\/li>\n<li style='margin-bottom: 5px;'><strong>Grosor:<\/strong> 3.4 mm<\/li>\n<li><strong>Peso:<\/strong> 79.8 kg<\/li>\n<\/ul><\/div>\n<\/p><\/div>\n<\/p><\/div>\n<\/p><\/div>\n","protected":false},"excerpt":{"rendered":"<p>Rack de 2 Postes S\u00edsmico, Est\u00e1ndar de 19 in, Rieles Numerados y Roscados #12-24, Fabricado en Acero, 45 Unidades de Rack, Color Negro<\/p>\n","protected":false},"featured_media":57471,"comment_status":"open","ping_status":"closed","template":"","meta":[],"product_brand":[],"product_cat":[680],"product_tag":[698,660,605],"class_list":{"0":"post-57472","1":"product","2":"type-product","3":"status-publish","4":"has-post-thumbnail","6":"product_cat-racks-abiertos-racks-y-gabinetes","7":"product_tag-hoffman","8":"product_tag-racks-abiertos","9":"product_tag-racks-y-gabinetes","11":"first","12":"instock","13":"sale","14":"shipping-taxable","15":"purchasable","16":"product-type-simple"},"_links":{"self":[{"href":"https:\/\/soydeaqui.ddns.net\/pachuca\/index.php\/wp-json\/wp\/v2\/product\/57472","targetHints":{"allow":["GET"]}}],"collection":[{"href":"https:\/\/soydeaqui.ddns.net\/pachuca\/index.php\/wp-json\/wp\/v2\/product"}],"about":[{"href":"https:\/\/soydeaqui.ddns.net\/pachuca\/index.php\/wp-json\/wp\/v2\/types\/product"}],"replies":[{"embeddable":true,"href":"https:\/\/soydeaqui.ddns.net\/pachuca\/index.php\/wp-json\/wp\/v2\/comments?post=57472"}],"wp:featuredmedia":[{"embeddable":true,"href":"https:\/\/soydeaqui.ddns.net\/pachuca\/index.php\/wp-json\/wp\/v2\/media\/57471"}],"wp:attachment":[{"href":"https:\/\/soydeaqui.ddns.net\/pachuca\/index.php\/wp-json\/wp\/v2\/media?parent=57472"}],"wp:term":[{"taxonomy":"product_brand","embeddable":true,"href":"https:\/\/soydeaqui.ddns.net\/pachuca\/index.php\/wp-json\/wp\/v2\/product_brand?post=57472"},{"taxonomy":"product_cat","embeddable":true,"href":"https:\/\/soydeaqui.ddns.net\/pachuca\/index.php\/wp-json\/wp\/v2\/product_cat?post=57472"},{"taxonomy":"product_tag","embeddable":true,"href":"https:\/\/soydeaqui.ddns.net\/pachuca\/index.php\/wp-json\/wp\/v2\/product_tag?post=57472"}],"curies":[{"name":"wp","href":"https:\/\/api.w.org\/{rel}","templated":true}]}}