{"id":57429,"date":"2026-03-19T03:55:56","date_gmt":"2026-03-19T03:55:56","guid":{"rendered":"https:\/\/soydeaqui.ddns.net\/pachuca\/index.php\/producto\/valvula-anti-retorno-de-linea-para-mangueras-de-3-4\/"},"modified":"2026-03-19T03:55:57","modified_gmt":"2026-03-19T03:55:57","slug":"valvula-anti-retorno-de-linea-para-mangueras-de-3-4","status":"publish","type":"product","link":"https:\/\/soydeaqui.ddns.net\/pachuca\/index.php\/producto\/valvula-anti-retorno-de-linea-para-mangueras-de-3-4\/","title":{"rendered":"V\u00e1lvula anti retorno de linea para mangueras de 3\/4"},"content":{"rendered":"<div style='width: 100%; max-width: 1200px; margin: 0 auto; font-family: sans-serif; line-height: 1.6; color: inherit; background-color: transparent;'>\n<div style='display: flex; flex-wrap: wrap; gap: 30px; margin-bottom: 30px;'>\n<div style='flex: 1 1 300px; min-width: 280px;'>\n<h3 style='font-size: 22px; border-bottom: 2px solid currentColor; padding-bottom: 5px; margin-top: 0; color: inherit; opacity: 0.8;'>Caracter\u00edsticas<\/h3>\n<ul style='padding-left: 20px; font-size: 15px; color: inherit;'>\n<li style='margin-bottom: 5px;'><strong>Conexiones:<\/strong> para manguera de di\u00e1metro interior de 19 mm (3\/4&#8242;)<\/li>\n<li style='margin-bottom: 5px;'><strong>Dimensiones:<\/strong> 108 mm de largo&comma; 55 mm de ancho&comma; 50 mm de alto (configuraci\u00f3n en l\u00ednea)<\/li>\n<li style='margin-bottom: 5px;'>Ayuda a cebar la bomba y evita el reflujo de la bomba hacia la sentina<\/li>\n<li style='margin-bottom: 5px;'>Se adapta a la l\u00ednea de succi\u00f3n de la bomba<\/li>\n<li style='margin-bottom: 5px;'>Construcci\u00f3n de pl\u00e1stico robusta con v\u00e1lvula de caucho de nitrilo<\/li>\n<li style='margin-bottom: 5px;'>Configuraci\u00f3n de puerto ajustable para un \u00e1ngulo de manguera conveniente<\/li>\n<\/ul><\/div>\n<\/p><\/div>\n<\/p><\/div>\n","protected":false},"excerpt":{"rendered":"<p>V\u00e1lvula anti retorno de linea para mangueras de 3\/4<\/p>\n","protected":false},"featured_media":57428,"comment_status":"open","ping_status":"closed","template":"","meta":[],"product_brand":[],"product_cat":[1541],"product_tag":[1542,1499,1172],"class_list":{"0":"post-57429","1":"product","2":"type-product","3":"status-publish","4":"has-post-thumbnail","6":"product_cat-equipos-para-pesca-comercial-y-recreativa","7":"product_tag-equipos-para-pesca-comercial-y-recreativa","8":"product_tag-rule","9":"product_tag-soluciones-marinas","11":"first","12":"instock","13":"sale","14":"shipping-taxable","15":"purchasable","16":"product-type-simple"},"_links":{"self":[{"href":"https:\/\/soydeaqui.ddns.net\/pachuca\/index.php\/wp-json\/wp\/v2\/product\/57429","targetHints":{"allow":["GET"]}}],"collection":[{"href":"https:\/\/soydeaqui.ddns.net\/pachuca\/index.php\/wp-json\/wp\/v2\/product"}],"about":[{"href":"https:\/\/soydeaqui.ddns.net\/pachuca\/index.php\/wp-json\/wp\/v2\/types\/product"}],"replies":[{"embeddable":true,"href":"https:\/\/soydeaqui.ddns.net\/pachuca\/index.php\/wp-json\/wp\/v2\/comments?post=57429"}],"wp:featuredmedia":[{"embeddable":true,"href":"https:\/\/soydeaqui.ddns.net\/pachuca\/index.php\/wp-json\/wp\/v2\/media\/57428"}],"wp:attachment":[{"href":"https:\/\/soydeaqui.ddns.net\/pachuca\/index.php\/wp-json\/wp\/v2\/media?parent=57429"}],"wp:term":[{"taxonomy":"product_brand","embeddable":true,"href":"https:\/\/soydeaqui.ddns.net\/pachuca\/index.php\/wp-json\/wp\/v2\/product_brand?post=57429"},{"taxonomy":"product_cat","embeddable":true,"href":"https:\/\/soydeaqui.ddns.net\/pachuca\/index.php\/wp-json\/wp\/v2\/product_cat?post=57429"},{"taxonomy":"product_tag","embeddable":true,"href":"https:\/\/soydeaqui.ddns.net\/pachuca\/index.php\/wp-json\/wp\/v2\/product_tag?post=57429"}],"curies":[{"name":"wp","href":"https:\/\/api.w.org\/{rel}","templated":true}]}}