{"id":57413,"date":"2026-03-19T03:55:32","date_gmt":"2026-03-19T03:55:32","guid":{"rendered":"https:\/\/soydeaqui.ddns.net\/pachuca\/index.php\/producto\/soplador-de-ventilacion-marina-de-3-pulgadas-con-montaje-en-brida-construido-en-plastico-reforzado\/"},"modified":"2026-03-19T03:55:33","modified_gmt":"2026-03-19T03:55:33","slug":"soplador-de-ventilacion-marina-de-3-pulgadas-con-montaje-en-brida-construido-en-plastico-reforzado","status":"publish","type":"product","link":"https:\/\/soydeaqui.ddns.net\/pachuca\/index.php\/producto\/soplador-de-ventilacion-marina-de-3-pulgadas-con-montaje-en-brida-construido-en-plastico-reforzado\/","title":{"rendered":"Soplador de ventilaci\u00f3n marina de 3 pulgadas con montaje en brida, construido en pl\u00e1stico reforzado"},"content":{"rendered":"<div style='width: 100%; max-width: 1200px; margin: 0 auto; font-family: sans-serif; line-height: 1.6; color: inherit; background-color: transparent;'>\n<div style='display: flex; flex-wrap: wrap; gap: 30px; margin-bottom: 30px;'>\n<div style='flex: 1 1 300px; min-width: 280px;'>\n<h3 style='font-size: 22px; border-bottom: 2px solid currentColor; padding-bottom: 5px; margin-top: 0; color: inherit; opacity: 0.8;'>Caracter\u00edsticas<\/h3>\n<ul style='padding-left: 20px; font-size: 15px; color: inherit;'>\n<li style='margin-bottom: 5px;'><strong style='color: inherit;'>Salida:<\/strong> flujo de aire &#8211; 4&comma;2 m3\/minuto<\/li>\n<li style='margin-bottom: 5px;'>La brida de salida de 3 PULGADAS se monta directamente en el mamparo<\/li>\n<li style='margin-bottom: 5px;'>Carcasa de pl\u00e1stico reforzado resistente.<\/li>\n<li style='margin-bottom: 5px;'>Rotores de Delrin dimensionalmente estables y de funcionamiento silencioso.<\/li>\n<li style='margin-bottom: 5px;'>Materiales resistentes a la corrosi\u00f3n en todas partes.<\/li>\n<li style='margin-bottom: 5px;'>Conexi\u00f3n de conducto de entrada deslizante<\/li>\n<li style='margin-bottom: 5px;'>Flujo de aire de alto volumen eficiente<\/li>\n<li style='margin-bottom: 5px;'>Bajo consumo de corriente<\/li>\n<li style='margin-bottom: 5px;'>Tipo N.M.M.A aceptado<\/li>\n<\/ul><\/div>\n<\/p><\/div>\n<div style='display: flex; flex-wrap: wrap; gap: 30px; margin-bottom: 30px;'>\n<div style='flex: 1 1 300px; min-width: 280px;'>\n<h3 style='font-size: 22px; border-bottom: 2px solid currentColor; padding-bottom: 5px; margin-top: 0; color: inherit; opacity: 0.8;'>Cumplimiento normativo<\/h3>\n<p style='font-size: 15px; color: inherit; margin: 0 0 15px 0;'>Cumplen con las Regulaciones El\u00e9ctricas de la Guardia Costera de los Estados Unidos del T\u00edtulo 33&comma; Cap\u00edtulo I&comma; Parte 183; Subparte I y la norma ISO 8846 MARINE para Protecci\u00f3n contra Ignici\u00f3n&comma; ISO 9097 Marine y con EN 50081-1 para Supresi\u00f3n de Interferencia Electromagn\u00e9tica.<\/p>\n<\/p><\/div>\n<\/p><\/div>\n<div style='display: flex; flex-wrap: wrap; gap: 20px; margin-bottom: 30px;'>\n<div style='flex: 1 1 250px; border: 1px solid rgba(150&comma; 150&comma; 150&comma; 0.4); border-radius: 8px; overflow: hidden; display: flex; flex-direction: column;'>\n<div style='padding: 15px; border-bottom: 1px solid rgba(150&comma; 150&comma; 150&comma; 0.2); font-weight: bold; font-size: 18px; color: inherit;'>Dimensiones<\/div>\n<div style='padding: 15px; color: inherit;'>\n<p style='margin: 0; font-size: 14px;'>Largo: 22&comma;00 x Alto: 17&comma;00 x Ancho: 19&comma;00 cm<\/p>\n<\/p><\/div>\n<\/p><\/div>\n<div style='flex: 1 1 250px; border: 1px solid rgba(150&comma; 150&comma; 150&comma; 0.4); border-radius: 8px; overflow: hidden; display: flex; flex-direction: column;'>\n<div style='padding: 15px; border-bottom: 1px solid rgba(150&comma; 150&comma; 150&comma; 0.2); font-weight: bold; font-size: 18px; color: inherit;'>Peso<\/div>\n<div style='padding: 15px; color: inherit;'>\n<p style='margin: 0; font-size: 14px;'>2&comma;34 kg (aprox. 2&comma;84 kg embalado)<\/p>\n<\/p><\/div>\n<\/p><\/div>\n<\/p><\/div>\n<\/p><\/div>\n","protected":false},"excerpt":{"rendered":"<p>Soplador de ventilaci\u00f3n marina de 3 pulgadas con montaje en brida, construido en pl\u00e1stico reforzado<\/p>\n","protected":false},"featured_media":57412,"comment_status":"open","ping_status":"closed","template":"","meta":[],"product_brand":[],"product_cat":[1541],"product_tag":[1542,1537,1172],"class_list":{"0":"post-57413","1":"product","2":"type-product","3":"status-publish","4":"has-post-thumbnail","6":"product_cat-equipos-para-pesca-comercial-y-recreativa","7":"product_tag-equipos-para-pesca-comercial-y-recreativa","8":"product_tag-jabsco","9":"product_tag-soluciones-marinas","11":"first","12":"instock","13":"sale","14":"shipping-taxable","15":"purchasable","16":"product-type-simple"},"_links":{"self":[{"href":"https:\/\/soydeaqui.ddns.net\/pachuca\/index.php\/wp-json\/wp\/v2\/product\/57413","targetHints":{"allow":["GET"]}}],"collection":[{"href":"https:\/\/soydeaqui.ddns.net\/pachuca\/index.php\/wp-json\/wp\/v2\/product"}],"about":[{"href":"https:\/\/soydeaqui.ddns.net\/pachuca\/index.php\/wp-json\/wp\/v2\/types\/product"}],"replies":[{"embeddable":true,"href":"https:\/\/soydeaqui.ddns.net\/pachuca\/index.php\/wp-json\/wp\/v2\/comments?post=57413"}],"wp:featuredmedia":[{"embeddable":true,"href":"https:\/\/soydeaqui.ddns.net\/pachuca\/index.php\/wp-json\/wp\/v2\/media\/57412"}],"wp:attachment":[{"href":"https:\/\/soydeaqui.ddns.net\/pachuca\/index.php\/wp-json\/wp\/v2\/media?parent=57413"}],"wp:term":[{"taxonomy":"product_brand","embeddable":true,"href":"https:\/\/soydeaqui.ddns.net\/pachuca\/index.php\/wp-json\/wp\/v2\/product_brand?post=57413"},{"taxonomy":"product_cat","embeddable":true,"href":"https:\/\/soydeaqui.ddns.net\/pachuca\/index.php\/wp-json\/wp\/v2\/product_cat?post=57413"},{"taxonomy":"product_tag","embeddable":true,"href":"https:\/\/soydeaqui.ddns.net\/pachuca\/index.php\/wp-json\/wp\/v2\/product_tag?post=57413"}],"curies":[{"name":"wp","href":"https:\/\/api.w.org\/{rel}","templated":true}]}}