{"id":57365,"date":"2026-03-19T03:53:56","date_gmt":"2026-03-19T03:53:56","guid":{"rendered":"https:\/\/soydeaqui.ddns.net\/pachuca\/index.php\/producto\/camara-nautica-ip-gc-200-ipx7-angulo-de-vision-horizontal-992-3-grados-angulo-de-vision-vertical-74-3-grados-distancia-de-infrarrojos-30-m\/"},"modified":"2026-03-19T03:54:09","modified_gmt":"2026-03-19T03:54:09","slug":"camara-nautica-ip-gc-200-ipx7-angulo-de-vision-horizontal-992-3-grados-angulo-de-vision-vertical-74-3-grados-distancia-de-infrarrojos-30-m","status":"publish","type":"product","link":"https:\/\/soydeaqui.ddns.net\/pachuca\/index.php\/producto\/camara-nautica-ip-gc-200-ipx7-angulo-de-vision-horizontal-992-3-grados-angulo-de-vision-vertical-74-3-grados-distancia-de-infrarrojos-30-m\/","title":{"rendered":"C\u00e1mara n\u00e1utica IP GC\u2122 200, IPX7, \u00c1ngulo de visi\u00f3n horizontal 99,2 +\/- 3 grados, \u00c1ngulo de visi\u00f3n vertical 74 +\/- 3 grados, Distancia de infrarrojos 30 m"},"content":{"rendered":"<div style='width: 100%; max-width: 1200px; margin: 0 auto; font-family: sans-serif; line-height: 1.6; color: inherit; background-color: transparent;'> <!-- Secci\u00f3n de caracter\u00edsticas --> <\/p>\n<div style='display: flex; flex-wrap: wrap; gap: 30px; margin-bottom: 30px;'>\n<div style='flex: 1 1 300px; min-width: 280px;'>\n<h3 style='font-size: 22px; border-bottom: 2px solid currentColor; padding-bottom: 5px; margin-top: 0; color: inherit; opacity: 0.8;'>Caracter\u00edsticas<\/h3>\n<ul style='padding-left: 20px; font-size: 15px; color: inherit;'>\n<li style='margin-bottom: 5px;'>Pantalla a color totalmente n\u00edtida de 2&comma;2&#8242; legible a\u00fan bajo la luz del sol<\/li>\n<li style='margin-bottom: 5px;'>Potencia: mediante cable (de 10 V CC a 16 V CC o mediante el m\u00f3dulo de potencia y audio Garmin)<\/li>\n<li style='margin-bottom: 5px;'>Conexi\u00f3n de c\u00e1mara: red n\u00e1utica Garmin<\/li>\n<li style='margin-bottom: 5px;'>Im\u00e1genes: est\u00e1ndar e invertidas; rotaci\u00f3n en 90&comma; 180 o 270 grados<\/li>\n<li style='margin-bottom: 5px;'>Visi\u00f3n nocturna: LED infrarrojos incorporados<\/li>\n<li style='margin-bottom: 5px;'>Distancia de visi\u00f3n nocturna: hasta 30 metros<\/li>\n<li style='margin-bottom: 5px;'>\u00c1ngulo de visi\u00f3n: 99 grados horizontal y 74 grados vertical<\/li>\n<li style='margin-bottom: 5px;'>Sensor de imagen: SONY STARVIS CMOS de \u00bd&comma;8\u201d y 2&comma;0 megap\u00edxeles<\/li>\n<li style='margin-bottom: 5px;'>Sistema de exploraci\u00f3n: exploraci\u00f3n progresiva<\/li>\n<li style='margin-bottom: 5px;'>Balance de blancos: autom\u00e1tico<\/li>\n<li style='margin-bottom: 5px;'>Velocidad de obturaci\u00f3n: autom\u00e1tica<\/li>\n<li style='margin-bottom: 5px;'>Resoluci\u00f3n: hasta 1920 x 1080 p\u00edxeles*<\/li>\n<li style='margin-bottom: 5px;'>Salida de video: H.264 mediante red n\u00e1utica Garmin<\/li>\n<li style='margin-bottom: 5px;'>Temperatura de funcionamiento: de -20 \u00b0C a 60 \u00b0C<\/li>\n<li style='margin-bottom: 5px;'><a style='color: inherit; text-decoration: none; border-bottom: 1px solid rgba(150&comma;150&comma;150&comma;0.3);' href='https:\/\/www.garmin.com\/en-US\/legal\/waterrating'>Clasificaci\u00f3n de resistencia al agua<\/a>: IPX7<\/li>\n<li style='margin-bottom: 5px;'>Consumo de potencia: m\u00e1ximo de 5 W con LED infrarrojos encendidos<\/li>\n<li style='margin-bottom: 5px;'>Corriente de funcionamiento a 12 Vcd: 210 mA (infrarrojos apagados)\/370 mA (infrarrojos encendidos)<\/li>\n<\/ul><\/div>\n<\/p><\/div>\n<p> <!-- Secci\u00f3n de incluye --> <\/p>\n<div style='display: flex; flex-wrap: wrap; gap: 30px; margin-bottom: 30px;'>\n<div style='flex: 1 1 300px; min-width: 280px;'>\n<h3 style='font-size: 22px; border-bottom: 2px solid currentColor; padding-bottom: 5px; margin-top: 0; color: inherit; opacity: 0.8;'>Incluye<\/h3>\n<ul style='padding-left: 20px; font-size: 15px; color: inherit;'>\n<li style='margin-bottom: 5px;'>C\u00e1mara IP n\u00e1utica GC 200<\/li>\n<li style='margin-bottom: 5px;'>Cable de red n\u00e1utica Garmin de 6 metros (conector peque\u00f1o)<\/li>\n<li style='margin-bottom: 5px;'>Cable adaptador de red n\u00e1utica Garmin (de conector peque\u00f1o a conector grande)<\/li>\n<li style='margin-bottom: 5px;'>Hardware de instalaci\u00f3n<\/li>\n<li style='margin-bottom: 5px;'>Documentaci\u00f3n<\/li>\n<\/ul><\/div>\n<\/p><\/div>\n<p> <!-- Secci\u00f3n de especificaciones adicionales --> <\/p>\n<div style='display: flex; flex-wrap: wrap; gap: 30px; margin-bottom: 30px;'>\n<div style='flex: 1 1 300px; min-width: 280px;'>\n<h3 style='font-size: 22px; border-bottom: 2px solid currentColor; padding-bottom: 5px; margin-top: 0; color: inherit; opacity: 0.8;'>Especificaciones adicionales<\/h3>\n<ul style='padding-left: 20px; font-size: 15px; color: inherit;'>\n<li style='margin-bottom: 5px;'>Dimensiones (profundidad x altura): 87 x 79 mm (3&comma;4 x 3&comma;1 in)<\/li>\n<li style='margin-bottom: 5px;'>Peso: 520 g<\/li>\n<\/ul><\/div>\n<\/p><\/div>\n<p> <!-- Separador --> <\/p>\n<hr style='border: 0; border-top: 1px solid rgba(150&comma; 150&comma; 150&comma; 0.3); margin: 30px 0;'> <\/div>\n","protected":false},"excerpt":{"rendered":"<p>C\u00e1mara n\u00e1utica IP GC\u2122 200, IPX7, \u00c1ngulo de visi\u00f3n horizontal 99,2 +\/- 3 grados, \u00c1ngulo de visi\u00f3n vertical 74 +\/- 3 grados, Distancia de infrarrojos 30 m<\/p>\n","protected":false},"featured_media":57364,"comment_status":"open","ping_status":"closed","template":"","meta":[],"product_brand":[],"product_cat":[1541],"product_tag":[1542,1449,1172],"class_list":{"0":"post-57365","1":"product","2":"type-product","3":"status-publish","4":"has-post-thumbnail","6":"product_cat-equipos-para-pesca-comercial-y-recreativa","7":"product_tag-equipos-para-pesca-comercial-y-recreativa","8":"product_tag-garmin","9":"product_tag-soluciones-marinas","11":"first","12":"outofstock","13":"sale","14":"shipping-taxable","15":"purchasable","16":"product-type-simple"},"_links":{"self":[{"href":"https:\/\/soydeaqui.ddns.net\/pachuca\/index.php\/wp-json\/wp\/v2\/product\/57365","targetHints":{"allow":["GET"]}}],"collection":[{"href":"https:\/\/soydeaqui.ddns.net\/pachuca\/index.php\/wp-json\/wp\/v2\/product"}],"about":[{"href":"https:\/\/soydeaqui.ddns.net\/pachuca\/index.php\/wp-json\/wp\/v2\/types\/product"}],"replies":[{"embeddable":true,"href":"https:\/\/soydeaqui.ddns.net\/pachuca\/index.php\/wp-json\/wp\/v2\/comments?post=57365"}],"wp:featuredmedia":[{"embeddable":true,"href":"https:\/\/soydeaqui.ddns.net\/pachuca\/index.php\/wp-json\/wp\/v2\/media\/57364"}],"wp:attachment":[{"href":"https:\/\/soydeaqui.ddns.net\/pachuca\/index.php\/wp-json\/wp\/v2\/media?parent=57365"}],"wp:term":[{"taxonomy":"product_brand","embeddable":true,"href":"https:\/\/soydeaqui.ddns.net\/pachuca\/index.php\/wp-json\/wp\/v2\/product_brand?post=57365"},{"taxonomy":"product_cat","embeddable":true,"href":"https:\/\/soydeaqui.ddns.net\/pachuca\/index.php\/wp-json\/wp\/v2\/product_cat?post=57365"},{"taxonomy":"product_tag","embeddable":true,"href":"https:\/\/soydeaqui.ddns.net\/pachuca\/index.php\/wp-json\/wp\/v2\/product_tag?post=57365"}],"curies":[{"name":"wp","href":"https:\/\/api.w.org\/{rel}","templated":true}]}}