{"id":57310,"date":"2026-03-19T03:52:18","date_gmt":"2026-03-19T03:52:18","guid":{"rendered":"https:\/\/soydeaqui.ddns.net\/pachuca\/index.php\/producto\/skylla-tg-24-100-cargador-de-baterias-para-ambientes-marinos-24-v-100-a-bancos-de-500-a-1000-ah\/"},"modified":"2026-03-19T03:52:21","modified_gmt":"2026-03-19T03:52:21","slug":"skylla-tg-24-100-cargador-de-baterias-para-ambientes-marinos-24-v-100-a-bancos-de-500-a-1000-ah","status":"publish","type":"product","link":"https:\/\/soydeaqui.ddns.net\/pachuca\/index.php\/producto\/skylla-tg-24-100-cargador-de-baterias-para-ambientes-marinos-24-v-100-a-bancos-de-500-a-1000-ah\/","title":{"rendered":"Skylla-TG 24\/100 \/ Cargador de Bater\u00edas para Ambientes Marinos 24 V, 100 A \/ Bancos de 500 a 1000 Ah"},"content":{"rendered":"<div style='width: 100%; max-width: 1200px; margin: 0 auto; font-family: sans-serif; line-height: 1.6; color: inherit; background-color: transparent;'>\n<div style='display: flex; flex-wrap: wrap; gap: 30px; margin-bottom: 30px;'>\n<div style='flex: 1 1 300px; min-width: 280px;'>\n<h3 style='font-size: 22px; border-bottom: 2px solid currentColor; padding-bottom: 5px; margin-top: 0; color: inherit; opacity: 0.8;'>Cargador Skylla de 24 V con entrada Universal y Homologaci\u00f3n GL<\/h3>\n<ul style='padding-left: 20px; font-size: 15px; color: inherit;'>\n<li style='margin-bottom: 5px;'>Rango de tensi\u00f3n de entrada universal de entre 90 y 265 VCA&comma; tambi\u00e9n adecuado para alimentaci\u00f3n CC<\/li>\n<li style='margin-bottom: 5px;'>Este modelo puede funcionar sin ning\u00fan tipo de ajuste con tensiones que van de los 90 a los 265 voltios&comma; ya sea a 50 \u00f3 a 60 Hz.<\/li>\n<li style='margin-bottom: 5px;'>Tambi\u00e9n acepta una alimentaci\u00f3n entre 90 y 400 V CC.<\/li>\n<li style='margin-bottom: 5px;'>Homologaci\u00f3n Germanischer Lloyd<\/li>\n<li style='margin-bottom: 5px;'>Este cargador ha sido homologado por la GL en la categor\u00eda medioambiental C&comma; EMC1; lo que implica que el cargador cumple con la norma IEC 60945-2002&comma; categor\u00eda &#8216;protegidos&#8217; y &#8216;equipos instalados en el puente de un barco&#8217;.<\/li>\n<\/ul><\/div>\n<\/p><\/div>\n<div style='display: flex; flex-wrap: wrap; gap: 20px; margin-bottom: 30px;'>\n<div style='flex: 1 1 250px; border: 1px solid rgba(150&comma; 150&comma; 150&comma; 0.4); border-radius: 8px; overflow: hidden; display: flex; flex-direction: column;'>\n<div style='padding: 15px; border-bottom: 1px solid rgba(150&comma; 150&comma; 150&comma; 0.2); font-weight: bold; font-size: 18px; color: inherit;'>Otras caracter\u00edsticas<\/div>\n<div style='padding: 15px; color: inherit;'>\n<ul style='padding-left: 20px; margin: 0; font-size: 14px; list-style-type: disc;'>\n<li style='margin-bottom: 5px;'>Control por microprocesador<\/li>\n<li style='margin-bottom: 5px;'>Puede utilizarse como fuente de alimentaci\u00f3n<\/li>\n<li style='margin-bottom: 5px;'>Sensor de temperatura de la bater\u00eda para carga compensada por temperatura<\/li>\n<li style='margin-bottom: 5px;'>Sensor de la tensi\u00f3n de la bater\u00eda para compensar la ca\u00edda de tensi\u00f3n debido a la resistencia del cable<\/li>\n<\/ul><\/div>\n<\/p><\/div>\n<\/p><\/div>\n<hr style='border: 0; border-top: 1px solid rgba(150&comma; 150&comma; 150&comma; 0.3); margin: 30px 0;'> <\/div>\n","protected":false},"excerpt":{"rendered":"<p>Skylla-TG 24\/100 \/ Cargador de Bater\u00edas para Ambientes Marinos 24 V, 100 A \/ Bancos de 500 a 1000 Ah<\/p>\n","protected":false},"featured_media":57309,"comment_status":"open","ping_status":"closed","template":"","meta":[],"product_brand":[],"product_cat":[1171],"product_tag":[1173,1172,1174],"class_list":{"0":"post-57310","1":"product","2":"type-product","3":"status-publish","4":"has-post-thumbnail","6":"product_cat-fuentes-cargadores","7":"product_tag-fuentes-cargadores","8":"product_tag-soluciones-marinas","9":"product_tag-victron-energy","11":"first","12":"outofstock","13":"sale","14":"shipping-taxable","15":"purchasable","16":"product-type-simple"},"_links":{"self":[{"href":"https:\/\/soydeaqui.ddns.net\/pachuca\/index.php\/wp-json\/wp\/v2\/product\/57310","targetHints":{"allow":["GET"]}}],"collection":[{"href":"https:\/\/soydeaqui.ddns.net\/pachuca\/index.php\/wp-json\/wp\/v2\/product"}],"about":[{"href":"https:\/\/soydeaqui.ddns.net\/pachuca\/index.php\/wp-json\/wp\/v2\/types\/product"}],"replies":[{"embeddable":true,"href":"https:\/\/soydeaqui.ddns.net\/pachuca\/index.php\/wp-json\/wp\/v2\/comments?post=57310"}],"wp:featuredmedia":[{"embeddable":true,"href":"https:\/\/soydeaqui.ddns.net\/pachuca\/index.php\/wp-json\/wp\/v2\/media\/57309"}],"wp:attachment":[{"href":"https:\/\/soydeaqui.ddns.net\/pachuca\/index.php\/wp-json\/wp\/v2\/media?parent=57310"}],"wp:term":[{"taxonomy":"product_brand","embeddable":true,"href":"https:\/\/soydeaqui.ddns.net\/pachuca\/index.php\/wp-json\/wp\/v2\/product_brand?post=57310"},{"taxonomy":"product_cat","embeddable":true,"href":"https:\/\/soydeaqui.ddns.net\/pachuca\/index.php\/wp-json\/wp\/v2\/product_cat?post=57310"},{"taxonomy":"product_tag","embeddable":true,"href":"https:\/\/soydeaqui.ddns.net\/pachuca\/index.php\/wp-json\/wp\/v2\/product_tag?post=57310"}],"curies":[{"name":"wp","href":"https:\/\/api.w.org\/{rel}","templated":true}]}}