{"id":57150,"date":"2026-03-19T03:47:56","date_gmt":"2026-03-19T03:47:56","guid":{"rendered":"https:\/\/soydeaqui.ddns.net\/pachuca\/index.php\/producto\/echomap-uhd2-62sv-con-mapa-base-precargado-sonda-sidevu-clearvu-y-chirp-tradicional-puerto-de-conexion-a-nmea-2000-incluye-transductor-gt54uhd-tm\/"},"modified":"2026-03-19T03:47:57","modified_gmt":"2026-03-19T03:47:57","slug":"echomap-uhd2-62sv-con-mapa-base-precargado-sonda-sidevu-clearvu-y-chirp-tradicional-puerto-de-conexion-a-nmea-2000-incluye-transductor-gt54uhd-tm","status":"publish","type":"product","link":"https:\/\/soydeaqui.ddns.net\/pachuca\/index.php\/producto\/echomap-uhd2-62sv-con-mapa-base-precargado-sonda-sidevu-clearvu-y-chirp-tradicional-puerto-de-conexion-a-nmea-2000-incluye-transductor-gt54uhd-tm\/","title":{"rendered":"ECHOMAP UHD2 62sv con mapa base precargado, sonda SIDEV\u00dc, CLEARV\u00dc Y CHIRP tradicional, puerto de conexi\u00f3n a NMEA 2000. Incluye transductor GT54UHD-TM,"},"content":{"rendered":"<div style='width: 100%; max-width: 1200px; margin: 0 auto; font-family: sans-serif; line-height: 1.6; color: inherit; background-color: transparent;'>\n<h3 style='font-size: 22px; border-bottom: 2px solid currentColor; padding-bottom: 5px; margin-top: 0; color: inherit; opacity: 0.8; margin-bottom: 20px;'>Caracter\u00edsticas principales<\/h3>\n<ul style='padding-left: 20px; font-size: 15px; color: inherit; margin-bottom: 30px;'>\n<li style='margin-bottom: 5px;'>Pantalla t\u00e1ctil de 6&#8242; legible a\u00fan a contraluz del sol.<\/li>\n<li style='margin-bottom: 5px;'>Resistente al agua grado IPX7<\/li>\n<li style='margin-bottom: 5px;'>Potencia de salida de sonda 500 W.<\/li>\n<li style='margin-bottom: 5px;'>Receptor interno GPS de 5 Hz.<\/li>\n<li style='margin-bottom: 5px;'>Incluye mapa base preinstalado.<\/li>\n<li style='margin-bottom: 5px;'>Un puerto para tarjeta microSD para mapas opcionales.<\/li>\n<li style='margin-bottom: 5px;'>Almacena hasta 5000 puntos de inter\u00e9s y 100 rutas.<\/li>\n<li style='margin-bottom: 5px;'>Cuenta con puertos de conexi\u00f3n NMEA 2000 y NMEA 0183.<\/li>\n<li style='margin-bottom: 5px;'>Compatible con transductores tradicionales y ClearV\u00fc<\/li>\n<\/ul>\n<h3 style='font-size: 22px; border-bottom: 2px solid currentColor; padding-bottom: 5px; margin-top: 0; color: inherit; opacity: 0.8; margin-bottom: 20px;'>Contenido del paquete<\/h3>\n<ul style='padding-left: 20px; font-size: 15px; color: inherit; margin-bottom: 30px;'>\n<li style='margin-bottom: 5px;'>ECHOMAP UHD2 (el dispositivo var\u00eda en funci\u00f3n de la selecci\u00f3n)<\/li>\n<li style='margin-bottom: 5px;'>GT54-TM Transductor<\/li>\n<li style='margin-bottom: 5px;'>Cable de alimentaci\u00f3n<\/li>\n<li style='margin-bottom: 5px;'>Soporte inclinable\/giratorio con soporte de sujeci\u00f3n de desmontaje r\u00e1pido<\/li>\n<li style='margin-bottom: 5px;'>Tapa de protecci\u00f3n<\/li>\n<li style='margin-bottom: 5px;'>Componentes de montaje<\/li>\n<li style='margin-bottom: 5px;'>Documentaci\u00f3n<\/li>\n<\/ul>\n<div style='display: flex; flex-wrap: wrap; gap: 20px; margin-bottom: 30px;'>\n<div style='flex: 1 1 250px; border: 1px solid rgba(150&comma; 150&comma; 150&comma; 0.4); border-radius: 8px; overflow: hidden; display: flex; flex-direction: column;'>\n<div style='padding: 15px; border-bottom: 1px solid rgba(150&comma; 150&comma; 150&comma; 0.2); font-weight: bold; font-size: 18px; color: inherit;'>Especificaciones f\u00edsicas<\/div>\n<div style='padding: 15px; color: inherit;'>\n<ul style='padding-left: 20px; margin: 0; font-size: 14px; list-style-type: disc;'>\n<li style='margin-bottom: 5px;'><strong>Dimensiones:<\/strong> 21.8 x 13.0 x 6.2 cm<\/li>\n<li style='margin-bottom: 5px;'><strong>Peso:<\/strong> 0.7 kg<\/li>\n<\/ul><\/div>\n<\/p><\/div>\n<\/p><\/div>\n<div style='display: flex; flex-wrap: wrap; gap: 20px; margin-bottom: 30px;'>\n<div style='flex: 1 1 250px; border: 1px solid rgba(150&comma; 150&comma; 150&comma; 0.4); border-radius: 8px; overflow: hidden; display: flex; flex-direction: column;'>\n<div style='padding: 15px; border-bottom: 1px solid rgba(150&comma; 150&comma; 150&comma; 0.2); font-weight: bold; font-size: 18px; color: inherit;'>Mapas y Memoria<\/div>\n<div style='padding: 15px; color: inherit;'>\n<ul style='padding-left: 20px; margin: 0; font-size: 14px; list-style-type: disc;'>\n<li style='margin-bottom: 5px;'><strong>Acepta tarjetas de datos:<\/strong> 1 tarjeta microSD\u2122; tama\u00f1o m\u00e1ximo de 32 GB<\/li>\n<li style='margin-bottom: 5px;'><strong>Waypoints:<\/strong> 5&comma;000<\/li>\n<li style='margin-bottom: 5px;'><strong>Puntos de track:<\/strong> 50&comma;000<\/li>\n<li style='margin-bottom: 5px;'><strong>Pistas:<\/strong> 50 tracks guardados<\/li>\n<li style='margin-bottom: 5px;'><strong>Rutas:<\/strong> 100<\/li>\n<\/ul><\/div>\n<\/p><\/div>\n<div style='flex: 1 1 250px; border: 1px solid rgba(150&comma; 150&comma; 150&comma; 0.4); border-radius: 8px; overflow: hidden; display: flex; flex-direction: column;'>\n<div style='padding: 15px; border-bottom: 1px solid rgba(150&comma; 150&comma; 150&comma; 0.2); font-weight: bold; font-size: 18px; color: inherit;'>Sensores<\/div>\n<div style='padding: 15px; color: inherit;'>\n<ul style='padding-left: 20px; margin: 0; font-size: 14px; list-style-type: disc;'>\n<li style='margin-bottom: 5px;'><strong>GPS:<\/strong> S\u00ed<\/li>\n<li style='margin-bottom: 5px;'><strong>GLONASS:<\/strong> S\u00ed<\/li>\n<li style='margin-bottom: 5px;'><strong>GALILEO:<\/strong> S\u00ed<\/li>\n<li style='margin-bottom: 5px;'><strong>BEIDOU:<\/strong> S\u00ed<\/li>\n<li style='margin-bottom: 5px;'><strong>Con receptor integrado:<\/strong> S\u00ed<\/li>\n<li style='margin-bottom: 5px;'><strong>Receptor:<\/strong> 10 Hz<\/li>\n<li style='margin-bottom: 5px;'><strong>Compatible con NMEA 2000\u00ae:<\/strong> S\u00ed<\/li>\n<li style='margin-bottom: 5px;'><strong>Compatible con WAAS:<\/strong> S\u00ed<\/li>\n<li style='margin-bottom: 5px;'><strong>Compatible con GPS multibanda y multiconstelaci\u00f3n:<\/strong> S\u00ed<\/li>\n<\/ul><\/div>\n<\/p><\/div>\n<div style='flex: 1 1 250px; border: 1px solid rgba(150&comma; 150&comma; 150&comma; 0.4); border-radius: 8px; overflow: hidden; display: flex; flex-direction: column;'>\n<div style='padding: 15px; border-bottom: 1px solid rgba(150&comma; 150&comma; 150&comma; 0.2); font-weight: bold; font-size: 18px; color: inherit;'>Soporte de mapa opcional<\/div>\n<div style='padding: 15px; color: inherit;'>\n<ul style='padding-left: 20px; margin: 0; font-size: 14px; list-style-type: disc;'>\n<li style='margin-bottom: 5px;'><strong>Bluechart G3:<\/strong> S\u00ed<\/li>\n<li style='margin-bottom: 5px;'><strong>Bluechart G3 Vision:<\/strong> S\u00ed<\/li>\n<li style='margin-bottom: 5px;'><strong>Lakev\u00fc G3:<\/strong> S\u00ed<\/li>\n<li style='margin-bottom: 5px;'><strong>Lakev\u00fc G3 Ultra:<\/strong> S\u00ed<\/li>\n<li style='margin-bottom: 5px;'><strong>Garmin Navionics+\u2122:<\/strong> S\u00ed<\/li>\n<li style='margin-bottom: 5px;'><strong>Garmin Navionics Vision+\u2122:<\/strong> S\u00ed<\/li>\n<li style='margin-bottom: 5px;'><strong>Garmin Quickdraw Contours:<\/strong> S\u00ed<\/li>\n<\/ul><\/div>\n<\/p><\/div>\n<\/p><\/div>\n<div style='display: flex; flex-wrap: wrap; gap: 20px; margin-bottom: 30px;'>\n<div style='flex: 1 1 250px; border: 1px solid rgba(150&comma; 150&comma; 150&comma; 0.4); border-radius: 8px; overflow: hidden; display: flex; flex-direction: column;'>\n<div style='padding: 15px; border-bottom: 1px solid rgba(150&comma; 150&comma; 150&comma; 0.2); font-weight: bold; font-size: 18px; color: inherit;'>Funciones del plotter<\/div>\n<div style='padding: 15px; color: inherit;'>\n<ul style='padding-left: 20px; margin: 0; font-size: 14px; list-style-type: disc;'>\n<li style='margin-bottom: 5px;'><strong>Admite AIS:<\/strong> S\u00ed<\/li>\n<li style='margin-bottom: 5px;'><strong>Amite DSC:<\/strong> S\u00ed<\/li>\n<li style='margin-bottom: 5px;'><strong>Compatible con radios y Fusion Lync:<\/strong> S\u00ed<\/li>\n<li style='margin-bottom: 5px;'><strong>Compatible con Bluechart\u00ae Mobile:<\/strong> S\u00ed<\/li>\n<li style='margin-bottom: 5px;'><strong>Funciones de navegaci\u00f3n:<\/strong> S\u00ed<\/li>\n<\/ul><\/div>\n<\/p><\/div>\n<div style='flex: 1 1 250px; border: 1px solid rgba(150&comma; 150&comma; 150&comma; 0.4); border-radius: 8px; overflow: hidden; display: flex; flex-direction: column;'>\n<div style='padding: 15px; border-bottom: 1px solid rgba(150&comma; 150&comma; 150&comma; 0.2); font-weight: bold; font-size: 18px; color: inherit;'>Especificaciones el\u00e9ctricas<\/div>\n<div style='padding: 15px; color: inherit;'>\n<ul style='padding-left: 20px; margin: 0; font-size: 14px; list-style-type: disc;'>\n<li style='margin-bottom: 5px;'><strong>Entrada de alimentaci\u00f3n:<\/strong> De 9 a 18 V de CC<\/li>\n<li style='margin-bottom: 5px;'><strong>Consumo de corriente t\u00edpico en 12 V CC:<\/strong> 1.53 A<\/li>\n<li style='margin-bottom: 5px;'><strong>Consumo m\u00e1ximo de corriente en 12 V CC:<\/strong> 3.2 A<\/li>\n<li style='margin-bottom: 5px;'><strong>Uso m\u00e1ximo de energ\u00eda en 10 V CC:<\/strong> 18.4 W<\/li>\n<\/ul><\/div>\n<\/p><\/div>\n<div style='flex: 1 1 250px; border: 1px solid rgba(150&comma; 150&comma; 150&comma; 0.4); border-radius: 8px; overflow: hidden; display: flex; flex-direction: column;'>\n<div style='padding: 15px; border-bottom: 1px solid rgba(150&comma; 150&comma; 150&comma; 0.2); font-weight: bold; font-size: 18px; color: inherit;'>Especificaciones y funciones de sonda<\/div>\n<div style='padding: 15px; color: inherit;'>\n<ul style='padding-left: 20px; margin: 0; font-size: 14px; list-style-type: disc;'>\n<li style='margin-bottom: 5px;'><strong>Muestra una sonda:<\/strong> S\u00ed<\/li>\n<li style='margin-bottom: 5px;'><strong>Salida de potencia:<\/strong> 500 W<\/li>\n<li style='margin-bottom: 5px;'><strong>Sonda tradicional (frecuencia dual\/haz):<\/strong> Integrado (CHIRP de un canal&comma; 50\/77\/83\/200 kHz&comma; CHIRP L&comma; M y H)<\/li>\n<li style='margin-bottom: 5px;'><strong>Clearv\u00fc:<\/strong> 260\/455\/800\/1000\/1200 kHz integrado<\/li>\n<li style='margin-bottom: 5px;'><strong>Sidev\u00fc:<\/strong> 260\/455\/800\/1000\/1200 kHz integrado<\/li>\n<li style='margin-bottom: 5px;'><strong>Panoptix\u2122 Sonar:<\/strong> S\u00ed<\/li>\n<li style='margin-bottom: 5px;'><strong>Livescope:<\/strong> S\u00ed<\/li>\n<\/ul><\/div>\n<\/p><\/div>\n<\/p><\/div>\n<div style='display: flex; flex-wrap: wrap; gap: 20px; margin-bottom: 30px;'>\n<div style='flex: 1 1 250px; border: 1px solid rgba(150&comma; 150&comma; 150&comma; 0.4); border-radius: 8px; overflow: hidden; display: flex; flex-direction: column;'>\n<div style='padding: 15px; border-bottom: 1px solid rgba(150&comma; 150&comma; 150&comma; 0.2); font-weight: bold; font-size: 18px; color: inherit;'>Conexiones<\/div>\n<div style='padding: 15px; color: inherit;'>\n<ul style='padding-left: 20px; margin: 0; font-size: 14px; list-style-type: disc;'>\n<li style='margin-bottom: 5px;'><strong>Puertos NMEA 2000\u00ae:<\/strong> S\u00ed<\/li>\n<li style='margin-bottom: 5px;'><strong>Puertos Garmin Marine Network\u2122:<\/strong> 1<\/li>\n<li style='margin-bottom: 5px;'><strong>Transductor de 12 pines:<\/strong> 1<\/li>\n<li style='margin-bottom: 5px;'><strong>Llamadas Bluetooth\u00ae:<\/strong> S\u00ed<\/li>\n<li style='margin-bottom: 5px;'><strong>Ant+\u2122 (conectividad):<\/strong> S\u00ed<\/li>\n<li style='margin-bottom: 5px;'><strong>Red Garmin Wi-Fi\u00ae (conexi\u00f3n local):<\/strong> S\u00ed<\/li>\n<\/ul><\/div>\n<\/p><\/div>\n<\/p><\/div>\n<hr style='border: 0; border-top: 1px solid rgba(150&comma; 150&comma; 150&comma; 0.3); margin: 30px 0;'> <\/div>\n","protected":false},"excerpt":{"rendered":"<p>ECHOMAP UHD2 62sv con mapa base precargado, sonda SIDEV\u00dc, CLEARV\u00dc Y CHIRP tradicional, puerto de conexi\u00f3n a NMEA 2000. Incluye transductor GT54UHD-TM,<\/p>\n","protected":false},"featured_media":57149,"comment_status":"open","ping_status":"closed","template":"","meta":[],"product_brand":[],"product_cat":[1526],"product_tag":[1449,1527,1172],"class_list":{"0":"post-57150","1":"product","2":"type-product","3":"status-publish","4":"has-post-thumbnail","6":"product_cat-sistema-de-navegacion","7":"product_tag-garmin","8":"product_tag-sistema-de-navegacion","9":"product_tag-soluciones-marinas","11":"first","12":"outofstock","13":"sale","14":"shipping-taxable","15":"purchasable","16":"product-type-simple"},"_links":{"self":[{"href":"https:\/\/soydeaqui.ddns.net\/pachuca\/index.php\/wp-json\/wp\/v2\/product\/57150","targetHints":{"allow":["GET"]}}],"collection":[{"href":"https:\/\/soydeaqui.ddns.net\/pachuca\/index.php\/wp-json\/wp\/v2\/product"}],"about":[{"href":"https:\/\/soydeaqui.ddns.net\/pachuca\/index.php\/wp-json\/wp\/v2\/types\/product"}],"replies":[{"embeddable":true,"href":"https:\/\/soydeaqui.ddns.net\/pachuca\/index.php\/wp-json\/wp\/v2\/comments?post=57150"}],"wp:featuredmedia":[{"embeddable":true,"href":"https:\/\/soydeaqui.ddns.net\/pachuca\/index.php\/wp-json\/wp\/v2\/media\/57149"}],"wp:attachment":[{"href":"https:\/\/soydeaqui.ddns.net\/pachuca\/index.php\/wp-json\/wp\/v2\/media?parent=57150"}],"wp:term":[{"taxonomy":"product_brand","embeddable":true,"href":"https:\/\/soydeaqui.ddns.net\/pachuca\/index.php\/wp-json\/wp\/v2\/product_brand?post=57150"},{"taxonomy":"product_cat","embeddable":true,"href":"https:\/\/soydeaqui.ddns.net\/pachuca\/index.php\/wp-json\/wp\/v2\/product_cat?post=57150"},{"taxonomy":"product_tag","embeddable":true,"href":"https:\/\/soydeaqui.ddns.net\/pachuca\/index.php\/wp-json\/wp\/v2\/product_tag?post=57150"}],"curies":[{"name":"wp","href":"https:\/\/api.w.org\/{rel}","templated":true}]}}