{"id":57100,"date":"2026-03-19T03:46:21","date_gmt":"2026-03-19T03:46:21","guid":{"rendered":"https:\/\/soydeaqui.ddns.net\/pachuca\/index.php\/producto\/kit-de-conexion-a-tierra-para-uso-con-gabinetes-multiproposito-incluye-cable-14-awg-y-accesorios\/"},"modified":"2026-03-19T03:46:28","modified_gmt":"2026-03-19T03:46:28","slug":"kit-de-conexion-a-tierra-para-uso-con-gabinetes-multiproposito-incluye-cable-14-awg-y-accesorios","status":"publish","type":"product","link":"https:\/\/soydeaqui.ddns.net\/pachuca\/index.php\/producto\/kit-de-conexion-a-tierra-para-uso-con-gabinetes-multiproposito-incluye-cable-14-awg-y-accesorios\/","title":{"rendered":"Kit de Conexi\u00f3n a Tierra, Para Uso con Gabinetes Multiprop\u00f3sito, Incluye Cable 14 AWG y Accesorios"},"content":{"rendered":"<div style='width: 100%; max-width: 1200px; margin: 0 auto; font-family: sans-serif; line-height: 1.6; color: inherit; background-color: transparent;'> <!-- Descripci\u00f3n principal --> <\/p>\n<div style='margin-bottom: 30px; font-size: 15px; color: inherit;'>\n<p>El gabinete multiusos para montaje en pared est\u00e1 dise\u00f1ado para albergar conectividad de punto de transici\u00f3n y proporcionar un espacio para montar equipos de red empotrados en la pared&comma; al mismo tiempo que brinda flexibilidad para acomodar movimientos futuros. El gabinete est\u00e1 construido con acero de calibre 18 y con accesorios con un dise\u00f1o de empujar\/tirar. Tiene una puerta con cerradura y est\u00e1 dise\u00f1ada para permitir una ventilaci\u00f3n adecuada para su uso con diversos equipos&comma; entre otros&comma; dispositivos AV u ONT&comma; conexiones de cobre y conexiones de fibra.<\/p>\n<\/p><\/div>\n<p> <!-- Secci\u00f3n de especificaciones --> <\/p>\n<div style='display: flex; flex-wrap: wrap; gap: 20px; margin-bottom: 30px;'>\n<div style='flex: 1 1 250px; border: 1px solid rgba(150&comma; 150&comma; 150&comma; 0.4); border-radius: 8px; overflow: hidden; display: flex; flex-direction: column;'>\n<div style='padding: 15px; border-bottom: 1px solid rgba(150&comma; 150&comma; 150&comma; 0.2); font-weight: bold; font-size: 18px; color: inherit;'>Especificaciones<\/div>\n<div style='padding: 15px; color: inherit;'>\n<ul style='padding-left: 20px; margin: 0; font-size: 14px; list-style-type: disc;'>\n<li style='margin-bottom: 5px;'><strong>Longitud total (pulg.):<\/strong> 13.25<\/li>\n<li style='margin-bottom: 5px;'><strong>Longitud total (mm):<\/strong> 336.6<\/li>\n<li style='margin-bottom: 5px;'><strong>Color:<\/strong> Verde\/amarillo<\/li>\n<li style='margin-bottom: 5px;'><strong>Aplicaci\u00f3n:<\/strong> Telecomunicaciones\/Centro de datos<\/li>\n<li style='margin-bottom: 5px;'><strong>Incluye:<\/strong> Cable de tierra de 13.25 in fabricado con alambre de calibre 10 AWG con leng\u00fcetas en cada extremo&comma; 2 Tuercas de conexi\u00f3n a tierra M5&comma; 1 Almohadilla de limpieza y 1 Pasta antioxidante<\/li>\n<\/ul><\/div>\n<\/p><\/div>\n<\/p><\/div>\n<p> <!-- Separador --> <\/p>\n<hr style='border: 0; border-top: 1px solid rgba(150&comma; 150&comma; 150&comma; 0.3); margin: 30px 0;'> <\/div>\n","protected":false},"excerpt":{"rendered":"<p>Kit de Conexi\u00f3n a Tierra, Para Uso con Gabinetes Multiprop\u00f3sito, Incluye Cable 14 AWG y Accesorios<\/p>\n","protected":false},"featured_media":57099,"comment_status":"open","ping_status":"closed","template":"","meta":[],"product_brand":[],"product_cat":[678],"product_tag":[679,445,605],"class_list":{"0":"post-57100","1":"product","2":"type-product","3":"status-publish","4":"has-post-thumbnail","6":"product_cat-gabinetes-uso-multiple","7":"product_tag-gabinetes-uso-multiple","8":"product_tag-panduit","9":"product_tag-racks-y-gabinetes","11":"first","12":"instock","13":"sale","14":"shipping-taxable","15":"purchasable","16":"product-type-simple"},"_links":{"self":[{"href":"https:\/\/soydeaqui.ddns.net\/pachuca\/index.php\/wp-json\/wp\/v2\/product\/57100","targetHints":{"allow":["GET"]}}],"collection":[{"href":"https:\/\/soydeaqui.ddns.net\/pachuca\/index.php\/wp-json\/wp\/v2\/product"}],"about":[{"href":"https:\/\/soydeaqui.ddns.net\/pachuca\/index.php\/wp-json\/wp\/v2\/types\/product"}],"replies":[{"embeddable":true,"href":"https:\/\/soydeaqui.ddns.net\/pachuca\/index.php\/wp-json\/wp\/v2\/comments?post=57100"}],"wp:featuredmedia":[{"embeddable":true,"href":"https:\/\/soydeaqui.ddns.net\/pachuca\/index.php\/wp-json\/wp\/v2\/media\/57099"}],"wp:attachment":[{"href":"https:\/\/soydeaqui.ddns.net\/pachuca\/index.php\/wp-json\/wp\/v2\/media?parent=57100"}],"wp:term":[{"taxonomy":"product_brand","embeddable":true,"href":"https:\/\/soydeaqui.ddns.net\/pachuca\/index.php\/wp-json\/wp\/v2\/product_brand?post=57100"},{"taxonomy":"product_cat","embeddable":true,"href":"https:\/\/soydeaqui.ddns.net\/pachuca\/index.php\/wp-json\/wp\/v2\/product_cat?post=57100"},{"taxonomy":"product_tag","embeddable":true,"href":"https:\/\/soydeaqui.ddns.net\/pachuca\/index.php\/wp-json\/wp\/v2\/product_tag?post=57100"}],"curies":[{"name":"wp","href":"https:\/\/api.w.org\/{rel}","templated":true}]}}