{"id":57031,"date":"2026-03-19T03:44:05","date_gmt":"2026-03-19T03:44:05","guid":{"rendered":"https:\/\/soydeaqui.ddns.net\/pachuca\/index.php\/producto\/microfono-de-solapa-de-2-hilos-para-radio-mt100\/"},"modified":"2026-03-19T03:44:06","modified_gmt":"2026-03-19T03:44:06","slug":"microfono-de-solapa-de-2-hilos-para-radio-mt100","status":"publish","type":"product","link":"https:\/\/soydeaqui.ddns.net\/pachuca\/index.php\/producto\/microfono-de-solapa-de-2-hilos-para-radio-mt100\/","title":{"rendered":"Micr\u00f3fono de Solapa de 2 Hilos para radio MT100"},"content":{"rendered":"<div style='width: 100%; max-width: 1200px; margin: 0 auto; font-family: sans-serif; line-height: 1.6; color: inherit; background-color: transparent;'>\n<div style='display: flex; flex-wrap: wrap; gap: 30px; margin-bottom: 30px;'>\n<div style='flex: 1 1 300px; min-width: 280px;'>\n<h3 style='font-size: 22px; border-bottom: 2px solid currentColor; padding-bottom: 5px; margin-top: 0; color: inherit; opacity: 0.8;'>Caracter\u00edsticas<\/h3>\n<ul style='padding-left: 20px; font-size: 15px; color: inherit;'>\n<li style='margin-bottom: 5px;'>Kit de 2 hilos para vigilancia con aud\u00edfono de tubo ac\u00fastico y micr\u00f3fono\/PTT interconstruido<\/li>\n<li style='margin-bottom: 5px;'>Montaje de tubo ac\u00fastico<\/li>\n<li style='margin-bottom: 5px;'>El conducto auricular transparente es discreto y provee audio de excelente recepci\u00f3n<\/li>\n<li style='margin-bottom: 5px;'>Puede esconderse f\u00e1cilmente bajo un saco o chamarra&comma; u otra vestimenta<\/li>\n<li style='margin-bottom: 5px;'>La caja de conexiones PTT permite conversi\u00f3n de comunicaciones<\/li>\n<li style='margin-bottom: 5px;'>Ideal para guardias de seguridad&comma; seguridad p\u00fablica&comma; agencias federales de investigaci\u00f3n<\/li>\n<li style='margin-bottom: 5px;'>Discreto y profesional<\/li>\n<\/ul><\/div>\n<\/p><\/div>\n<\/p><\/div>\n","protected":false},"excerpt":{"rendered":"<p>Micr\u00f3fono de Solapa de 2 Hilos para radio MT100<\/p>\n","protected":false},"featured_media":57030,"comment_status":"open","ping_status":"closed","template":"","meta":[],"product_brand":[],"product_cat":[1622],"product_tag":[1337,1518,1551],"class_list":{"0":"post-57031","1":"product","2":"type-product","3":"status-publish","4":"has-post-thumbnail","6":"product_cat-microfono-audifono-accesorios-para-otras-marcas","7":"product_tag-accesorios-para-otras-marcas","8":"product_tag-microfono-audifono","9":"product_tag-telo-systems","11":"first","12":"instock","13":"sale","14":"shipping-taxable","15":"purchasable","16":"product-type-simple"},"_links":{"self":[{"href":"https:\/\/soydeaqui.ddns.net\/pachuca\/index.php\/wp-json\/wp\/v2\/product\/57031","targetHints":{"allow":["GET"]}}],"collection":[{"href":"https:\/\/soydeaqui.ddns.net\/pachuca\/index.php\/wp-json\/wp\/v2\/product"}],"about":[{"href":"https:\/\/soydeaqui.ddns.net\/pachuca\/index.php\/wp-json\/wp\/v2\/types\/product"}],"replies":[{"embeddable":true,"href":"https:\/\/soydeaqui.ddns.net\/pachuca\/index.php\/wp-json\/wp\/v2\/comments?post=57031"}],"wp:featuredmedia":[{"embeddable":true,"href":"https:\/\/soydeaqui.ddns.net\/pachuca\/index.php\/wp-json\/wp\/v2\/media\/57030"}],"wp:attachment":[{"href":"https:\/\/soydeaqui.ddns.net\/pachuca\/index.php\/wp-json\/wp\/v2\/media?parent=57031"}],"wp:term":[{"taxonomy":"product_brand","embeddable":true,"href":"https:\/\/soydeaqui.ddns.net\/pachuca\/index.php\/wp-json\/wp\/v2\/product_brand?post=57031"},{"taxonomy":"product_cat","embeddable":true,"href":"https:\/\/soydeaqui.ddns.net\/pachuca\/index.php\/wp-json\/wp\/v2\/product_cat?post=57031"},{"taxonomy":"product_tag","embeddable":true,"href":"https:\/\/soydeaqui.ddns.net\/pachuca\/index.php\/wp-json\/wp\/v2\/product_tag?post=57031"}],"curies":[{"name":"wp","href":"https:\/\/api.w.org\/{rel}","templated":true}]}}