{"id":56941,"date":"2026-03-19T03:41:16","date_gmt":"2026-03-19T03:41:16","guid":{"rendered":"https:\/\/soydeaqui.ddns.net\/pachuca\/index.php\/producto\/capacitor-de-tantalio-de-2-2uf-emplomado-solido-de-25v\/"},"modified":"2026-03-19T03:41:17","modified_gmt":"2026-03-19T03:41:17","slug":"capacitor-de-tantalio-de-2-2uf-emplomado-solido-de-25v","status":"publish","type":"product","link":"https:\/\/soydeaqui.ddns.net\/pachuca\/index.php\/producto\/capacitor-de-tantalio-de-2-2uf-emplomado-solido-de-25v\/","title":{"rendered":"Capacitor de Tantalio de 2.2uF , Emplomado s\u00f3lido de 25V"},"content":{"rendered":"<div style='width: 100%; max-width: 1200px; margin: 0 auto; font-family: sans-serif; line-height: 1.6; color: inherit; background-color: transparent;'>\n<div style='display: flex; flex-wrap: wrap; justify-content: center; margin-bottom: 30px;'> <img style='width: 100%; max-width: 400px; height: auto; border: 1px solid rgba(150&comma;150&comma;150&comma;0.3); border-radius: 8px;' src='data:image\/png;base64&comma;iVBORw0KGgoAAAANSUhEUgAAAUEAAACECAYAAAAOXJmCAAAAAXNSR0IArs4c6QAAAARnQU1BAACxjwv8YQUAAAAJcEhZcwAADsMAAA7DAcdvqGQAABsUSURBVHhe7Z0HmFRFtsdPzzAzzBAHhjiAJBGUFdEVXcVFQVfF9Kn4fAZE1giKGPaBPvdjTauuCiq6JtRVzDmgiwHDM+CaA4KiCEqGIQw5TOhXv6J76L5Tt6d7ulFm7vl932WG231D1a361zmnTt0JhQ2iKIoSULIiPxVFUQKJiqCiKIFGRVBRlECjIqgoSqBREVQUJdCoCCqKEml040aRvXZy9913y5133in33XefPPzww3L88cfL5ZdfLjfffLM8+OCD8t5778nEiROlW7du8vTTT8vMmTNl7Nix8s0339i0mPPOO086d+4sL7\/8spx55pkyb9486d+\/v3z66aeyZs0aGTVqlG3406dPl8WLF8uAAQPk448\/lo0bN8rpp58uO+20k7z55pty2223yYQJE+Tzzz+XV155RQ477DB55ZVX5I477pBXX31V3njjDZk2bZq88MIL0r17d3n77bfl1ltvlXHjxsm0adPknXfekTfffFP22WcfGT9+vE2Bue6662TOnDnSvXt3ue+++2T9+vV234MPPig9e\/aU119\/Xa699lqZOHGivP322\/L888\/L3nvvLW+88Ybcf\/\/98vTTT8u0adPkgw8+kHfeeUeOPvpoee6552T69Oly3XXX2TQZ7uP888+Xjz76yKbN8DzuvPNO2WuvvWx6zjfffCNXX321TJ8+XWbPni1PPPGE7LXXXvL666\/L2LFj5b777pPp06fLjBkzZPTo0dK7d29588035b777pOxY8fK9OnT5aOPPpK7775b9t9\/f3n99dflwQcflHHjxslHH30kH3zwgYwZM0YOOOAAee2112T8+PEyevRo+eKLL2T69Ony6KOPyj777CPjx4+36TJjx46V6dOny4wZM2T06NHSv39\/+fDDD+Xpp5+26TPjx4+3aTPjxo2T7t27y5tvvimPP\/64TJw4UaZPn27TZe666y454IAD5JlnnrH39Mwzz8j06dNl+vTpcm+0vHPOOWfH9z0vZ82aJY899ph88cUXMmvWLBkzZowccsgh8vrrr8v48eNl3LhxsmbNGps6M2HCBNl7773l9ddf3\/H9CRMmyKxZs2yqzYQJE6Rv377y+uuvy8SJE2X8+PGyevVqOeKII2y6zZw5c2T8+PE23WbOnDny2WefyZlnninz5s2T8ePHy+TJk2X27Nk23Wb8+PGyYsUKOeWUU2T33Xe3aTfjxo2z6TbM7E6fPl0mT54s+++\/v7z22msyadIkm24zZ84cmT59ujz55JNy4IEH2vSb8ePH2\/Sb+fPn2\/Sb8ePHS69evWT8+PHy9NNP23Sb6dOny9SpU2X06NHSv39\/efPNN+Xxxx+XJ598UqZOnSrTpk2T0aNH23SdF154QV599VX58ssvZerUqTJlyhT55JNP5LTTTjPpO89I165d5bHHHrPpO48++qj07t1bHn30UZs689BDD0m\/fv3k4YcftqkzDz74oAwaNEgefvhhmzrzwAMP2HSb0aNH23SbUaNG2dSZBx54wKbO3HfffdKvXz+ZNGmS3HPPPZKXlycTJ06Uu+++W\/Lz82XixIly9913S0FBgUyYMEHuvPNOyc\/Pt+k0d955p+Tl5cmECRPs5507d5Y77rjDptPccsst0q1bN5s6c8stt0i3bt1k0qRJ8uKLL0p+fr5MnDhR7r77bsnPz5e7777bptP0799fJk2aJHfffbe0bNlS7r77bhs3vO2222TQoEE2debWW2+1qTN33XWXDB482KbO3HzzzXb\/XXfdZVNm7r77brnrrrtk8ODB8vzzz8v48eNt6sz48eNt6syQIUPk+eefl4kTJ8q9994rQ4cOlWeeeUamTJli02YmT54sTz\/9tBx88MHy7LPPyqRJk2T06NG23J988ok89thj0q9fP3n22Wdt2syYMWOkT58+8swzz8j48eNt6sz48eNl0qRJ8tRTT8mBBx4oTz\/9tDz11FMyevRoW29Tpkwx9T5O9t9\/f3n66aflySeflNGjR9v6mD17tjz55JOy3377yfjx4+Xxxx+36TPTp0+39T1q1Cg54ogj5Pnnn5fHH39cHnvsMZs+M336dHn88cdl0KBB8sILL8gTTzwhjz32mH2eM2bMsO2B58DzYX+3bt3k2WeflYkTJ8pTTz0lBx10kDz33HMyceJEeeyxx2z9z5o1S5544gk56KCD5JlnnrFpN4899pj0799fnnzySXn88cdl9OjR8tJLL8lTTz0lxx13nDz11FPyxBNP2LSd8ePHy4wZM2T06NHSv39\/eeWVV2T06NHy+OOPy4wZM2Tq1Kly\/\/33y4EHHigTJkyQ8ePHy5NPPilz5syx6Tb333+\/9O7dW15\/\/XWZOHGiPZ42N2HCBNlrr71s6g31+eijj8pBBx0kL7zwgjz55JMyZswYmz7Dc+D57L333jJ+\/Hh56qmn5P7775f99ttPnn76aXn88cdt6s6MGTNk7Nix0q9fP3n22Wfl6aeflilTptj0nXHjxsm0adNk9OjR0q9fP3n55Zdt+s64ceNk2rRpdjzD6h09erT069fPptDQ11555RUZM2aMzJ8\/X2bMmCHjx4+XSy+91KbP3H333TJlyhSZOnWqTJ8+Xa644gq56aab7P777rtPZs6cKdOnT5d7771X+vXrJ6+88oqMHz9eJk2aJPPmzZPp06fL448\/Lv369ZMXX3zRps889dRT8vjjj8v8+fNl5syZ8vjjj8vAgQPl+eefl4kTJ8qUKVPk888\/t+V44oknZP\/995cXX3xRJk6cKBMmTLDpN3PmzJHJkyfL448\/LgMHDpSXX35ZJk6cKBMmTJD58+fLjBkzZOLEiXLHHXfIwQcfbF+I8MADD8jEiRNl6tSptj5HjRpl0294zjNnznS+4Yh3B1588UWZNGmSTJ8+3abfjB07Vg466CB59tlnZcKECfLoo4\/a9BveE3jooYfs8505c6Z9XoMHD5YXXnhBnnzySXn00Udl1qxZNv2G58Vz5P1406dPl6lTp9r0m0GDBsmLL74oEydOlGnTpsn06dNl8uTJct1118k111xj0294D0B705V6h4qgoiiBRkVQUZRAoyKoKEqgURFUFCXQqAgqihJoVAQVRQk0KoKKogQaFUFFUQKNiqCiKIFGRVBRlECjIqgoSqBREVQUJdCoCCqKEmhUBBVFCf8f4160Z972B30AAAAASUVORK5CYII=' alt=''> <\/div>\n<div style='margin-bottom: 30px;'>\n<p style='margin: 0 0 20px 0; font-size: 15px; color: inherit;'>El Capacitor de Tantalio es un dispositivo de calidad profesional fabricado con un revestimiento ign\u00edfugo y que se caracteriza por una baja corriente de fuga e impedancia&comma; unas dimensiones f\u00edsicas muy reducidas y una estabilidad t\u00e9rmica excepcional. Est\u00e1 dise\u00f1ado y acondicionado para funcionar hasta +125\u00b0C<\/p>\n<\/p><\/div>\n<div style='display: flex; flex-wrap: wrap; gap: 30px; margin-bottom: 30px;'>\n<div style='flex: 1 1 300px; min-width: 280px;'>\n<h3 style='font-size: 22px; border-bottom: 2px solid currentColor; padding-bottom: 5px; margin-top: 0; color: inherit; opacity: 0.8;'>Caracter\u00edsticas<\/h3>\n<ul style='padding-left: 20px; font-size: 15px; color: inherit;'>\n<li style='margin-bottom: 5px;'><strong>Capacitancia:<\/strong> 2.2 uF<\/li>\n<li style='margin-bottom: 5px;'><strong>R\u00e9gimen de voltaje de CC:<\/strong> 25 VDC<\/li>\n<li style='margin-bottom: 5px;'><strong>Estilo de terminaci\u00f3n:<\/strong> Radial<\/li>\n<li style='margin-bottom: 5px;'><strong>Espaciado de conductor:<\/strong> 2.5 mm (0.098 in)<\/li>\n<li style='margin-bottom: 5px;'><strong>Longitud:<\/strong> 7 mm (0.276 in)<\/li>\n<li style='margin-bottom: 5px;'><strong>Di\u00e1metro:<\/strong> 4.5 mm<\/li>\n<li style='margin-bottom: 5px;'><strong>Tolerancia:<\/strong> 10%<\/li>\n<li style='margin-bottom: 5px;'><strong>ESR:<\/strong> 6 Ohms<\/li>\n<li style='margin-bottom: 5px;'><strong>Temperatura de trabajo m\u00ednima:<\/strong> -55\u00b0C<\/li>\n<li style='margin-bottom: 5px;'><strong>Temperatura de trabajo m\u00e1xima:<\/strong> +125\u00b0C<\/li>\n<li style='margin-bottom: 5px;'><strong>Tipo:<\/strong> Dipped<\/li>\n<li style='margin-bottom: 5px;'><strong>Empaquetado:<\/strong> Bulk<\/li>\n<li style='margin-bottom: 5px;'><strong>Capacitancia (nF):<\/strong> 2200 nF<\/li>\n<li style='margin-bottom: 5px;'><strong>Factor de disipaci\u00f3n DF:<\/strong> 6<\/li>\n<li style='margin-bottom: 5px;'><strong>Di\u00e1metro de plomo:<\/strong> 0.5 mm<\/li>\n<li style='margin-bottom: 5px;'><strong>Corriente de fuga:<\/strong> 500 nA<\/li>\n<li style='margin-bottom: 5px;'><strong>Subcategor\u00eda:<\/strong> Capacitors<\/li>\n<\/ul><\/div>\n<\/p><\/div>\n<\/p><\/div>\n","protected":false},"excerpt":{"rendered":"<p>Capacitor de Tantalio de 2.2uF , Emplomado s\u00f3lido de 25V<\/p>\n","protected":false},"featured_media":56940,"comment_status":"open","ping_status":"closed","template":"","meta":[],"product_brand":[],"product_cat":[1501],"product_tag":[1502,751,547],"class_list":{"0":"post-56941","1":"product","2":"type-product","3":"status-publish","4":"has-post-thumbnail","6":"product_cat-miscelaneo","7":"product_tag-miscelaneo","8":"product_tag-refacciones","9":"product_tag-syscom-parts","11":"first","12":"instock","13":"sale","14":"shipping-taxable","15":"purchasable","16":"product-type-simple"},"_links":{"self":[{"href":"https:\/\/soydeaqui.ddns.net\/pachuca\/index.php\/wp-json\/wp\/v2\/product\/56941","targetHints":{"allow":["GET"]}}],"collection":[{"href":"https:\/\/soydeaqui.ddns.net\/pachuca\/index.php\/wp-json\/wp\/v2\/product"}],"about":[{"href":"https:\/\/soydeaqui.ddns.net\/pachuca\/index.php\/wp-json\/wp\/v2\/types\/product"}],"replies":[{"embeddable":true,"href":"https:\/\/soydeaqui.ddns.net\/pachuca\/index.php\/wp-json\/wp\/v2\/comments?post=56941"}],"wp:featuredmedia":[{"embeddable":true,"href":"https:\/\/soydeaqui.ddns.net\/pachuca\/index.php\/wp-json\/wp\/v2\/media\/56940"}],"wp:attachment":[{"href":"https:\/\/soydeaqui.ddns.net\/pachuca\/index.php\/wp-json\/wp\/v2\/media?parent=56941"}],"wp:term":[{"taxonomy":"product_brand","embeddable":true,"href":"https:\/\/soydeaqui.ddns.net\/pachuca\/index.php\/wp-json\/wp\/v2\/product_brand?post=56941"},{"taxonomy":"product_cat","embeddable":true,"href":"https:\/\/soydeaqui.ddns.net\/pachuca\/index.php\/wp-json\/wp\/v2\/product_cat?post=56941"},{"taxonomy":"product_tag","embeddable":true,"href":"https:\/\/soydeaqui.ddns.net\/pachuca\/index.php\/wp-json\/wp\/v2\/product_tag?post=56941"}],"curies":[{"name":"wp","href":"https:\/\/api.w.org\/{rel}","templated":true}]}}