{"id":56878,"date":"2026-03-19T03:39:10","date_gmt":"2026-03-19T03:39:10","guid":{"rendered":"https:\/\/soydeaqui.ddns.net\/pachuca\/index.php\/producto\/radio-de-alerta-meteorologica-wr400-7-canales-noaa-y-environment-canada-almacena-10-alertas-sirena-de-85-db-reloj-dual-con-alarma-carga-usb-certificado-public-alert\/"},"modified":"2026-03-19T03:39:11","modified_gmt":"2026-03-19T03:39:11","slug":"radio-de-alerta-meteorologica-wr400-7-canales-noaa-y-environment-canada-almacena-10-alertas-sirena-de-85-db-reloj-dual-con-alarma-carga-usb-certificado-public-alert","status":"publish","type":"product","link":"https:\/\/soydeaqui.ddns.net\/pachuca\/index.php\/producto\/radio-de-alerta-meteorologica-wr400-7-canales-noaa-y-environment-canada-almacena-10-alertas-sirena-de-85-db-reloj-dual-con-alarma-carga-usb-certificado-public-alert\/","title":{"rendered":"Radio de Alerta Meteorol\u00f3gica WR400 \/ 7 Canales NOAA y Environment Canada \/ Almacena 10 Alertas \/ Sirena de 85 dB \/ Reloj Dual con Alarma \/ Carga USB \/ Certificado Public Alert"},"content":{"rendered":"<div style='width: 100%; max-width: 1200px; margin: 0 auto; font-family: sans-serif; line-height: 1.6; color: inherit; background-color: transparent;'>\n<div style='margin-bottom: 30px;'>\n<p style='font-size: 18px; line-height: 1.6; color: inherit;'>El WR400 es una radio de alerta meteorol\u00f3gica avanzada dise\u00f1ada para mantenerte informado y seguro durante emergencias. Con tecnolog\u00eda S.A.M.E.&comma; este dispositivo recibe alertas espec\u00edficas para tu \u00e1rea&comma; incluyendo informaci\u00f3n meteorol\u00f3gica y de otros peligros de los servicios NOAA y Canad\u00e1. Su sirena de 85 dB&comma; alertas de voz y LED parpadeante garantizan que nunca te pierdas una alerta importante.<\/p>\n<\/p><\/div>\n<div style='display: flex; flex-wrap: wrap; gap: 30px; margin-bottom: 30px;'>\n<div style='flex: 1 1 300px; min-width: 280px;'>\n<h3 style='font-size: 22px; border-bottom: 2px solid currentColor; padding-bottom: 5px; margin-top: 0; color: inherit; opacity: 0.8;'>Caracter\u00edsticas Principales<\/h3>\n<ul style='padding-left: 20px; font-size: 15px; color: inherit;'>\n<li style='margin-bottom: 5px;'>Recibe alertas de 7 canales NOAA y Canad\u00e1<\/li>\n<li style='margin-bottom: 5px;'>Almacena hasta 10 alertas previamente recibidas<\/li>\n<li style='margin-bottom: 5px;'>Sirena de alerta de 85 dB para m\u00e1xima atenci\u00f3n<\/li>\n<li style='margin-bottom: 5px;'>Reloj dual con alarma AM\/FM o zumbador<\/li>\n<li style='margin-bottom: 5px;'>Salida USB para cargar dispositivos<\/li>\n<li style='margin-bottom: 5px;'>Certificado Public Alert para m\u00e1xima confiabilidad<\/li>\n<li style='margin-bottom: 5px;'>25 ubicaciones programables para alertas espec\u00edficas<\/li>\n<li style='margin-bottom: 5px;'>Opci\u00f3n de retroiluminaci\u00f3n continua<\/li>\n<li style='margin-bottom: 5px;'>Respaldo de energ\u00eda de emergencia con 4 pilas AA (no incluidas)<\/li>\n<\/ul><\/div>\n<\/p><\/div>\n<div style='display: flex; flex-wrap: wrap; gap: 20px; margin-bottom: 30px;'>\n<div style='flex: 1 1 250px; border: 1px solid rgba(150&comma; 150&comma; 150&comma; 0.4); border-radius: 8px; overflow: hidden; display: flex; flex-direction: column;'>\n<div style='padding: 15px; border-bottom: 1px solid rgba(150&comma; 150&comma; 150&comma; 0.2); font-weight: bold; font-size: 18px; color: inherit;'>Especificaciones<\/div>\n<div style='padding: 15px; color: inherit;'>\n<ul style='padding-left: 20px; margin: 0; font-size: 14px; list-style-type: disc;'>\n<li style='margin-bottom: 5px;'><strong>Dimensiones de la caja:<\/strong> 2.5&#8242; x 5.9&#8242; x 10.1&#8242;<\/li>\n<li style='margin-bottom: 5px;'><strong>Peso de la caja:<\/strong> 2 lbs<\/li>\n<li style='margin-bottom: 5px;'><strong>Dimensiones del cart\u00f3n maestro:<\/strong> 13.6&#8242; x 10.6&#8242; x 6.8&#8242;<\/li>\n<li style='margin-bottom: 5px;'><strong>Peso del cart\u00f3n maestro:<\/strong> 10 lbs<\/li>\n<li style='margin-bottom: 5px;'><strong>Requiere:<\/strong> 4 pilas AA (no incluidas)<\/li>\n<\/ul><\/div>\n<\/p><\/div>\n<div style='flex: 1 1 250px; border: 1px solid rgba(150&comma; 150&comma; 150&comma; 0.4); border-radius: 8px; overflow: hidden; display: flex; flex-direction: column;'>\n<div style='padding: 15px; border-bottom: 1px solid rgba(150&comma; 150&comma; 150&comma; 0.2); font-weight: bold; font-size: 18px; color: inherit;'>Interfaces y Conectividad<\/div>\n<div style='padding: 15px; color: inherit;'>\n<ul style='padding-left: 20px; margin: 0; font-size: 14px; list-style-type: disc;'>\n<li style='margin-bottom: 5px;'>Salida USB para carga de dispositivos<\/li>\n<li style='margin-bottom: 5px;'>Conector de alimentaci\u00f3n AC incluido<\/li>\n<\/ul><\/div>\n<\/p><\/div>\n<\/p><\/div>\n<hr style='border: 0; border-top: 1px solid rgba(150&comma; 150&comma; 150&comma; 0.3); margin: 30px 0;'>\n<div style='display: flex; flex-wrap: wrap; gap: 20px; margin-bottom: 30px;'>\n<div style='flex: 1 1 300px; border: 1px solid rgba(150&comma; 150&comma; 150&comma; 0.4); border-radius: 8px; overflow: hidden; display: flex; flex-direction: column;'>\n<div style='padding: 15px; border-bottom: 1px solid rgba(150&comma; 150&comma; 150&comma; 0.2); font-weight: bold; font-size: 18px; color: inherit;'>Preparaci\u00f3n para Emergencias<\/div>\n<div style='padding: 15px; color: inherit;'>\n<p style='margin: 0; font-size: 14px;'>Recomendado por el Departamento de Seguridad Nacional para la preparaci\u00f3n ante emergencias.<\/p>\n<\/p><\/div>\n<\/p><\/div>\n<div style='flex: 1 1 300px; border: 1px solid rgba(150&comma; 150&comma; 150&comma; 0.4); border-radius: 8px; overflow: hidden; display: flex; flex-direction: column;'>\n<div style='padding: 15px; border-bottom: 1px solid rgba(150&comma; 150&comma; 150&comma; 0.2); font-weight: bold; font-size: 18px; color: inherit;'>Uso en el Hogar<\/div>\n<div style='padding: 15px; color: inherit;'>\n<p style='margin: 0; font-size: 14px;'>Mant\u00e9n a tu familia segura con alertas instant\u00e1neas y una sirena potente.<\/p>\n<\/p><\/div>\n<\/p><\/div>\n<div style='flex: 1 1 300px; border: 1px solid rgba(150&comma; 150&comma; 150&comma; 0.4); border-radius: 8px; overflow: hidden; display: flex; flex-direction: column;'>\n<div style='padding: 15px; border-bottom: 1px solid rgba(150&comma; 150&comma; 150&comma; 0.2); font-weight: bold; font-size: 18px; color: inherit;'>Uso Exterior<\/div>\n<div style='padding: 15px; color: inherit;'>\n<p style='margin: 0; font-size: 14px;'>Funciona con pilas para uso en exteriores durante cortes de energ\u00eda.<\/p>\n<\/p><\/div>\n<\/p><\/div>\n<\/p><\/div>\n<\/p><\/div>\n","protected":false},"excerpt":{"rendered":"<p>Radio de Alerta Meteorol\u00f3gica WR400 \/ 7 Canales NOAA y Environment Canada \/ Almacena 10 Alertas \/ Sirena de 85 dB \/ Reloj Dual con Alarma \/ Carga USB \/ Certificado Public Alert<\/p>\n","protected":false},"featured_media":56877,"comment_status":"open","ping_status":"closed","template":"","meta":[],"product_brand":[],"product_cat":[1512],"product_tag":[1514,1513,62],"class_list":{"0":"post-56878","1":"product","2":"type-product","3":"status-publish","4":"has-post-thumbnail","6":"product_cat-todos-radios-amateur","7":"product_tag-midland","8":"product_tag-radios-amateur","9":"product_tag-todos","11":"first","12":"instock","13":"sale","14":"shipping-taxable","15":"purchasable","16":"product-type-simple"},"_links":{"self":[{"href":"https:\/\/soydeaqui.ddns.net\/pachuca\/index.php\/wp-json\/wp\/v2\/product\/56878","targetHints":{"allow":["GET"]}}],"collection":[{"href":"https:\/\/soydeaqui.ddns.net\/pachuca\/index.php\/wp-json\/wp\/v2\/product"}],"about":[{"href":"https:\/\/soydeaqui.ddns.net\/pachuca\/index.php\/wp-json\/wp\/v2\/types\/product"}],"replies":[{"embeddable":true,"href":"https:\/\/soydeaqui.ddns.net\/pachuca\/index.php\/wp-json\/wp\/v2\/comments?post=56878"}],"wp:featuredmedia":[{"embeddable":true,"href":"https:\/\/soydeaqui.ddns.net\/pachuca\/index.php\/wp-json\/wp\/v2\/media\/56877"}],"wp:attachment":[{"href":"https:\/\/soydeaqui.ddns.net\/pachuca\/index.php\/wp-json\/wp\/v2\/media?parent=56878"}],"wp:term":[{"taxonomy":"product_brand","embeddable":true,"href":"https:\/\/soydeaqui.ddns.net\/pachuca\/index.php\/wp-json\/wp\/v2\/product_brand?post=56878"},{"taxonomy":"product_cat","embeddable":true,"href":"https:\/\/soydeaqui.ddns.net\/pachuca\/index.php\/wp-json\/wp\/v2\/product_cat?post=56878"},{"taxonomy":"product_tag","embeddable":true,"href":"https:\/\/soydeaqui.ddns.net\/pachuca\/index.php\/wp-json\/wp\/v2\/product_tag?post=56878"}],"curies":[{"name":"wp","href":"https:\/\/api.w.org\/{rel}","templated":true}]}}