{"id":56839,"date":"2026-03-19T03:38:06","date_gmt":"2026-03-19T03:38:06","guid":{"rendered":"https:\/\/soydeaqui.ddns.net\/pachuca\/index.php\/producto\/cable-marino-primario-12-awg-100-pies-color-purpura-chaqueta-pvc-resistente-a-llama-cobre-estanado-clase-k\/"},"modified":"2026-03-19T03:38:07","modified_gmt":"2026-03-19T03:38:07","slug":"cable-marino-primario-12-awg-100-pies-color-purpura-chaqueta-pvc-resistente-a-llama-cobre-estanado-clase-k","status":"publish","type":"product","link":"https:\/\/soydeaqui.ddns.net\/pachuca\/index.php\/producto\/cable-marino-primario-12-awg-100-pies-color-purpura-chaqueta-pvc-resistente-a-llama-cobre-estanado-clase-k\/","title":{"rendered":"Cable Marino Primario 12 AWG \/ 100 Pies \/ Color P\u00farpura \/ Chaqueta PVC Resistente a Llama \/ Cobre Esta\u00f1ado Clase K"},"content":{"rendered":"<div style='width: 100%; max-width: 1200px; margin: 0 auto; font-family: sans-serif; line-height: 1.6; color: inherit; background-color: transparent;'>\n<div style='display: flex; flex-wrap: wrap; gap: 30px; margin-bottom: 30px;'>\n<div style='flex: 1 1 300px; min-width: 280px;'>\n<h3 style='font-size: 22px; border-bottom: 2px solid currentColor; padding-bottom: 5px; margin-top: 0; color: inherit; opacity: 0.8;'>Descripci\u00f3n General<\/h3>\n<p style='font-size: 15px; color: inherit; line-height: 1.6;'>El cable marino primario de 12 AWG de Cobra es ideal para aplicaciones n\u00e1uticas&comma; ofreciendo aislamiento resistente y durabilidad mejorada frente a elementos corrosivos. Dise\u00f1ado para facilitar la instalaci\u00f3n debido a su flexibilidad excepcional&comma; es adecuado para condiciones secas y h\u00famedas&comma; garantizando un rendimiento \u00f3ptimo en entornos marinos exigentes.<\/p>\n<\/p><\/div>\n<\/p><\/div>\n<div style='display: flex; flex-wrap: wrap; gap: 20px; margin-bottom: 30px;'>\n<div style='flex: 1 1 250px; border: 1px solid rgba(150&comma; 150&comma; 150&comma; 0.4); border-radius: 8px; overflow: hidden; display: flex; flex-direction: column;'>\n<div style='padding: 15px; border-bottom: 1px solid rgba(150&comma; 150&comma; 150&comma; 0.2); font-weight: bold; font-size: 18px; color: inherit;'>Caracter\u00edsticas Principales<\/div>\n<div style='padding: 15px; color: inherit;'>\n<ul style='padding-left: 20px; margin: 0; font-size: 14px; list-style-type: disc;'>\n<li style='margin-bottom: 5px;'>Chaqueta de cloruro de polivinilo (PVC) retardante de llama&comma; resistente a la humedad&comma; abrasi\u00f3n&comma; \u00e1cido&comma; combustible diesel y aceite.<\/li>\n<li style='margin-bottom: 5px;'>Cobre esta\u00f1ado de clase K con resistencia a la corrosi\u00f3n por oxidaci\u00f3n y absorci\u00f3n de l\u00edquidos.<\/li>\n<li style='margin-bottom: 5px;'>Extremadamente flexible para facilitar el enrutamiento.<\/li>\n<li style='margin-bottom: 5px;'>Clasificaci\u00f3n de 600V para aplicaciones robustas.<\/li>\n<li style='margin-bottom: 5px;'>Calificaciones de temperatura de 105 grados C en seco y 75 grados C en mojado.<\/li>\n<\/ul><\/div>\n<\/p><\/div>\n<\/p><\/div>\n<div style='display: flex; flex-wrap: wrap; gap: 20px; margin-bottom: 30px;'>\n<div style='flex: 1 1 250px; border: 1px solid rgba(150&comma; 150&comma; 150&comma; 0.4); border-radius: 8px; overflow: hidden; display: flex; flex-direction: column;'>\n<div style='padding: 15px; border-bottom: 1px solid rgba(150&comma; 150&comma; 150&comma; 0.2); font-weight: bold; font-size: 18px; color: inherit;'>Especificaciones<\/div>\n<div style='padding: 15px; color: inherit;'>\n<ul style='padding-left: 20px; margin: 0; font-size: 14px; list-style-type: disc;'>\n<li style='margin-bottom: 5px;'>12 AWG de calibre de cable.<\/li>\n<li style='margin-bottom: 5px;'>100 pies de longitud por rollo.<\/li>\n<li style='margin-bottom: 5px;'>Grado marino.<\/li>\n<\/ul><\/div>\n<\/p><\/div>\n<div style='flex: 1 1 250px; border: 1px solid rgba(150&comma; 150&comma; 150&comma; 0.4); border-radius: 8px; overflow: hidden; display: flex; flex-direction: column;'>\n<div style='padding: 15px; border-bottom: 1px solid rgba(150&comma; 150&comma; 150&comma; 0.2); font-weight: bold; font-size: 18px; color: inherit;'>Interfaces y Conectividad<\/div>\n<div style='padding: 15px; color: inherit;'>\n<ul style='padding-left: 20px; margin: 0; font-size: 14px; list-style-type: disc;'>\n<li style='margin-bottom: 5px;'>Cumple con los est\u00e1ndares UL 1015&comma; UL 1028&comma; UL 1230 y UL 1231.<\/li>\n<\/ul><\/div>\n<\/p><\/div>\n<\/p><\/div>\n<div style='display: flex; flex-wrap: wrap; gap: 30px; margin-bottom: 30px;'>\n<div style='flex: 1 1 300px; min-width: 280px;'>\n<h3 style='font-size: 22px; border-bottom: 2px solid currentColor; padding-bottom: 5px; margin-top: 0; color: inherit; opacity: 0.8;'>Aplicaciones y Casos de Uso<\/h3>\n<p style='font-size: 15px; color: inherit; line-height: 1.6;'>Ideal para instalaciones en embarcaciones y entornos marinos donde la resistencia a la corrosi\u00f3n y la flexibilidad son esenciales.<\/p>\n<\/p><\/div>\n<\/p><\/div>\n<hr style='border: 0; border-top: 1px solid rgba(150&comma; 150&comma; 150&comma; 0.3); margin: 30px 0;'> <\/div>\n","protected":false},"excerpt":{"rendered":"<p>Cable Marino Primario 12 AWG \/ 100 Pies \/ Color P\u00farpura \/ Chaqueta PVC Resistente a Llama \/ Cobre Esta\u00f1ado Clase K<\/p>\n","protected":false},"featured_media":56838,"comment_status":"open","ping_status":"closed","template":"","meta":[],"product_brand":[],"product_cat":[1526],"product_tag":[182,1527,1172],"class_list":{"0":"post-56839","1":"product","2":"type-product","3":"status-publish","4":"has-post-thumbnail","6":"product_cat-sistema-de-navegacion","7":"product_tag-cobra-wire-cable","8":"product_tag-sistema-de-navegacion","9":"product_tag-soluciones-marinas","11":"first","12":"outofstock","13":"sale","14":"shipping-taxable","15":"purchasable","16":"product-type-simple"},"_links":{"self":[{"href":"https:\/\/soydeaqui.ddns.net\/pachuca\/index.php\/wp-json\/wp\/v2\/product\/56839","targetHints":{"allow":["GET"]}}],"collection":[{"href":"https:\/\/soydeaqui.ddns.net\/pachuca\/index.php\/wp-json\/wp\/v2\/product"}],"about":[{"href":"https:\/\/soydeaqui.ddns.net\/pachuca\/index.php\/wp-json\/wp\/v2\/types\/product"}],"replies":[{"embeddable":true,"href":"https:\/\/soydeaqui.ddns.net\/pachuca\/index.php\/wp-json\/wp\/v2\/comments?post=56839"}],"wp:featuredmedia":[{"embeddable":true,"href":"https:\/\/soydeaqui.ddns.net\/pachuca\/index.php\/wp-json\/wp\/v2\/media\/56838"}],"wp:attachment":[{"href":"https:\/\/soydeaqui.ddns.net\/pachuca\/index.php\/wp-json\/wp\/v2\/media?parent=56839"}],"wp:term":[{"taxonomy":"product_brand","embeddable":true,"href":"https:\/\/soydeaqui.ddns.net\/pachuca\/index.php\/wp-json\/wp\/v2\/product_brand?post=56839"},{"taxonomy":"product_cat","embeddable":true,"href":"https:\/\/soydeaqui.ddns.net\/pachuca\/index.php\/wp-json\/wp\/v2\/product_cat?post=56839"},{"taxonomy":"product_tag","embeddable":true,"href":"https:\/\/soydeaqui.ddns.net\/pachuca\/index.php\/wp-json\/wp\/v2\/product_tag?post=56839"}],"curies":[{"name":"wp","href":"https:\/\/api.w.org\/{rel}","templated":true}]}}