{"id":56828,"date":"2026-03-19T03:37:46","date_gmt":"2026-03-19T03:37:46","guid":{"rendered":"https:\/\/soydeaqui.ddns.net\/pachuca\/index.php\/producto\/gabinete-de-montaje-en-pared-l-box-914-x-610-x-313-mm-de-acero-6-ur-color-gris\/"},"modified":"2026-03-19T03:37:47","modified_gmt":"2026-03-19T03:37:47","slug":"gabinete-de-montaje-en-pared-l-box-914-x-610-x-313-mm-de-acero-6-ur-color-gris","status":"publish","type":"product","link":"https:\/\/soydeaqui.ddns.net\/pachuca\/index.php\/producto\/gabinete-de-montaje-en-pared-l-box-914-x-610-x-313-mm-de-acero-6-ur-color-gris\/","title":{"rendered":"Gabinete de Montaje en Pared L-Box, 914 x 610 x 313 mm, de Acero, 6 UR, Color gris"},"content":{"rendered":"<div style='width: 100%; max-width: 1200px; margin: 0 auto; font-family: sans-serif; line-height: 1.6; color: inherit; background-color: transparent;'> <!-- Descripci\u00f3n general --> <\/p>\n<div style='margin-bottom: 30px;'>\n<p style='font-size: 15px; color: inherit; margin: 0 0 15px;'>El gabinete de montaje en pared L-Box&comma; de perfil bajo y orientado verticalmente&comma; es extremadamente vers\u00e1til y puede usarse en entornos p\u00fablicos para montar&comma; almacenar y proteger equipos de red&comma; paneles de conexi\u00f3n y conexiones. La puerta con bisagras en forma de L proporciona acceso completo por dos lados al equipo instalado&comma; mientras que los rieles de rack fijos se adaptan a diferentes tama\u00f1os de equipos.<\/p>\n<\/p><\/div>\n<p> <!-- Caracter\u00edsticas principales --> <\/p>\n<div style='display: flex; flex-wrap: wrap; gap: 30px; margin-bottom: 30px;'>\n<div style='flex: 1 1 300px; min-width: 280px;'>\n<h3 style='font-size: 22px; border-bottom: 2px solid currentColor; padding-bottom: 5px; margin-top: 0; color: inherit; opacity: 0.8;'>Caracter\u00edsticas principales<\/h3>\n<ul style='padding-left: 20px; font-size: 15px; color: inherit;'>\n<li style='margin-bottom: 5px;'>Los pasadores de bisagra autoretenidos con resorte permiten retirar la puerta<\/li>\n<li style='margin-bottom: 5px;'>Apertura de puerta de 120 grados para m\u00e1ximo acceso al equipo<\/li>\n<li style='margin-bottom: 5px;'>Pestillos de cuarto de vuelta con cerradura de llave<\/li>\n<li style='margin-bottom: 5px;'>Se incluye un juego de rieles de rack fijos en los modelos de 24 y 36 pulgadas (610 y 914 mm) de altura y dos en los modelos de 48 pulgadas (1219 mm) de altura<\/li>\n<li style='margin-bottom: 5px;'>Los rieles de rack en los modelos de 36 pulgadas (914 mm) se pueden colocar en la parte superior o inferior del gabinete<\/li>\n<li style='margin-bottom: 5px;'>Los modelos de 36 y 48 pulgadas (914 y 1219 mm) de altura tienen espacio para paneles de conexi\u00f3n o soportes para rack<\/li>\n<li style='margin-bottom: 5px;'>Perforaciones para ventilador de 4 pulgadas (102 mm) en la parte superior e inferior del gabinete<\/li>\n<li style='margin-bottom: 5px;'>Orificios para cableado (7\/8 pulgadas&comma; 1-3\/8 pulgadas y 3 pulgadas) en la parte superior e inferior del gabinete y dos orificios ciegos para entrada de cables de 3 pulgadas en la parte posterior<\/li>\n<li style='margin-bottom: 5px;'>M\u00faltiples puntos para sujetar cables en la parte posterior del gabinete<\/li>\n<li style='margin-bottom: 5px;'>Ranuras de montaje en forma de cerradura espaciadas a 16 pulgadas (406 mm) en el centro para facilitar el montaje del gabinete<\/li>\n<\/ul><\/div>\n<\/p><\/div>\n<p> <!-- Separador --> <\/p>\n<hr style='border: 0; border-top: 1px solid rgba(150&comma; 150&comma; 150&comma; 0.3); margin: 30px 0;'> <!-- Especificaciones t\u00e9cnicas --> <\/p>\n<div style='display: flex; flex-wrap: wrap; gap: 20px; margin-bottom: 30px;'>\n<div style='flex: 1 1 250px; border: 1px solid rgba(150&comma; 150&comma; 150&comma; 0.4); border-radius: 8px; overflow: hidden; display: flex; flex-direction: column;'>\n<div style='padding: 15px; border-bottom: 1px solid rgba(150&comma; 150&comma; 150&comma; 0.2); font-weight: bold; font-size: 18px; color: inherit;'>Especificaciones T\u00e9cnicas<\/div>\n<div style='padding: 15px; color: inherit;'>\n<ul style='padding-left: 20px; margin: 0; font-size: 14px; list-style-type: disc;'>\n<li style='margin-bottom: 5px;'><strong>Material:<\/strong> Acero<\/li>\n<li style='margin-bottom: 5px;'><strong>Acabado:<\/strong> con recubrimiento en polvo<\/li>\n<li style='margin-bottom: 5px;'><strong>Color:<\/strong> Gris claro<\/li>\n<li style='margin-bottom: 5px;'><strong>C\u00f3digo de color:<\/strong> RAL 7035<\/li>\n<li style='margin-bottom: 5px;'><strong>Unidades de Rack:<\/strong> 6<\/li>\n<li style='margin-bottom: 5px;'><strong>Altura:<\/strong> 914 mm<\/li>\n<li style='margin-bottom: 5px;'><strong>Ancho:<\/strong> 610 mm<\/li>\n<li style='margin-bottom: 5px;'><strong>Profundidad:<\/strong> 313 mm<\/li>\n<li style='margin-bottom: 5px;'><strong>Espesor:<\/strong> 1.9 mm<\/li>\n<li style='margin-bottom: 5px;'><strong>Peso:<\/strong> 27.21 kg<\/li>\n<\/ul><\/div>\n<\/p><\/div>\n<\/p><\/div>\n<\/p><\/div>\n","protected":false},"excerpt":{"rendered":"<p>Gabinete de Montaje en Pared L-Box, 914 x 610 x 313 mm, de Acero, 6 UR, Color gris<\/p>\n","protected":false},"featured_media":56827,"comment_status":"open","ping_status":"closed","template":"","meta":[],"product_brand":[],"product_cat":[623],"product_tag":[698,624,605],"class_list":{"0":"post-56828","1":"product","2":"type-product","3":"status-publish","4":"has-post-thumbnail","6":"product_cat-racks-cerrados","7":"product_tag-hoffman","8":"product_tag-racks-cerrados","9":"product_tag-racks-y-gabinetes","11":"first","12":"outofstock","13":"sale","14":"shipping-taxable","15":"purchasable","16":"product-type-simple"},"_links":{"self":[{"href":"https:\/\/soydeaqui.ddns.net\/pachuca\/index.php\/wp-json\/wp\/v2\/product\/56828","targetHints":{"allow":["GET"]}}],"collection":[{"href":"https:\/\/soydeaqui.ddns.net\/pachuca\/index.php\/wp-json\/wp\/v2\/product"}],"about":[{"href":"https:\/\/soydeaqui.ddns.net\/pachuca\/index.php\/wp-json\/wp\/v2\/types\/product"}],"replies":[{"embeddable":true,"href":"https:\/\/soydeaqui.ddns.net\/pachuca\/index.php\/wp-json\/wp\/v2\/comments?post=56828"}],"wp:featuredmedia":[{"embeddable":true,"href":"https:\/\/soydeaqui.ddns.net\/pachuca\/index.php\/wp-json\/wp\/v2\/media\/56827"}],"wp:attachment":[{"href":"https:\/\/soydeaqui.ddns.net\/pachuca\/index.php\/wp-json\/wp\/v2\/media?parent=56828"}],"wp:term":[{"taxonomy":"product_brand","embeddable":true,"href":"https:\/\/soydeaqui.ddns.net\/pachuca\/index.php\/wp-json\/wp\/v2\/product_brand?post=56828"},{"taxonomy":"product_cat","embeddable":true,"href":"https:\/\/soydeaqui.ddns.net\/pachuca\/index.php\/wp-json\/wp\/v2\/product_cat?post=56828"},{"taxonomy":"product_tag","embeddable":true,"href":"https:\/\/soydeaqui.ddns.net\/pachuca\/index.php\/wp-json\/wp\/v2\/product_tag?post=56828"}],"curies":[{"name":"wp","href":"https:\/\/api.w.org\/{rel}","templated":true}]}}