{"id":56824,"date":"2026-03-19T03:37:38","date_gmt":"2026-03-19T03:37:38","guid":{"rendered":"https:\/\/soydeaqui.ddns.net\/pachuca\/index.php\/producto\/pedestal-de-radar-halo-2000-series-certificacion-fcc-ic-red-consumo-maximo-de-energia-235w-voltaje-de-suministro-12-o-24-v-dc-rango-maximo-de-72-nm-ipx6\/"},"modified":"2026-03-19T03:37:39","modified_gmt":"2026-03-19T03:37:39","slug":"pedestal-de-radar-halo-2000-series-certificacion-fcc-ic-red-consumo-maximo-de-energia-235w-voltaje-de-suministro-12-o-24-v-dc-rango-maximo-de-72-nm-ipx6","status":"publish","type":"product","link":"https:\/\/soydeaqui.ddns.net\/pachuca\/index.php\/producto\/pedestal-de-radar-halo-2000-series-certificacion-fcc-ic-red-consumo-maximo-de-energia-235w-voltaje-de-suministro-12-o-24-v-dc-rango-maximo-de-72-nm-ipx6\/","title":{"rendered":"Pedestal de Radar HALO 2000 SERIES \/ Certificaci\u00f3n FCC-IC-RED \/ Consumo M\u00e1ximo de Energ\u00eda 235W \/ Voltaje de Suministro 12 o 24 V DC \/ Rango M\u00e1ximo de 72 nm \/ IPX6 \/"},"content":{"rendered":"<div style='width: 100%; max-width: 1200px; margin: 0 auto; font-family: sans-serif; line-height: 1.6; color: inherit; background-color: transparent;'>\n<div style='display: flex; flex-wrap: wrap; gap: 30px; margin-bottom: 30px;'>\n<div style='flex: 1 1 300px; min-width: 280px;'>\n<h3 style='font-size: 22px; border-bottom: 2px solid currentColor; padding-bottom: 5px; margin-top: 0; color: inherit; opacity: 0.8;'>Caracter\u00edsticas Principales<\/h3>\n<ul style='padding-left: 20px; font-size: 15px; color: inherit;'>\n<li style='margin-bottom: 5px;'>Cumple con certificaciones FCC\/IC\/RED.<\/li>\n<li style='margin-bottom: 5px;'>Alta flexibilidad de operaci\u00f3n en voltajes 12 o 24 V DC.<\/li>\n<li style='margin-bottom: 5px;'>Consumo energ\u00e9tico eficiente con un promedio de 45-60W.<\/li>\n<li style='margin-bottom: 5px;'>Excelente resistencia a condiciones adversas con \u00edndice de protecci\u00f3n IPX6.<\/li>\n<li style='margin-bottom: 5px;'>Amplio rango de operaci\u00f3n hasta 72 nm y respuesta a condiciones de alta velocidad de viento hasta 80 nudos.<\/li>\n<li style='margin-bottom: 5px;'>Compatibilidad con modos de visualizaci\u00f3n Head Up y North Up.<\/li>\n<\/ul><\/div>\n<\/p><\/div>\n<div style='display: flex; flex-wrap: wrap; gap: 20px; margin-bottom: 30px;'>\n<div style='flex: 1 1 250px; border: 1px solid rgba(150&comma; 150&comma; 150&comma; 0.4); border-radius: 8px; overflow: hidden; display: flex; flex-direction: column;'>\n<div style='padding: 15px; border-bottom: 1px solid rgba(150&comma; 150&comma; 150&comma; 0.2); font-weight: bold; font-size: 18px; color: inherit;'>Especificaciones<\/div>\n<div style='padding: 15px; color: inherit;'>\n<ul style='padding-left: 20px; margin: 0; font-size: 14px; list-style-type: disc;'>\n<li style='margin-bottom: 5px;'><strong>Consumo m\u00e1ximo de energ\u00eda:<\/strong> 235 W (peak&comma; 12V)<\/li>\n<li style='margin-bottom: 5px;'><strong>Rango de temperatura de operaci\u00f3n:<\/strong> -25\u00b0C a +55\u00b0C<\/li>\n<li style='margin-bottom: 5px;'><strong>Peso:<\/strong> 20.3 Kg<\/li>\n<li style='margin-bottom: 5px;'><strong>Dimensiones:<\/strong> 324 mm x 429 mm x 339 mm<\/li>\n<\/ul><\/div>\n<\/p><\/div>\n<div style='flex: 1 1 250px; border: 1px solid rgba(150&comma; 150&comma; 150&comma; 0.4); border-radius: 8px; overflow: hidden; display: flex; flex-direction: column;'>\n<div style='padding: 15px; border-bottom: 1px solid rgba(150&comma; 150&comma; 150&comma; 0.2); font-weight: bold; font-size: 18px; color: inherit;'>Interfaces y Conectividad<\/div>\n<div style='padding: 15px; color: inherit;'>\n<ul style='padding-left: 20px; margin: 0; font-size: 14px; list-style-type: disc;'>\n<li style='margin-bottom: 5px;'><strong>Voltaje de entrada sistema:<\/strong> 12 o 24 V DC<\/li>\n<li style='margin-bottom: 5px;'><strong>Voltaje de entrada pedestal:<\/strong> 50 V DC nominal<\/li>\n<li style='margin-bottom: 5px;'><strong>Distancia de seguridad de br\u00fajula:<\/strong> 1.0 m est\u00e1ndar&comma; 0.5 m para direcci\u00f3n<\/li>\n<li style='margin-bottom: 5px;'><strong>Tasa de rotaci\u00f3n:<\/strong> 16 a 48 rpm dependiendo del modo de operaci\u00f3n<\/li>\n<\/ul><\/div>\n<\/p><\/div>\n<\/p><\/div>\n<div style='display: flex; flex-wrap: wrap; gap: 30px; margin-bottom: 30px;'>\n<div style='flex: 1 1 300px; min-width: 280px;'>\n<h3 style='font-size: 22px; border-bottom: 2px solid currentColor; padding-bottom: 5px; margin-top: 0; color: inherit; opacity: 0.8;'>Aplicaciones y Casos de Uso<\/h3>\n<ul style='padding-left: 20px; font-size: 15px; color: inherit;'>\n<li style='margin-bottom: 5px;'>Ideal para operaciones de navegaci\u00f3n en condiciones extremas de viento y mar.<\/li>\n<li style='margin-bottom: 5px;'>Aplicaciones donde se requiera m\u00e1xima precisi\u00f3n en la detecci\u00f3n de objetos a larga distancia.<\/li>\n<li style='margin-bottom: 5px;'>Aptos para embarcaciones comerciales y recreativas que necesitan un sistema de radar vers\u00e1til y robusto.<\/li>\n<\/ul><\/div>\n<\/p><\/div>\n<hr style='border: 0; border-top: 1px solid rgba(150&comma; 150&comma; 150&comma; 0.3); margin: 30px 0;'> <\/div>\n","protected":false},"excerpt":{"rendered":"<p>Pedestal de Radar HALO 2000 SERIES \/ Certificaci\u00f3n FCC-IC-RED \/ Consumo M\u00e1ximo de Energ\u00eda 235W \/ Voltaje de Suministro 12 o 24 V DC \/ Rango M\u00e1ximo de 72 nm \/ IPX6 \/<\/p>\n","protected":false},"featured_media":56823,"comment_status":"open","ping_status":"closed","template":"","meta":[],"product_brand":[],"product_cat":[1526],"product_tag":[1505,1527,1172],"class_list":{"0":"post-56824","1":"product","2":"type-product","3":"status-publish","4":"has-post-thumbnail","6":"product_cat-sistema-de-navegacion","7":"product_tag-simrad","8":"product_tag-sistema-de-navegacion","9":"product_tag-soluciones-marinas","11":"first","12":"outofstock","13":"sale","14":"shipping-taxable","15":"purchasable","16":"product-type-simple"},"_links":{"self":[{"href":"https:\/\/soydeaqui.ddns.net\/pachuca\/index.php\/wp-json\/wp\/v2\/product\/56824","targetHints":{"allow":["GET"]}}],"collection":[{"href":"https:\/\/soydeaqui.ddns.net\/pachuca\/index.php\/wp-json\/wp\/v2\/product"}],"about":[{"href":"https:\/\/soydeaqui.ddns.net\/pachuca\/index.php\/wp-json\/wp\/v2\/types\/product"}],"replies":[{"embeddable":true,"href":"https:\/\/soydeaqui.ddns.net\/pachuca\/index.php\/wp-json\/wp\/v2\/comments?post=56824"}],"wp:featuredmedia":[{"embeddable":true,"href":"https:\/\/soydeaqui.ddns.net\/pachuca\/index.php\/wp-json\/wp\/v2\/media\/56823"}],"wp:attachment":[{"href":"https:\/\/soydeaqui.ddns.net\/pachuca\/index.php\/wp-json\/wp\/v2\/media?parent=56824"}],"wp:term":[{"taxonomy":"product_brand","embeddable":true,"href":"https:\/\/soydeaqui.ddns.net\/pachuca\/index.php\/wp-json\/wp\/v2\/product_brand?post=56824"},{"taxonomy":"product_cat","embeddable":true,"href":"https:\/\/soydeaqui.ddns.net\/pachuca\/index.php\/wp-json\/wp\/v2\/product_cat?post=56824"},{"taxonomy":"product_tag","embeddable":true,"href":"https:\/\/soydeaqui.ddns.net\/pachuca\/index.php\/wp-json\/wp\/v2\/product_tag?post=56824"}],"curies":[{"name":"wp","href":"https:\/\/api.w.org\/{rel}","templated":true}]}}