{"id":56660,"date":"2026-03-19T03:32:18","date_gmt":"2026-03-19T03:32:18","guid":{"rendered":"https:\/\/soydeaqui.ddns.net\/pachuca\/index.php\/producto\/callbox-hd-series-intercomunicador-bidireccional-800mw-2w-potencia-transmision-audio-ajustable-enclosure-fibra-de-vidrio-vandal-resistente-ip65-mensajes-de-voz-grabables-control-de-acc\/"},"modified":"2026-03-19T03:32:19","modified_gmt":"2026-03-19T03:32:19","slug":"callbox-hd-series-intercomunicador-bidireccional-800mw-2w-potencia-transmision-audio-ajustable-enclosure-fibra-de-vidrio-vandal-resistente-ip65-mensajes-de-voz-grabables-control-de-acc","status":"publish","type":"product","link":"https:\/\/soydeaqui.ddns.net\/pachuca\/index.php\/producto\/callbox-hd-series-intercomunicador-bidireccional-800mw-2w-potencia-transmision-audio-ajustable-enclosure-fibra-de-vidrio-vandal-resistente-ip65-mensajes-de-voz-grabables-control-de-acc\/","title":{"rendered":"Callbox HD Series \/ Intercomunicador Bidireccional \/ 800mW-2W Potencia Transmisi\u00f3n \/ Audio Ajustable \/ Enclosure Fibra de Vidrio \/ Vandal-Resistente \/ IP65 \/ Mensajes de Voz Grabables \/ Control de Acceso por Relay \/ Sensor Input"},"content":{"rendered":"<div style='width: 100%; max-width: 1200px; margin: 0 auto; font-family: sans-serif; line-height: 1.6; color: inherit; background-color: transparent;'>\n<div style='margin-bottom: 30px;'>\n<h2 style='font-size: 28px; margin-bottom: 10px; color: inherit; font-weight: normal;'> <img style='width: 100%; height: auto; border: 1px solid rgba(150&comma;150&comma;150&comma;0.3); border-radius: 8px;' src='http:\/\/ftp3.syscom.mx\/usuarios\/ftp\/2026\/01\/29\/1550\/1769700125125.png_froala_697b7b1d55693' alt='Callbox RQX Serie HD'> <\/h2>\n<h2 style='font-size: 28px; margin-bottom: 10px; color: inherit; font-weight: normal;'> <strong>Callbox RQX Serie HD<\/strong> <\/h2>\n<p style='text-align: justify; font-size: 16px; color: inherit; opacity: 0.9;'> El Callbox HD Series de Ritron es un intercomunicador bidireccional profesional dise\u00f1ado para aplicaciones de comunicaci\u00f3n cr\u00edtica en entornos exigentes. Fabricado en USA&comma; ofrece un rendimiento de radio mejorado con potencia de transmisi\u00f3n configurable de 800mW en bater\u00eda o 2W con alimentaci\u00f3n AC. Su Carcasa de fibra de vidrio reforzada proporciona resistencia contra vandalismo y condiciones clim\u00e1ticas adversas&comma; con certificaci\u00f3n IP65 mediante juntas estancas. El sistema incluye funcionalidades avanzadas como mensajes de voz grabables&comma; relay integrado para control de acceso&comma; entrada de sensor y audio de alta intensidad ajustable&comma; ideal para aplicaciones en seguridad perimetral&comma; control de accesos y comunicaciones industriales. <\/p>\n<\/p><\/div>\n<div style='display: flex; flex-wrap: wrap; gap: 30px; margin-bottom: 30px;'>\n<div style='flex: 1 1 300px; min-width: 280px;'>\n<h3 style='font-size: 22px; border-bottom: 2px solid currentColor; padding-bottom: 5px; margin-top: 0; color: inherit; opacity: 0.8;'>Caracter\u00edsticas Generales<\/h3>\n<ul style='padding-left: 20px; font-size: 15px; color: inherit;'>\n<li style='margin-bottom: 5px;'><strong>Tipo:<\/strong> Intercomunicador Bidireccional (Callbox)<\/li>\n<li style='margin-bottom: 5px;'><strong>Serie:<\/strong> HD Series (Mejorado vs versi\u00f3n XT)<\/li>\n<li style='margin-bottom: 5px;'><strong>Rango:<\/strong> Rendimiento de radio mejorado<\/li>\n<li style='margin-bottom: 5px;'><strong>Audio:<\/strong> Salida de audio alta y f\u00e1cil de escuchar (ajustable)<\/li>\n<li style='margin-bottom: 5px;'><strong>Enclosure:<\/strong> Fibra de vidrio reforzada&comma; Anti vandalismo<\/li>\n<li style='margin-bottom: 5px;'><strong>Protecci\u00f3n:<\/strong> protecci\u00f3n a la intemperie&comma; sellado con juntas (IP65)<\/li>\n<li style='margin-bottom: 5px;'><strong>Puerta:<\/strong> Bisagras de seguridad<\/li>\n<li style='margin-bottom: 5px;'><strong>Antena:<\/strong> Integrada&comma; con opci\u00f3n para antena externa<\/li>\n<li style='margin-bottom: 5px;'><strong>Relay:<\/strong> Integrado para control de acceso remoto (controladores de puerta) o accesorio de luz estrobosc\u00f3pica<\/li>\n<li style='margin-bottom: 5px;'><strong>Mensajes de Voz:<\/strong> Grabables (saludo&comma; alerta&comma; bater\u00eda baja&comma; fallo de energ\u00eda)<\/li>\n<li style='margin-bottom: 5px;'><strong>Entrada de Sensor:<\/strong> Open\/Close con mensaje de voz grabable&comma; auto-transmisi\u00f3n en detecci\u00f3n de sensor<\/li>\n<li style='margin-bottom: 5px;'><strong>Alimentaci\u00f3n:<\/strong> Bater\u00edas alcalinas (apagado autom\u00e1tico) o alimentaci\u00f3n externa para siempre encendido con adaptador AC opcional (pn RPS-EXPO)<\/li>\n<\/ul><\/div>\n<\/p><\/div>\n<div style='display: flex; flex-wrap: wrap; gap: 20px; margin-bottom: 30px;'>\n<div style='flex: 1 1 250px; border: 1px solid rgba(150&comma; 150&comma; 150&comma; 0.4); border-radius: 8px; overflow: hidden; display: flex; flex-direction: column;'>\n<div style='padding: 15px; border-bottom: 1px solid rgba(150&comma; 150&comma; 150&comma; 0.2); font-weight: bold; font-size: 18px; color: inherit;'>Desempe\u00f1o y Radio<\/div>\n<div style='padding: 15px; color: inherit;'>\n<ul style='padding-left: 20px; margin: 0; font-size: 14px; list-style-type: disc;'>\n<li style='margin-bottom: 5px;'><strong>Potencia de Transmisi\u00f3n:<\/strong> 800mW (Bater\u00eda) \/ 2 Watt (AC)<\/li>\n<li style='margin-bottom: 5px;'><strong>Rango:<\/strong> Rendimiento de radio mejorado<\/li>\n<li style='margin-bottom: 5px;'><strong>Compatibilidad:<\/strong> Funciona con radios bidireccionales de banda comercial<\/li>\n<li style='margin-bottom: 5px;'><strong>Audio Output:<\/strong> Gran potencia de audio&comma; f\u00e1cil de escuchar (ajustable)<\/li>\n<\/ul><\/div>\n<\/p><\/div>\n<div style='flex: 1 1 250px; border: 1px solid rgba(150&comma; 150&comma; 150&comma; 0.4); border-radius: 8px; overflow: hidden; display: flex; flex-direction: column;'>\n<div style='padding: 15px; border-bottom: 1px solid rgba(150&comma; 150&comma; 150&comma; 0.2); font-weight: bold; font-size: 18px; color: inherit;'>F\u00edsicas y El\u00e9ctricas<\/div>\n<div style='padding: 15px; color: inherit;'>\n<ul style='padding-left: 20px; margin: 0; font-size: 14px; list-style-type: disc;'>\n<li style='margin-bottom: 5px;'><strong>Alimentaci\u00f3n:<\/strong> Bater\u00edas alcalinas D Cell \/ 12V DC externo<\/li>\n<li style='margin-bottom: 5px;'><strong>Dimensiones:<\/strong> 8&#8242; x 6&#8242; x 4&#8242; (20.3 x 15.2 x 10.2 cm)<\/li>\n<li style='margin-bottom: 5px;'><strong>Material:<\/strong> Carcasa reforzada con fibra de vidrio<\/li>\n<li style='margin-bottom: 5px;'><strong>Protecci\u00f3n:<\/strong> Certificaci\u00f3n IP65<\/li>\n<li style='margin-bottom: 5px;'><strong>Puerta:<\/strong> Abatible con cierres de seguridad cautivos<\/li>\n<\/ul><\/div>\n<\/p><\/div>\n<div style='flex: 1 1 250px; border: 1px solid rgba(150&comma; 150&comma; 150&comma; 0.4); border-radius: 8px; overflow: hidden; display: flex; flex-direction: column;'>\n<div style='padding: 15px; border-bottom: 1px solid rgba(150&comma; 150&comma; 150&comma; 0.2); font-weight: bold; font-size: 18px; color: inherit;'>Contenido del Paquete<\/div>\n<div style='padding: 15px; color: inherit;'>\n<ul style='padding-left: 20px; margin: 0; font-size: 14px; list-style-type: disc;'>\n<li style='margin-bottom: 5px;'>HD Callbox (8&#8242; x 6&#8242; x 4&#8242;)<\/li>\n<li style='margin-bottom: 5px;'>Pesta\u00f1as de montaje (4 unidades)<\/li>\n<li style='margin-bottom: 5px;'>12V DC Power\/Relay Cable Harness<\/li>\n<li style='margin-bottom: 5px;'>D Cell Battery Holder<\/li>\n<li style='margin-bottom: 5px;'>Enclosure con puerta bisagrada<\/li>\n<\/ul><\/div>\n<\/p><\/div>\n<\/p><\/div>\n<div style='display: flex; flex-wrap: wrap; gap: 20px; margin-bottom: 30px;'>\n<div style='flex: 1 1 250px; border: 1px solid rgba(150&comma; 150&comma; 150&comma; 0.4); border-radius: 8px; overflow: hidden; display: flex; flex-direction: column;'>\n<div style='padding: 15px; border-bottom: 1px solid rgba(150&comma; 150&comma; 150&comma; 0.2); font-weight: bold; font-size: 18px; color: inherit;'>Modelos Disponibles<\/div>\n<div style='padding: 15px; color: inherit;'>\n<ul style='padding-left: 20px; margin: 0; font-size: 14px; list-style-type: disc;'>\n<li style='margin-bottom: 5px;'><strong>RQX-427-HD:<\/strong> Analog&comma; UHF<\/li>\n<li style='margin-bottom: 5px;'><strong>RQX-417NX-HD:<\/strong> NXDN Digital\/Analog&comma; UHF<\/li>\n<li style='margin-bottom: 5px;'><strong>RQX-417DMR-HD:<\/strong> DMR Digital&comma; UHF<\/li>\n<\/ul><\/div>\n<\/p><\/div>\n<div style='flex: 1 1 250px; border: 1px solid rgba(150&comma; 150&comma; 150&comma; 0.4); border-radius: 8px; overflow: hidden; display: flex; flex-direction: column;'>\n<div style='padding: 15px; border-bottom: 1px solid rgba(150&comma; 150&comma; 150&comma; 0.2); font-weight: bold; font-size: 18px; color: inherit;'>Aplicaciones<\/div>\n<div style='padding: 15px; color: inherit;'>\n<ul style='padding-left: 20px; margin: 0; font-size: 14px; list-style-type: disc;'>\n<li style='margin-bottom: 5px;'>Escuelas<\/li>\n<li style='margin-bottom: 5px;'>Construcci\u00f3n<\/li>\n<li style='margin-bottom: 5px;'>Centros de salud<\/li>\n<li style='margin-bottom: 5px;'>Almacenes<\/li>\n<li style='margin-bottom: 5px;'>Control de Accesos<\/li>\n<li style='margin-bottom: 5px;'>Comunicaciones Industriales<\/li>\n<\/ul><\/div>\n<\/p><\/div>\n<div style='flex: 1 1 250px; border: 1px solid rgba(150&comma; 150&comma; 150&comma; 0.4); border-radius: 8px; overflow: hidden; display: flex; flex-direction: column;'>\n<div style='padding: 15px; border-bottom: 1px solid rgba(150&comma; 150&comma; 150&comma; 0.2); font-weight: bold; font-size: 18px; color: inherit;'>Accesorios Opcionales<\/div>\n<div style='padding: 15px; color: inherit;'>\n<ul style='padding-left: 20px; margin: 0; font-size: 14px; list-style-type: disc;'>\n<li style='margin-bottom: 5px;'><strong>RQX-HDMK:<\/strong> Montaje de pared opcional<\/li>\n<li style='margin-bottom: 5px;'><strong>RPS-EXPO:<\/strong> Adaptador opcional (110-220VAC to 12VDC)<\/li>\n<\/ul><\/div>\n<\/p><\/div>\n<\/p><\/div>\n<div style='display: flex; flex-wrap: wrap; gap: 20px; margin-bottom: 30px;'>\n<div style='flex: 1 1 200px;'>\n<h4 style='font-size: 16px; font-weight: bold; text-transform: uppercase; opacity: 0.8; color: inherit;'>&nbsp;<\/h4>\n<\/p><\/div>\n<\/p><\/div>\n<\/p><\/div>\n","protected":false},"excerpt":{"rendered":"<p>Callbox HD Series \/ Intercomunicador Bidireccional \/ 800mW-2W Potencia Transmisi\u00f3n \/ Audio Ajustable \/ Enclosure Fibra de Vidrio \/ Vandal-Resistente \/ IP65 \/ Mensajes de Voz Grabables \/ Control de Acceso por Relay \/ Sensor Input<\/p>\n","protected":false},"featured_media":56659,"comment_status":"open","ping_status":"closed","template":"","meta":[],"product_brand":[],"product_cat":[1545],"product_tag":[1546,1548,1547],"class_list":{"0":"post-56660","1":"product","2":"type-product","3":"status-publish","4":"has-post-thumbnail","6":"product_cat-voceo-monitoreo-remoto","7":"product_tag-aplicaciones-y-soluciones","8":"product_tag-ritron","9":"product_tag-voceo-monitoreo-remoto","11":"first","12":"instock","13":"sale","14":"shipping-taxable","15":"purchasable","16":"product-type-simple"},"_links":{"self":[{"href":"https:\/\/soydeaqui.ddns.net\/pachuca\/index.php\/wp-json\/wp\/v2\/product\/56660","targetHints":{"allow":["GET"]}}],"collection":[{"href":"https:\/\/soydeaqui.ddns.net\/pachuca\/index.php\/wp-json\/wp\/v2\/product"}],"about":[{"href":"https:\/\/soydeaqui.ddns.net\/pachuca\/index.php\/wp-json\/wp\/v2\/types\/product"}],"replies":[{"embeddable":true,"href":"https:\/\/soydeaqui.ddns.net\/pachuca\/index.php\/wp-json\/wp\/v2\/comments?post=56660"}],"wp:featuredmedia":[{"embeddable":true,"href":"https:\/\/soydeaqui.ddns.net\/pachuca\/index.php\/wp-json\/wp\/v2\/media\/56659"}],"wp:attachment":[{"href":"https:\/\/soydeaqui.ddns.net\/pachuca\/index.php\/wp-json\/wp\/v2\/media?parent=56660"}],"wp:term":[{"taxonomy":"product_brand","embeddable":true,"href":"https:\/\/soydeaqui.ddns.net\/pachuca\/index.php\/wp-json\/wp\/v2\/product_brand?post=56660"},{"taxonomy":"product_cat","embeddable":true,"href":"https:\/\/soydeaqui.ddns.net\/pachuca\/index.php\/wp-json\/wp\/v2\/product_cat?post=56660"},{"taxonomy":"product_tag","embeddable":true,"href":"https:\/\/soydeaqui.ddns.net\/pachuca\/index.php\/wp-json\/wp\/v2\/product_tag?post=56660"}],"curies":[{"name":"wp","href":"https:\/\/api.w.org\/{rel}","templated":true}]}}