{"id":56207,"date":"2026-03-19T03:17:28","date_gmt":"2026-03-19T03:17:28","guid":{"rendered":"https:\/\/soydeaqui.ddns.net\/pachuca\/index.php\/producto\/luz-led-color-rojo-de-advertencia-con-patron-de-destello-flasheante-fijo-para-zonas-peligrosas-con-buzzer-incluido-a-105-db-de-24-vcd\/"},"modified":"2026-03-19T03:17:29","modified_gmt":"2026-03-19T03:17:29","slug":"luz-led-color-rojo-de-advertencia-con-patron-de-destello-flasheante-fijo-para-zonas-peligrosas-con-buzzer-incluido-a-105-db-de-24-vcd","status":"publish","type":"product","link":"https:\/\/soydeaqui.ddns.net\/pachuca\/index.php\/producto\/luz-led-color-rojo-de-advertencia-con-patron-de-destello-flasheante-fijo-para-zonas-peligrosas-con-buzzer-incluido-a-105-db-de-24-vcd\/","title":{"rendered":"Luz LED color Rojo de advertencia con patr\u00f3n de destello flasheante\/fijo para zonas peligrosas con buzzer incluido a 105 dB. de 24 VCD"},"content":{"rendered":"<div style='width: 100%; max-width: 1200px; margin: 0 auto; font-family: sans-serif; line-height: 1.6; color: inherit; background-color: transparent;'> <!-- Im\u00e1genes del producto --> <\/p>\n<div style='display: flex; flex-wrap: wrap; justify-content: center; gap: 15px; margin-bottom: 30px;'> <img style='width: 100px; height: auto; border: 1px solid rgba(150&comma;150&comma;150&comma;0.3); border-radius: 8px;' src='http:\/\/ftp3.syscom.mx\/usuarios\/srodriguez\/QLIGHT\/SNESL_LOGO.png' alt='Logo'> <img style='width: 200px; height: auto; border: 1px solid rgba(150&comma;150&comma;150&comma;0.3); border-radius: 8px;' src='http:\/\/ftp3.syscom.mx\/usuarios\/srodriguez\/QLIGHT\/SNESL-ICONOS.png' alt='Iconos'> <\/div>\n<p> <!-- Descripci\u00f3n general --> <\/p>\n<div style='margin-bottom: 30px; font-size: 15px;'>\n<p style='margin-bottom: 15px;'>Luz de se\u00f1al ligera y compacta a prueba de explosiones apta para zonas peligrosas con un buzzer de sirena a 105 dB. El dise\u00f1o con carcasa de aluminio proporciona una excelente durabilidad con grado de protecci\u00f3n IP66. La fuente de luz LED de alta intensidad y larga duraci\u00f3n es adecuada para aplicaciones donde el reemplazo de bombillas es dif\u00edcil.<\/p>\n<p style='margin-bottom: 15px;'>La baliza cuenta con un interruptor incorporado para selecci\u00f3n de patr\u00f3n de destello fijo o flasheante (60-80 flashes\/min). Incluye carcasa integrada y caja de terminales. El buzzer incorporado ofrece 7 patrones de sonido seleccionables&comma; con un volumen m\u00e1ximo de 105dB a 1m.<\/p>\n<p style='margin-bottom: 15px;'><strong>Nota:<\/strong> Buzzer incorporado seleccionado por el usuario con 7 patrones de sonido disponibles a pedido.<\/p>\n<p style='margin-bottom: 15px;'>Color est\u00e1ndar de la carcasa: MUNSELL No. 7.5BG 7\/2. Entrada de cable: 1\/2&#8242; NPT. Materiales de construcci\u00f3n: Lente de vidrio templado&comma; Lente interna de PC&comma; carcasa de Aluminio&comma; Jaula de protecci\u00f3n-STS316L&comma; Reflector-ABS resistente al calor&comma; Soporte-STS316L.<\/p>\n<\/p><\/div>\n<p> <!-- Secci\u00f3n de certificaciones --> <\/p>\n<div style='display: flex; flex-wrap: wrap; gap: 30px; margin-bottom: 30px;'>\n<div style='flex: 1 1 300px; min-width: 280px;'>\n<h3 style='font-size: 22px; border-bottom: 2px solid currentColor; padding-bottom: 5px; margin-top: 0; color: inherit; opacity: 0.8;'>Certificaciones<\/h3>\n<ul style='padding-left: 20px; font-size: 15px; color: inherit;'>\n<li style='margin-bottom: 5px;'>IECEx&comma; ATEX&comma; NEPSI&comma; KC&comma; CCS&comma; CCC<\/li>\n<\/ul><\/div>\n<div style='flex: 1 1 300px; min-width: 280px;'>\n<h3 style='font-size: 22px; border-bottom: 2px solid currentColor; padding-bottom: 5px; margin-top: 0; color: inherit; opacity: 0.8;'>Grado de protecci\u00f3n<\/h3>\n<ul style='padding-left: 20px; font-size: 15px; color: inherit;'>\n<li style='margin-bottom: 5px;'>IECEx &#8211; Ex db IIC T6 Gb&comma; Ex db op es IIC T6 Gb (con LED)<\/li>\n<li style='margin-bottom: 5px;'>ATEX \u2013 II2G Ex db IIC T6 Gb&comma; Ex db op es IIC T6 Gb (con LED)<\/li>\n<li style='margin-bottom: 5px;'>KC &#8211; Ex d IIB+H2 IP66 T6<\/li>\n<li style='margin-bottom: 5px;'>NEPSI&comma; CCC &#8211; Ex db IIC T6 Gb<\/li>\n<\/ul><\/div>\n<div style='flex: 1 1 300px; min-width: 280px;'>\n<h3 style='font-size: 22px; border-bottom: 2px solid currentColor; padding-bottom: 5px; margin-top: 0; color: inherit; opacity: 0.8;'>Temperatura de operaci\u00f3n<\/h3>\n<ul style='padding-left: 20px; font-size: 15px; color: inherit;'>\n<li style='margin-bottom: 5px;'>-40\u00b0C \u2264 Tamb \u2264 +55\u00b0C (KC)<\/li>\n<li style='margin-bottom: 5px;'>-40\u00b0C \u2264 Tamb \u2264 +60\u00b0C<\/li>\n<\/ul><\/div>\n<\/p><\/div>\n<p> <!-- Secci\u00f3n de especificaciones t\u00e9cnicas --> <\/p>\n<div style='display: flex; flex-wrap: wrap; gap: 20px; margin-bottom: 30px;'>\n<div style='flex: 1 1 250px; border: 1px solid rgba(150&comma; 150&comma; 150&comma; 0.4); border-radius: 8px; overflow: hidden; display: flex; flex-direction: column;'>\n<div style='padding: 15px; border-bottom: 1px solid rgba(150&comma; 150&comma; 150&comma; 0.2); font-weight: bold; font-size: 18px; color: inherit;'>Caracter\u00edsticas El\u00e9ctricas<\/div>\n<div style='padding: 15px; color: inherit;'>\n<ul style='padding-left: 20px; margin: 0; font-size: 14px; list-style-type: disc;'>\n<li style='margin-bottom: 5px;'><strong>Voltaje:<\/strong> 24 VCD<\/li>\n<li style='margin-bottom: 5px;'><strong>Intensidad:<\/strong> Alta intensidad LED<\/li>\n<li style='margin-bottom: 5px;'><strong>Volumen:<\/strong> M\u00e1x. 105dB a 1m<\/li>\n<\/ul><\/div>\n<\/p><\/div>\n<div style='flex: 1 1 250px; border: 1px solid rgba(150&comma; 150&comma; 150&comma; 0.4); border-radius: 8px; overflow: hidden; display: flex; flex-direction: column;'>\n<div style='padding: 15px; border-bottom: 1px solid rgba(150&comma; 150&comma; 150&comma; 0.2); font-weight: bold; font-size: 18px; color: inherit;'>Caracter\u00edsticas F\u00edsicas<\/div>\n<div style='padding: 15px; color: inherit;'>\n<ul style='padding-left: 20px; margin: 0; font-size: 14px; list-style-type: disc;'>\n<li style='margin-bottom: 5px;'><strong>Material:<\/strong> Carcasa de Aluminio<\/li>\n<li style='margin-bottom: 5px;'><strong>Lente:<\/strong> Vidrio templado y PC<\/li>\n<li style='margin-bottom: 5px;'><strong>Protecci\u00f3n:<\/strong> IP66<\/li>\n<li style='margin-bottom: 5px;'><strong>Color:<\/strong> Rojo<\/li>\n<li style='margin-bottom: 5px;'><strong>Entrada de cable:<\/strong> 1\/2&#8242; NPT<\/li>\n<\/ul><\/div>\n<\/p><\/div>\n<div style='flex: 1 1 250px; border: 1px solid rgba(150&comma; 150&comma; 150&comma; 0.4); border-radius: 8px; overflow: hidden; display: flex; flex-direction: column;'>\n<div style='padding: 15px; border-bottom: 1px solid rgba(150&comma; 150&comma; 150&comma; 0.2); font-weight: bold; font-size: 18px; color: inherit;'>Funcionalidades<\/div>\n<div style='padding: 15px; color: inherit;'>\n<ul style='padding-left: 20px; margin: 0; font-size: 14px; list-style-type: disc;'>\n<li style='margin-bottom: 5px;'><strong>Modo de luz:<\/strong> Fijo o flasheante<\/li>\n<li style='margin-bottom: 5px;'><strong>Velocidad de parpadeo:<\/strong> 60-80 flashes\/min<\/li>\n<li style='margin-bottom: 5px;'><strong>Certificaci\u00f3n:<\/strong> IECEx&comma; ATEX&comma; NEPSI&comma; KC&comma; CCS&comma; CCC<\/li>\n<li style='margin-bottom: 5px;'><strong>Selector de patr\u00f3n:<\/strong> Interruptor incorporado<\/li>\n<li style='margin-bottom: 5px;'><strong>Buzzer:<\/strong> 7 patrones de sonido seleccionables<\/li>\n<\/ul><\/div>\n<\/p><\/div>\n<\/p><\/div>\n<p> <!-- Separador --> <\/p>\n<hr style='border: 0; border-top: 1px solid rgba(150&comma; 150&comma; 150&comma; 0.3); margin: 30px 0;'> <\/div>\n","protected":false},"excerpt":{"rendered":"<p>Luz LED color Rojo de advertencia con patr\u00f3n de destello flasheante\/fijo para zonas peligrosas con buzzer incluido a 105 dB. de 24 VCD<\/p>\n","protected":false},"featured_media":56206,"comment_status":"open","ping_status":"closed","template":"","meta":[],"product_brand":[],"product_cat":[1416],"product_tag":[1414,1417,1468],"class_list":{"0":"post-56207","1":"product","2":"type-product","3":"status-publish","4":"has-post-thumbnail","6":"product_cat-luces-para-la-industria-y-edificios","7":"product_tag-luces-bocinas-para-la-industria-y-edificios","8":"product_tag-luces-para-la-industria-y-edificios","9":"product_tag-qlight","11":"first","12":"outofstock","13":"sale","14":"shipping-taxable","15":"purchasable","16":"product-type-simple"},"_links":{"self":[{"href":"https:\/\/soydeaqui.ddns.net\/pachuca\/index.php\/wp-json\/wp\/v2\/product\/56207","targetHints":{"allow":["GET"]}}],"collection":[{"href":"https:\/\/soydeaqui.ddns.net\/pachuca\/index.php\/wp-json\/wp\/v2\/product"}],"about":[{"href":"https:\/\/soydeaqui.ddns.net\/pachuca\/index.php\/wp-json\/wp\/v2\/types\/product"}],"replies":[{"embeddable":true,"href":"https:\/\/soydeaqui.ddns.net\/pachuca\/index.php\/wp-json\/wp\/v2\/comments?post=56207"}],"wp:featuredmedia":[{"embeddable":true,"href":"https:\/\/soydeaqui.ddns.net\/pachuca\/index.php\/wp-json\/wp\/v2\/media\/56206"}],"wp:attachment":[{"href":"https:\/\/soydeaqui.ddns.net\/pachuca\/index.php\/wp-json\/wp\/v2\/media?parent=56207"}],"wp:term":[{"taxonomy":"product_brand","embeddable":true,"href":"https:\/\/soydeaqui.ddns.net\/pachuca\/index.php\/wp-json\/wp\/v2\/product_brand?post=56207"},{"taxonomy":"product_cat","embeddable":true,"href":"https:\/\/soydeaqui.ddns.net\/pachuca\/index.php\/wp-json\/wp\/v2\/product_cat?post=56207"},{"taxonomy":"product_tag","embeddable":true,"href":"https:\/\/soydeaqui.ddns.net\/pachuca\/index.php\/wp-json\/wp\/v2\/product_tag?post=56207"}],"curies":[{"name":"wp","href":"https:\/\/api.w.org\/{rel}","templated":true}]}}