{"id":5620,"date":"2026-03-18T06:33:33","date_gmt":"2026-03-18T06:33:33","guid":{"rendered":"https:\/\/soydeaqui.ddns.net\/pachuca\/index.php\/producto\/extension-para-instalacion-de-camaras-cctv-en-columnas-pt050-pt100-pt150-y-pt200\/"},"modified":"2026-03-18T06:33:33","modified_gmt":"2026-03-18T06:33:33","slug":"extension-para-instalacion-de-camaras-cctv-en-columnas-pt050-pt100-pt150-y-pt200","status":"publish","type":"product","link":"https:\/\/soydeaqui.ddns.net\/pachuca\/index.php\/producto\/extension-para-instalacion-de-camaras-cctv-en-columnas-pt050-pt100-pt150-y-pt200\/","title":{"rendered":"Extensi\u00f3n para instalaci\u00f3n de c\u00e1maras CCTV en columnas PT050, PT100, PT150 y PT200."},"content":{"rendered":"<div style='width: 100%; max-width: 1200px; margin: 0 auto; font-family: sans-serif; line-height: 1.6; color: inherit; background-color: transparent;'>\n<div style='display: flex; flex-wrap: wrap; gap: 30px; margin-bottom: 30px;'>\n<div style='flex: 1 1 300px; min-width: 280px;'>\n<h3 style='font-size: 22px; border-bottom: 2px solid currentColor; padding-bottom: 5px; margin-top: 0; color: inherit; opacity: 0.8;'>Caracter\u00edsticas principales<\/h3>\n<ul style='padding-left: 20px; font-size: 15px; color: inherit;'>\n<li style='margin-bottom: 5px;'>Integraci\u00f3n para 2 c\u00e1maras CCTV en carcasa PT<\/li>\n<li style='margin-bottom: 5px;'>Ideal para monitorizar y grabar eventos<\/li>\n<li style='margin-bottom: 5px;'>No usar c\u00e1maras con LEDs integrados<\/li>\n<li style='margin-bottom: 5px;'>Soluci\u00f3n profesional sin c\u00e1maras incluidas<\/li>\n<li style='margin-bottom: 5px;'>Evita reflejos para mejorar calidad de imagen<\/li>\n<\/ul>\n<\/div>\n<div style='flex: 1 1 300px; min-width: 280px;'>\n<h3 style='font-size: 22px; border-bottom: 2px solid currentColor; padding-bottom: 5px; margin-top: 0; color: inherit; opacity: 0.8;'>Especificaciones<\/h3>\n<ul style='padding-left: 20px; font-size: 15px; color: inherit;'>\n<li style='margin-bottom: 5px;'>Soluci\u00f3n ideal para integrar hasta 2 c\u00e1maras de CCTV en la parte superior de una carcasa PT&comma; para monitorizar\/grabar cualquier evento<\/li>\n<li style='margin-bottom: 5px;'>C\u00e1maras no incluidas<\/li>\n<li style='margin-bottom: 5px;'>Precauci\u00f3n: no utilizar c\u00e1maras con LEDs para evitar reflexiones que dificultar\u00edan la calidad de la imagen<\/li>\n<\/ul>\n<\/div>\n<\/div>\n<hr style='border: 0; border-top: 1px solid rgba(150&comma; 150&comma; 150&comma; 0.3); margin: 30px 0;'>\n<div style='display: flex; flex-wrap: wrap; gap: 20px; justify-content: center; margin-bottom: 30px;'>\n<div style='flex: 1 1 300px; max-width: 400px;'><img style='width: 100%; height: auto; border: 1px solid rgba(150&comma;150&comma;150&comma;0.3); border-radius: 8px;' src='http:\/\/ftp3.syscom.mx\/usuarios\/fotos\/pdfs\/PTCCTVilustracion.jpg' alt=''><\/div>\n<div style='flex: 1 1 300px; max-width: 400px;'><img style='width: 100%; height: auto; border: 1px solid rgba(150&comma;150&comma;150&comma;0.3); border-radius: 8px;' src='http:\/\/ftp3.syscom.mx\/usuarios\/fotos\/pdfs\/PTCCTV-esquema-1.jpg' alt=''><\/div>\n<div style='flex: 1 1 300px; max-width: 400px;'><img style='width: 100%; height: auto; border: 1px solid rgba(150&comma;150&comma;150&comma;0.3); border-radius: 8px;' src='http:\/\/ftp3.syscom.mx\/usuarios\/fotos\/pdfs\/PT-CCTV-Instalacion-1.jpg' alt=''><\/div>\n<\/div>\n<hr style='border: 0; border-top: 1px solid rgba(150&comma; 150&comma; 150&comma; 0.3); margin: 30px 0;'>\n<div style='margin-bottom: 30px;'>\n<h3 style='font-size: 22px; border-bottom: 2px solid currentColor; padding-bottom: 5px; margin-top: 0; color: inherit; opacity: 0.8;'>Informaci\u00f3n adicional<\/h3>\n<p style='font-size: 15px; color: inherit; margin-bottom: 15px;'>1 a\u00f1o de garant\u00eda<\/p>\n<p style='font-size: 15px; color: inherit; margin-bottom: 15px;'>*Pregunte por disponibilidad<\/p>\n<\/div>\n<\/div>\n","protected":false},"excerpt":{"rendered":"<p>Extensi\u00f3n para instalaci\u00f3n de c\u00e1maras CCTV en columnas PT050, PT100, PT150 y PT200.<\/p>\n","protected":false},"featured_media":5619,"comment_status":"open","ping_status":"closed","template":"","meta":[],"product_brand":[],"product_cat":[199],"product_tag":[509,201,200],"class_list":{"0":"post-5620","1":"product","2":"type-product","3":"status-publish","4":"has-post-thumbnail","6":"product_cat-carcasas","7":"product_tag-bunker-seguridad","8":"product_tag-carcasas","9":"product_tag-gabinetes-y-carcasas","11":"first","12":"outofstock","13":"sale","14":"shipping-taxable","15":"purchasable","16":"product-type-simple"},"_links":{"self":[{"href":"https:\/\/soydeaqui.ddns.net\/pachuca\/index.php\/wp-json\/wp\/v2\/product\/5620","targetHints":{"allow":["GET"]}}],"collection":[{"href":"https:\/\/soydeaqui.ddns.net\/pachuca\/index.php\/wp-json\/wp\/v2\/product"}],"about":[{"href":"https:\/\/soydeaqui.ddns.net\/pachuca\/index.php\/wp-json\/wp\/v2\/types\/product"}],"replies":[{"embeddable":true,"href":"https:\/\/soydeaqui.ddns.net\/pachuca\/index.php\/wp-json\/wp\/v2\/comments?post=5620"}],"wp:featuredmedia":[{"embeddable":true,"href":"https:\/\/soydeaqui.ddns.net\/pachuca\/index.php\/wp-json\/wp\/v2\/media\/5619"}],"wp:attachment":[{"href":"https:\/\/soydeaqui.ddns.net\/pachuca\/index.php\/wp-json\/wp\/v2\/media?parent=5620"}],"wp:term":[{"taxonomy":"product_brand","embeddable":true,"href":"https:\/\/soydeaqui.ddns.net\/pachuca\/index.php\/wp-json\/wp\/v2\/product_brand?post=5620"},{"taxonomy":"product_cat","embeddable":true,"href":"https:\/\/soydeaqui.ddns.net\/pachuca\/index.php\/wp-json\/wp\/v2\/product_cat?post=5620"},{"taxonomy":"product_tag","embeddable":true,"href":"https:\/\/soydeaqui.ddns.net\/pachuca\/index.php\/wp-json\/wp\/v2\/product_tag?post=5620"}],"curies":[{"name":"wp","href":"https:\/\/api.w.org\/{rel}","templated":true}]}}