{"id":56043,"date":"2026-03-19T03:12:13","date_gmt":"2026-03-19T03:12:13","guid":{"rendered":"https:\/\/soydeaqui.ddns.net\/pachuca\/index.php\/producto\/barra-de-luces-led-de-47-112-led-sae-ideal-para-equipar-unidades-de-ambulancia-y-vehiculos-de-emergencia\/"},"modified":"2026-03-19T03:12:20","modified_gmt":"2026-03-19T03:12:20","slug":"barra-de-luces-led-de-47-112-led-sae-ideal-para-equipar-unidades-de-ambulancia-y-vehiculos-de-emergencia","status":"publish","type":"product","link":"https:\/\/soydeaqui.ddns.net\/pachuca\/index.php\/producto\/barra-de-luces-led-de-47-112-led-sae-ideal-para-equipar-unidades-de-ambulancia-y-vehiculos-de-emergencia\/","title":{"rendered":"Barra de luces LED de 47&#8243;, 112 LED, SAE, Ideal para Equipar Unidades de Ambulancia y Veh\u00edculos de Emergencia"},"content":{"rendered":"<p><strong>Barra de Luces Brillante con tecnolog\u00eda HyperLUX<\/strong><\/p>\n<p>La barra de luces brillantes <em><strong>Serie X87<\/strong><\/em>&comma; cuenta con la tecnolog\u00eda <strong>HyperLUX<\/strong> la cual es empleada para la emisi\u00f3n de luz y proporciona gran destello.<\/p>\n<p><strong>Configuraci\u00f3n: <\/strong><\/p>\n<ul>\n<li>4 m\u00f3dulos de 8 LED rojo\/blanco en el frente&comma;<\/li>\n<li>4 m\u00f3dulos de esquina de 8 LED rojo\/blanco&comma;<\/li>\n<li>6 m\u00f3dulos de 4 LED \u00e1mbar en la parte trasera&comma;<\/li>\n<li>2 m\u00f3dulos de luz de callejon con 8 LED en color rojo\/blanco<\/li>\n<li>2 m\u00f3dulos de luz de pentracion con 4 LEDs en color blanco.<\/li>\n<\/ul>\n<p><span style='line-height: 20.8px;'><br \/><\/span><img src='data:image\/png;base64&comma;iVBORw0KGgoAAAANSUhEUgAAAmEAAADPCAYAAAC9fAb8AAAgAElEQVR4nO3dd3hd1Z3v\/\/epake9y6qWZEmWbWzjboobmA4JBAhJBlIGErgpTzJJbiYzNzDzMJlkJr+Em2QSuIEkkGTAZAwJtunYxrYwWO62ZFu9996OTv39cdCJDcaW5LIl83k9jx4fS+es\/d1b7aO11l7L5Pf7\/YiIiIjIRWU2ugARERGRjyOFMBEREREDKISJiIiIGEAhTERERMQACmEiIiIiBlAIExERETGAQpiIiIiIARTCRERERAygECYiIiJiAIUwEREREQMohImIiIgYQCFMRERExAAKYSIiIiIGUAgTERERMYBCmIiIiIgBFMJEREREDKAQJiIiImIAhTARERERAyiEiYi8z+\/3X7TjXKxjicjUZTW6ABGZWnw+H8eOHeP48eMUFBSQkJDA4cOHcTgczJkzh8HBQcrKygDwer3Mnz+fhIQE+vv72bdvH42NjcG2Zs6cSW5uLnv27MHlchEVFYXFYiE\/P5\/4+HjKysro7e0lPDyc7u5uCgsLOXHiBJmZmRQXF5+1VpfLRUlJCf39\/Vx33XXY7fYJn6\/X66W2tpZDhw7h9\/tZv349ERERE25nPLq7uyktLaWxsZE1a9aQnZ19QY4jItODesJE5BQmkwmAkpIS6uvrcbvdtLa24nQ6cTqdbN68GbfbTXx8PG63m40bN+J0OmltbWX79u3U19fT39\/P0aNHaWpqwmw2c+TIEfbs2UN8fDw9PT1s2LCBpqYmampqKC8vp6urix07duD1eqmurh53L5HZbMbj8fD666\/jcrkmfb4RERGMjo5SWlqK0+mcVDvjYbPZiIuLY9++fTQ3N1+w44jI9KCeMBE5hclkIisri3nz5lFRUUFWVhapqakUFxfT399PZWUl1157Lenp6aSmpvLqq6\/S1dWFzWZj2bJlzJkzB7fbza5du5g3bx7x8fFERUUFe80cDgf79++ntraW2NhYenp6SEhIwO12Y7VacTgc5ObmjqtWq9VKVlbWOZ2v2WwmJSWFWbNmUVFRcU5tnU1kZGTwmoiIKISJyIeEhYUxf\/58nn76aXbv3s1ll11GXFwcfr+f7u5utm3bxl133cXAwADh4eFERkYSFhZGSkoKYWFh7N27l4SEBFJSUjCb\/9bhbjKZMJlM+Hw+IiIisNvtuN1u2traqK+vp6GhAZvNRmho6Bnr83q9lJSUUFVVRUxMDCaTidHRUcrKymhubmbZsmX4fD5KSkqYNWsWs2fPxuPxsHXrVlpbW4mPj2fFihUkJCRM+hr5\/X4OHjzIwYMHcTgcrF+\/HofDgc\/no7a2lt27d2MymVi5ciXp6emnXIfTaWxs5J133mFgYICrr76amTNn4nQ6efvtt+nu7qaoqAiPx0NFRQVLliwZd1AVkalLw5Ei8iFms5mMjAwyMjKoqKgIhoj4+Hi++MUv8vTTT\/PpT3+aZ555hvvuu4\/IyEhsNhthYWEMDAxQUVFBUlISDocj2OZ7773Hj370Ix5\/\/HGKi4uZP38+sbGxeDwe2trasFgsVFZWEhUVFRwS\/SgbN27k2LFj3HLLLQAMDw9jtVrxer2UlZXR19eHw+Hg+PHjNDQ04PF4+M\/\/\/E\/6+vq47bbbsNvtPPvss+c09PjSSy\/x+uuvc\/311zM0NMSvf\/1rfD4fFRUVbN68mdzcXDIzM3n++edpaGg4Y1vV1dW8+OKLpKamsmzZMh5\/\/HFqamqw2Wzk5ORQXV3NX\/7yF3p6ehgYGKC2tnbSdYvI1KEQJiKnFRISEpzD1dfXBwQm7ZeVlfHFL36R1atXs2HDBo4cOXJKaDpx4gT9\/f3ExsZisViC77\/88stZtGgRJpOJW2+9lbCwMKKiogBob29nxowZVFdXEx0dfca62tvb2blzJ8uXLyc2Npbi4mLCw8OxWCxER0cTERGBz+cjMjIyGOhMJhPXXXcdq1evpq2tjWPHjtHc3DzpENbZ2ckbb7zBunXrSExMZP78+cycOZPh4WEOHDhAWFgYl19+OUuWLMFkMnHgwAFGR0dP25bb7ebdd98lMjKSuXPnMnv2bObNm8eGDRuwWq2kpaURHR2N1Wrlyiuv5O\/\/\/u9Zs2bNpOoWkalFIUxETquvr4\/R0VGSkpIoLS3F7XZz9OhRGhsbWbduHQ899BC\/\/vWv+eMf\/xi8I9Lj8XDs2DF8Pl8wYI2xWCwUFBQE2wEIDw\/H5\/PR399PVlYWx48fJy4u7ox19fT04Pf7TwlYZ+P3+xkaGuKRRx5h9+7dpKWlERYWNskrE7jL0e\/3ExcXh8lkYt68eXziE5\/A6XTS1dVFREQEVqsVm81GZGQkbW1tuN3u07Y1OjpKb28vdrudkJAQAGbMmEFVVVXwOREREcyaNYvQ0NBxn7OITH0KYSLyIS6Xi4aGBnJycli+fDl1dXU0NjYGh\/nG5jctWLCA1NRU+vv7ARgcHKS+vh6fz3fa5SJiYmIoKipi165duFwuQkNDsdvthIWFkZ6eDnDWeVpjvV4ulwu\/38\/o6Cgulwuv1xsMKH6\/H5\/Ph8fjwe1209PTw2OPPcYDDzzA5z73OXJycjCZTHg8Hnw+34Svz1jIcjqdwTW\/urq68Pl8OByOYD1erxeXy0V0dPQpvYIns1qtRERE4PV6g0Gtr6+P5OTkCdclItOLQpiInMLv91NfX8\/+\/fvJysoiJyeHoaEh3n33XVJSUrBYLFRXV1NbW0t5eTmZmZnMmDEDAKfTSX9\/P16vN9ie0+lkYGCAoaEh\/H4\/c+bMobGxkYqKCvx+Pzk5OcybN4+cnBwuv\/zysw5HJiYmkpOTQ3l5OTU1NRw\/fpyhoSG6uroIDw\/HbrdTX19PTU0Nvb29tLW1MTIyQnh4OP39\/dTV1dHW1sbw8DCNjY04nU66u7tpa2tjcHCQhoaGswazxMRE8vPzOXz4MNXV1VRXV7Nv3z5sNhtFRUU4nU6OHj3K0aNH8fl8zJkzh5CQEIaHh6mrq2NoaIj29na6uroICQmhuLgYl8tFeXk5lZWVVFdXc8MNN+DxeGhubqanp4fu7m46OjrweDzn\/kkWkSnB8vDDDz9sdBEiMnX4fD6OHDlCT08PeXl5hIaG0tvbi9lspri4mNTUVKqqqujo6KC7u5t169aRkpISfK3L5SIzM5Ps7GysViu9vb3U1dXhcDjIz88nKSkJl8uF1WolNTUVh8NBWloaycnJJCUlkZaWdsbhtrF5UlVVVXR3dxMVFUVubi4pKSkkJyfj8\/lobm7G4\/GQlJRESkoKhYWFxMTEUFtbGwyDiYmJJCQkkJCQELwz02Kx4PF4KCgoOOPdjBaLhaysLKqrq+no6KCnp4fCwkJSU1OJjY0FoKamhu7ubi677DIKCwux2Wx0dnZy4MAB\/H4\/Vqs1eEdpQkICPp+PxsZGWlpayMvLY9myZbjdbg4fPszQ0BBWq5XQ0FDi4uKw2Wzn95MuIoYw+bV3hoiIiMhFp+FIEREREQMohImIiIgYQCFMRERExAAKYSIiIiIGUAgTERERMYBCmIiIiIgBFMJEREREDKAQJiIiImIAhTARERERAyiEiYiIiBhAIUxERETEAAphIiIiIgZQCBunxx9\/nEcffdToMkREROQSYTW6gKlu08aN7Nm6lWank507d9Ld3c1PfvITo8sSERGRaU4h7CO8vX07ezZvxhcZSf3hw7x99ChNAwPs3r3b6NJEREQueY8\/\/jhPPPEEAL\/97W+ZN2+ewRWdfwphp7Hlv\/+b\/\/nJTwiJjaXrxAmWtLWxcHSUrwGlpaV86Utf4je\/+Q0A3\/ve93jmmWeMLVhEROQSsGjRIl588UUAWltb2bdvH8nAY+vWkWK384Pjx7FHRBhb5HmkEHaSPTt38vSjj2KyWPABkTt2cP\/oKMVAG\/AqsMXtpq+vj8cff5z\/9b\/+Fz6fD5\/PZ2zhIiIil4CsrCwg0Av2L\/\/yL1iAeYCto4M+4B9iYghxOPiPnh4jyzxvPvYhzOfzUV1Rwe9+9jMGmpux2+24du7klu5u1gKO958XDzxkNnMoJoa6ujp+9atf4fF4AIiMBLvdqDOYXoaHYWQk8Dg6Gqwf+6\/A8RkaAqcz8DgmBiwWY+uZLgYGwOUKPI6LA5PJ2Hqmk95e8HoD1ywuzuhqpo\/ubvD7A9+jMTFGVzN9dHX97bHb7WZ4eBj8fm4E\/g8wBLwB9Hs8jPT28oOcHL5TWorFbic0MtKYos+Dj\/WvwLbGRtrq6vjdY4\/hiIrCf\/gw2TU13Aqkf+C5dmC+2cx3EhLYEhND2YkTwY\/97nfwyU9ezMqnr0cegYcfDjzesgVWrDC2nuniwQfhV78KPC4thdxcY+uZLm6\/HTZuDDyuqwOH48zPl7\/Jy4OqKoiIgM5Oo6uZPiIjYXAQsrOhstLoaqaPsT+QRkdH2bhxI0888QSFkZHcPjBAkd9PKFAMvA3sA\/pqa\/luQgIFa9dyx2OPEZmUhCMx0bgTmKSPZQhrrK2lv62N3\/3859Rt20ZGaiohhw7xdy4X8zj9RTEBcR4Pi2trebG3l9a+votctYiIyKXt+PHj\/PznPyc3PZ1lLhcrh4aweb0AxAK3AnOAEqASOPHmmzw6Zw5L772Xmx99lJgZM4wrfhI+ViGssaGBtupqtr71FodffJHExETmjIywqLSUpcDZeo6tQKbLxdXt7ewBRi98ySIiIh8bQ0NDHDx4kKtiY7lyaIgZXi8fnH2RC2QABwn0itUD7\/7+95gtFgrXraPgmmtwJCRc7NIn5WMTwk4cOsTGJ56grrwcs9VKTl8fRYcOsRTIHGcbJiABWAO8Duy4UMWKiIh8DPn9fixDQxQMD5Pv831kSLEDiwgEsgPAYWD\/U0\/xzlNPserrXyc+O5urHnoIi812sUqflEs+hDVUV7Pntdc4fuAAB19\/nRluN4WtrSxzuymeYFs+oAtoBxKBCAKTBUVEROTcmYHZfj+f9PuJ58zb+piAOOBKAmHs8PtvOx57DC\/Q29hIiMPBDWMTkaegSzaEdXd28sbGjTSeOEHlwYP4q6q4orubxf39zPb7megqIx6glEDXZwMQCqQSGJMWERGRybNYLFxxxRXUlJWR09FBGuMPKDYgi8BI1SwCPWOlwJs\/+QkWmw33yAi3\/uhHF6bwc3TJhTCPx8Pmv\/6VrpoaqisqaN21i6y2Nq7s6aHI4yEOPjS+fDbHCEwCrAPGVibpJbB2mIiIiJwbs9lMZkYGzs5OYnJz2XDkCFcPDjIPCBtnGxEEQlgyUAjsBo643Wz\/xS9oPnKEnOXLue6f\/ukCncHkXHIbeO\/cuZOY2Fi6Wlrw7trFrRUVfKmjg+UeD4lMLIC1Av8DPAccIhDAZsybx3dLS1n5v\/83AxegfhERkY8bj8fD5s2baevuxhceTllKCs\/m5fGkxUIj4J9AW9EE7qD8FHA3kDA8zNEtW3jzJz\/h35YvYdvvnrwQpzApl0xP2Ouvv05CQgIdHR3Mys\/nE+vXE753L3FVVUx0HdVhYA+wE+gG3IA9IoL\/c+wYFrudyKQkYt9773yfgoiIyMeS3++nu6eHvCVLuP\/f\/53\/efJJPKOjNF12GT\/cupWru7u5mfH3ipkJLGmxBCgAdgElvb1UHj1E+ct\/ZFfEMJ9Z9UmyE41d0mLah7A333wTr9dLW1sbISEhLFmyhISEBMIyMuCWWwIrNNbUjLu9SuCvBIYex5L3j7u7CXE4pvxdFiIiItOZ1Wpl\/qJFzFu4kJ1bt7Lx5z8n6sYb2VpdTcmePXzG5WLxRNojsOPNzcC8EBtP586gLj8bW1gEG957lU8vv4GMuJQLczLjrG\/a8Xq97Nmzh7q6OkZHR4mPj2fp0qUkJiYSHR0deFJYGKxfD+++G9hH4gyLq3qADmAbsB9wAqGRkVjsdr5TWkp4bOyFPykRERHBZDJhsVi4et06rl63jj\/\/9re8VVNDyO238x\/btrG4q4s7XC7SCUzKH1ebViuJ2dmsWL+Omddcg8lipqG7jd9s+zMA37zuXuxWG2H20At2XqczrUKY1+tleHiYpqYmRkZGSEtLIzIyktTUVOLi4rB8cEO99HS47jo4ciSwj8T7q+4G2yMwz+sggYn3HYAjMZGUxEQ+9X\/\/LwVr116cExMREZHTuuPzn+eOz3+ex\/\/1X2ncvZuGtWt5eO9ebuzrY9XoKNFAyJkaMJkgOpqIdddy9X0P4Z85k2GXkwN15RxtrqJnqJ\/\/75XfY7NYeWDNndgsVmLCoy7KuU2LEOb3+2ltbWVkZIT9+\/cTFxeH3W4nIyOD+Ph4QkNDMZ1uZ16HI7A54apV0NERePMHBhl7gBoC48QVgCMhgVlz57L03ntZeu+9F\/HsRERE5Gwe+Od\/JrGoiNqSEobnzuX1117jQEsLq3t6mOdyEcdH9IxZrTB7Nlx7LbZZBQDYrTZWFS0hNzmTfbVl1HY20zvczy9e\/xNJUXF8asl6kqLiL\/g5TYsQ1tDQwGuvvUZmZiZRUVGkp6eTlJREeHj4h3u\/PigzE9auxbdvH6a+PgZHR2kG3iOwjoifQAC79nvfY803vzmp+nbtApdrUi\/92Dly5G+P33gD6uuNq2U6OXkj4E2bIDnZuFqmk8bGvz3+858h9OKONExrg4OBfz0eePZZY2uZTjyewL+Dg7puF8In77gDz2238cIzz+DweKivr+f50lKODAywpLeX2V4vMQQWcgUCvWDx8XDVVbB06Yfay4hLIT02mfKWavbXldPW10V7fzcv7n2TFfkLSIqKu6BhzOT3+ydy5+dFVVtbS0REBCUlJZhMJnJyckhLS8PhcGAb5yR5P366K4\/T8dOfMPr8Rqq6+zjk99MDmG02rnzwQeKzs1n9jW9MqLZf\/epXPPjgg5M4KxERETmdFStWsGvXrnE9t6ezk7f+53+oPXKEI7t2Ed7Swtz+fhYNDzOX93vF7HZYuxb+6Z9g2bIztjfoHKa8pZry5mqae9sZdbvIT84iLzmTWanZxEVEn\/P5fdCU7Amrrq7G7\/dz6NAh0tPTSUtLIyMjg6ioKEJCQk4\/9PgR\/H4\/9TY\/W1MdtCU4cPb14\/f4ueHhhwlxOFj7rW9dwDMRERGRCyE2IYHbH3iAxupqQiIjKduzh4N+P0319RyvqWGxx0NeejqsWwfz55+1PUdoOJdnzyYjLoWKtjrKmqqoam+goq2O2s5mEiJjWJm\/4LxO3p9SPWG1tbV0dXVRX19PeHg4UVFRpKWlBed9mc0TW1t2aHSE8uZqajub2Fu+j9qNL3HXsutJTUlnyec+d05LThw7doySkpJJv15EREROlZSUxE033TTh17W3tlJ37Bh79+xh\/0svEWaxkFhTw7qFC1nwH\/+BNSdnQu2Nety09LZzvKWWsuYq+kcC4\/PFM\/L45OJrsJonuvfO6U2ZENbe3k5VVRXDw8PYbDZSUlJISUkhNDQUq3ViHXYen5fq9gYONZygvqsFk8mE2+Oh2JHMmkVXExF5ce56EBERkYunpbGRjro6Xtqwgdb9+1ly002svOMO4uPjcTgcExtJw8\/wqJOG7lYON5ygsr0el8dNXnImdquNu5Zef871Gh7COjo6eO+994iNjcXlcpGamkpCQsKE5n2drHOgl3erD1LRWsfg6Ahen5fFM+eyOKeY6PAoQm0TXT9fREREppPWxkbcQ0PsOXKEwaEhZs2aRWZmJjExMYRO8A4dr8\/H0OgIVe31vFd9mLa+LjBBakwiyVHx3Hb55JezMjyEtbW18cYbbzBz5kyys7OJjY3FZrNNKK0CeH1edlcdYnflQZzuUTw+L3nJmdyycA2hVjshCl8iIiIfKwMDAzz33HOkpaUxMjJCXl4eaWlpREdHT2qUbdTtorT2KDuO78Xr82IxW5ifWcgtC1dPqr4pMTF\/cHAQl8tF8iTvuz\/WUsObR9+he6gP3\/uZMiMuhc+suBnzBMOciIiIXBoiIyP5whe+QGdnJzt37qS1tZWWlhZmzpxJcnIyERER455vbjVbsIaEcdWsy1mQWcjrR0s40ljJsGtk0vUZ3hMGMDw8TH19PVFRUaSknH0PJz+Bnq+2vi52Vx7keGstbq+bMFsIdquNb15\/34UvWkRERKaV2tpaGhoacLvdhISEBNcdtdvtkxqBO1R9nBPVFXz6uk9Mqp4p0RPW29tLaWkpOTk5JCQknLGL0Ovz0j3UT1lTJfvryukbGSQmPBKbxcEDa+7CZpkSpyQiIiJTTHZ2NtnZ2VRUVPDOO+\/Q2dlJRkYGKSkpxMfHY7FYxt0zZsJEhM9K6OQ7wqZGCEtLS2P16tUcPHiQuro6Zs6c+aFE6vP76R8ZpKGrhXerD9PU0wbw\/vYC15EUFWdE6SIiIjLN5Ofn09fXh8\/no7y8nMHBQbq6ukhJSSEqKgqr1XrWnrGhoSFaW1tJT0+fdB1TIoQBuN1uOjo6sNlsJCcn43A4gh8bHB2mqaedQ\/XHg7eIjm0lsCJ\/vgKYiIiITMiiRYsAMJvNREdHs3\/\/fjweD+Hh4SQnJxMeHv6RI3M+n4\/a2lri4+Pp6+ubdA1TJoRlZ2fT29tLa2sr\/f39hIWF4cNPY3cr5c3VnGitpW9kkLiIaGZlZ5OXnEl+cpbRZYuIiMg0NhbGhoaGaGlpwefz0dbWRmZmZnCx+A\/uU93V1UVPTw8ZGRnMnTt30seeMiEMIDo6muHhYSorK+lzD9M02EFVewOtfZ2E2UNZV7yceEcMs2fkGl2qiIiIXELmzZuHz+cDoLy8HLfbTXt7O+np6cTExJyybWJJSQmpqank5p5bHpkSd0eerLOzk1dK3qJpsJOREB9+U+C20E8uvobiGXlGlyciIiKXsJGREVpaWuju7qa9vR2Hw0FsbGxwvlhdXR3V1dUUFBSQM8HtkD5oyoUwgOauNrr7e7GF2DGZTZhMJg09ioiIyEUzNDTE8PAw1dXV+Hw+\/H4\/8fHxvPTSS6SkpPDZz372nI8xJUOYiIiIyFQwPDyM3+\/H6\/VisVjo7u7GbrdPeoH5kxk+J2zv3r3ceeedfOELX+D73\/\/+WZ\/\/yiuvcP\/99wPw6KOP8rnPfe5ClygiIiKXiJ\/+9Kf89Kc\/BcBut5+yLpjFYiE7O5usrCzKy8tpaWkBAis4eL1etmzZQnFx8YQXdv0ohoew0dFRGhsb6e3tHdfzR0ZGaGhoAALbHYmIiIiMV39\/Pw0NDcTHx7NhwwYWLlx4ysdNpsA0KL\/fz9hg4T\/8wz\/w5JNPUlFRwezZsy+dECYiIiJysZlMJmw2G3a7\/azPHVuiIicn57wFMIDxrc0vIiIiIueVQpiIiIiIARTCRERERAygECYiIiJiAIUwEREREQMohImIiIgYQCFMRERExAAKYSIiIiIGUAgTERERMYBCmIiIiIgBFMJEREREDKAQJiIiImIAhTARERERAyiEiYiIiIyD0+k8r+0phImIiIiMw\/DwMH6\/\/7y1pxAmIiIiMg6RkZGYTKbz1p5CmIiIiMg42Gy289qeQpiIiIiIARTCRERERAxgNboAALfbzRNPPMGM55\/nG2d78vDwxShJRERELmW9vXDffRARcfbn1tXBeb4zEqZICPP7\/fT399PX3290KSIiIvJx4PHA0aPje+55vCPyZFMihImIiIhcdBcoXI2X5oSJiIiIGEAhTERERMQACmEiIiIiBlAIExERETGAQpiIiIiIARTCRERERAygECYiIiJiAIUwERERkXEYGRk5r+0phImIiIiMw8DAAP7zuMCrQpiIiIjIOCQmJmIymc5bewphIiIiIuNwPgMYKISJiIiIGEIhTERERMQACmEiIiIiBlAIExERETGAQpiIiIiIARTCRERERAygECYiIiJiAIUwEREREQMohImIiIgYQCFMRERExAAKYSIiIiIGsBpdwMm6gIqzPKflYhQiIiIicoFNqRD28\/ffRERERC4kN3AIGB3Hc5sB3wWoYUqFMBEREZGLoQ94ADCN47keAiHMarViMpnYs2cPQ0NDrFq16pxqMDyEpaSk8NBDD03qtXPmzDnP1YiIiMilbPHixZPOHR2trbxQVsZLr7xCVVUV27dvP6daTH6\/339OLYiIiIhcwo4fP07NwYOUV1Wx7aWXaHa76e7u5nvf+x5f+tKXJt3ulAphmzZtYtOmTdiAb3772+Tk5hpdkoiIiHyM7d+1ixeeeIKezk5cQ0PEV1aytamJ3cCKFSvYtWvXpNs2fDhyzCuvvMK3v\/1tjh07RjYQX17ON597jqiUFKNLExERkY+ZirIytj7\/PC0NDdQdPEh8eztXdnUxx+ViIfB3BHrIfvzjH\/Od73xnUseYMiGspqaGY8eOEQsUAK1vv81\/3XADttBQvlVSYnR5IiIi8jHQ0dbGxt\/\/no66OrpaWxnat4\/lnZ1cNTREpt9PGBAN3GE286LLRWVl5aSPNSWGI1977TXuueceurq6uA+4DTgONBK4GyE+J4e4zEy+vm2boXWKiIjIpau7vZ1fPPIIRERQ88orzKiu5hNOJ7O8XsL42wr3buBASAg\/W7CA0dRUbrjhhknNDZsSPWEejweXy8U84FbgGuB6YAfwEtBVU0N3bS3fjIhg7s038\/lnnzWyXBEREbnE\/ON991G3cyexeXmMlpRw59AQV\/h8hPPhZSyswEyPhyvq6vhpRwdvvfUWbW1tfP\/735\/QMQ3ftujEiRM88cQTzC8q4tPx8awE7AROcDXwz8AywOr34x4eZu9zz\/GnL30J58AAXrfbyNJFRERkmvJ4PIyOjPDYv\/4rn509G5PFQojTyexXX+WRgQHW+3xEcPp1xExAjNfL4pYWkquq6OvrY2hoCPcEc4nl4Ycffvh8nMxkuN1u3nnnHf68YQNXWq3c3tlJ+ujoKd1zYUAxkAUMAYNA7f79vPbDH2KxWomZMQN7eDgW65To1BMREZEpbrCvj+d\/\/3uefOQRfGYzprY2Ql9+mc8PDHAj4BhHGyYgHHABbwPbdu4kNTWVxaSHjVkAABwhSURBVIsXj7sOw5KL1+vlhRde4O677ybNamWG30+ux3PagsxAEYEgtgfYR2APyc0\/+AGbf\/AD7v71r1l6773YQkMv4hmIiIjIdDLQ10dbfT1bX3yR1\/\/f\/yMhOpqB7du5welk\/STaswH5wGXAe5N4vWEhbGRkhLvuugsbcJnbzToghDNvHxAOXAUUAruBcqADePbLX8bn9RKVnMz822+\/0KWLiIjINDIyPEzl0aOU793LW889B7295Pr9zC0vZ63XS8IE2\/MRuHnwMIHOoShgcVERM2fOnFA7ht0duXnzZu68806ih4f5ZwLrbYRN4PWjQC2wn8CdlD0ELspdv\/wlodHRLP7MZ857zSIiIjJ9+Hw+Dh84QGt1NdteeYXuI0eIGxwkt7qapSMj5BOYhz4RbUAlgfBVDfiByOJibv3Rj1h+440TasuwnrAnn3wSR0QE+UlJjDQ00OT1kj2BgkIIrCeW8v6\/B4Ay4LmHHiI8Npb2igpSCgu5\/O67L8wJiIiIyJRWXl5OxYkTHHz1VTyVlcw9cYIFPT0UE+i9mog+oIJA3jhGYC5YbEYGK774RTIXLaJ4ggEMDAxh9913H36Ph3iPh6b8fJ47eJC57e2sgAl1C0YDC4AZBMLYXqCip4eXH3mE+Jwc\/H4\/iz796QtwBiIiIjIVHTx4kKioqMAuPDk52LOyCHvrLeb29JA0wbZcQBWBfFFJYOTNEhLC3T\/7GZEpKVx2222TrtOw4Uifz8exsjJaa2p44y9\/obuigsjRUZKOHmXZ4CALmdjwJASGI1sIjNHuA5rNJiIun0vyF+7imhtu57LMgvN9GlPe8ePH+d73vmd0Gae4\/\/77ue6664wu44zeffddfvSjHxldhohhoqKiePzxxwkJCTG6lI+0adMm\/vznP9Pf3290KafYuHGj0SWc0bPPPsumTZsYHh42upQPKSgo4Ic\/\/OGkX3\/w4MFAvjh2jIyMDBwOB6nJyYTW1xP27\/+O9c03YWBg3O21ACUEpj11Ah7gvj\/9iRCHg7k33zzpOscY1hNmNpuZPWcOefn55BYWcvi999j85JMMzplDU1cXB2pquM7jYSZnnqx\/SpsEesTiCPSK7bBb2W5x0dfbiqPiAAfqjnHdZVeQHBV\/oU5ryunq6uKFF14wuoxTXHPNNUaXcFbNzc1T7rqJXEyJiYl4PJ4pHcIur6oiZcsW3B0dH\/mcD\/YyjPf3ydnaOZe2jLayvJzcTZvw9PUF33c+z28y13wEWEtgQ+zJOHr0KM3NzbS3txMZGUl+fj4pKSkkJCRgtVoxh4fDDTdAWRkMDsJZ+p8GCMz52g+0EpiHDvDF55\/nsk98ArPFMqk6P8jwxbXsISFk5eeTkp7OstWr2fLf\/83mX\/yC0YUL2XvsGOv6+7mdwByw8QoDMuw2luflMHrVFYzMXYjTPUprfyfP7PwrVouFh9bdg81i+OmLiMgkpb7\/JhOT8f7bVDJ4Dq+tr6+ns7MTgMzMTGbMmEFKSgp2ux2z+f016R0OuOIKePdd6OoKvJ2Gh8B8r+1AHYHw5Qfu+q\/\/omj9emIzMs5bAIMpEMLGhISFERIWxj1f\/zrhqals\/9OfyL36ana98w5v7dzJ54Crx9uYyYQ1OoacGz9B\/Ffuxx8bQ21nEztP7KN3ONAN+aNNv+Gfbv3yhTqdKWMZ5\/bFfb79m9EFjNMtTK3r9g3gN+8\/Pnz4MDk5OUaWM23cc889\/PWvfwWgra2NiIgIgyuaPtasWWN0CSJn1NnZSUlJCeHh4Xg8HnJyckhOTsbhcPwtfI0xmWDmTLjpJti3D\/r74QOr2\/cAmwj0fnkJhK\/1\/\/iPrP\/Hf8QaEoL5AiwKP2VC2Bir1cod99zDHffcw69+\/GPqnE7SH3qIp7ZsYWdDA7d7veT5\/Vg4Qxen3Q5Ll2K98UbiMrIBiHfEkJMwg91VhzjSWIHT4+IHG39BbEQUD679NGaTGet5TLdThRmYSr92JnorsFEsTK3rZjvpcVhY2FnDhMfjwefz4ff7MZlM+P1+rFYrlve\/xn0+H16vF4vFEvxh5fF48Hq9mM1mLBYLHo8HAIvFgtfrDbYF4Pf7sdvtwf9\/kN\/vx+12B19jMpmwWq2nvN7r9eLz+TCZTFgsFkwmE263+5TnjB3bbDbj8\/mwWCxYLJZg+yaTCZvNdtoaIPDzZEx4ePhZr5vX6w2eNxCsfewYH3XdPB5PsLax11ut1lPOceycbDbbh39BnHTdxj53Y6+xWq3B5499fOy6jl1Tl8sFBKZ5jNXn9\/sZm\/I7VpvP58PtdmM2m8943cbaEpmKnE4nf\/rTn0hNTcXpdJKZmUlaWhoxMTGnfM9\/iM0G8+fDNddASwu0tuIjELi2AZsJzC03Wyxcfued3PenP13wc5lyIexkX\/nOd+A73+GH3\/gGUSkptBcW8h8lJaweGeFKl4tUTvNL3WSC9HRYswaWLz\/lQ3GOGG647CoKU2dSUnmApp42eob6efSvj5OblMFNC1YRZgslzD5150CInM3w8DAbNmygpaWF+vp6EhMTMZvNLFy4kFtuuQWA6upqNm3axNKlS1m2bBkmk4m33nqLP\/zhD6xatYo1a9bw+9\/\/nrCwMK644gp27dpFa2srmZmZOJ1Ourq6+OpXv0pGxukHNdrb23n66aepra0lMzOT2NhY1qxZQ05ODmazmZaWluCGt6GhoaxcuZK4uDh++ctfkp+fj8\/no7q6mvXr11NaWkp2djbHjx+nsLCQ66+\/nt7eXp555hliYmK49957CQub6G08H+b3+9m8eTMHDhxgZGSEvr4+cnJyiI+P5wtf+AIAZWVlvPLKK6xfv545c+ZgMpl4+eWX2bBhA9dffz0LFizg2WefJTExkbVr11JSUsLBgwfJzs7GarVSUVHB3XffzcqVK09bg9Pp5LnnnuPtt9+msLCQ0NBQVqxYwdy5c7Hb7dTV1bF161Z6enoICQlhzZo1ZGZm8utf\/5quri6WLVvG9u3bueqqq6ivr8fv99Pe3s7KlStZvXo17e3tPPnkk2RlZXHPPfcQql1GZBoZHh7GYrHw+uuvYzKZiIqKYt68ecTGxo77a9mfmYln7RpGd5fg6+mhYnSUN4EmALOZhJwcMhYuvCgBDKbABt7j8b2f\/YxHX3qJxKQkPDNmsO2yy\/hlYiI7bDbaCIzhBoWGwtKlsH49fMRfcjOT0vnsipu4png5KdEJhNpCqGpv4LFXn+G1I7sYdE69O0ZExquvr4+YmBg+\/\/nPExYWxuWXX86Xv\/xlBgcDA6w+n4\/29nYOHTpEbW1tsBdlyZIl9Pf3s3LlSsLCwigqKuLWW29l0aJFJCQkUFBQwL333su3vvUtFi1aRHNz80fWkJycTFJSEvn5+XzlK1+hsLCQRx99lIqKCoaGhti1axcjIyN85StfYfHixWzbtg2z2Ux4eDhZWVnMnj0br9dLYWEhc+fO5corryQ2NpbXX3+dqqoqUlNTueKKK7j22mvPSwCDwF62Q0ND\/N3f\/R2XXXYZoaGh3H\/\/\/aSmpgavW3NzM4cOHaKhoSHY47Vy5Ur6+\/tZvHgxERERzJs3jxtuuIGioiKSk5NJS0vj7rvv5mtf+xqf+cxnqKmp+cgawsLCguHuwQcf5KabbuIPf\/gDW7dupa+vj+3btxMaGsqDDz7I3Llz2bJlCy6Xi7y8PEJDQ5kzZw5ms5mcnBwWLFjAmjVriIiIYNOmTTQ1NZGRkcFVV13FunXrFMBk2ujr66Ovr48333yTI0eOEBoaytVXX82cOXNISUmZ0Neyz+elPC6czRlxPB1m41lTYOX7rKVLmbV6NQ9XVvLFDRsu3Ml8wLQIYQAx8fE89J\/\/yfVf+xpz1qzBd\/XVPJebyzPx8eyxWOji\/Tsy8vMDd0AUFp61zYXZs7lryXUsy51HSnQCdquNfbVlbC1\/l\/LmKkZczgt9WiLnncPhYOXKlcTH\/+0u4OTkZFatWgUEels8Hg9paWkMDg4GwxkEhqCcTif79+8nJyeHgoKC4JDc2Nvg4CBr1qyh8CzfYyaTKTikddVVV5GTk8MLL7xAd3c35eXlzJw5k\/DwcHJycujo6GBgYIC0tDSampqwWCy0trbS3d2N1WolPDyc2bNnY7fbKS0tZXBwMDiEeT5deeWVzJgxI9iuw+EI3q01NDSEyWQiNTWV7u5uRkZGguc5dl3KysrIy8sLbl1y8jUYGRkhOzub66+\/flzXzWQykZWVxbp163j55Zdpbm6moaGB7OxsQkNDmTVrFrW1tTidTjIyMoITk\/v7+2ltbcXv9+NwOFi4cCFut5vS0lJGR0fPPFxzkuTk5PN+fUUmoqenh6amJnbt2sV7772HzWYjNDSUBQsWkJ6eTmRk5IS+Rl0eN219XVT5RtiancDutBjS1q7hsk9+kq9v28ZX33jjAp7N6U3p4cgPik9I4J4HHqCuspJ3Xn6Z2rQ0ynfupCE6mqK2Nq60WJi1ciW2tWvH3WZMRBQr8xeQnTiD8uZqKtvq2VdXTmnNUVbmLyA2IprLs2drfoRMG5GRkURGRp7yPpPJRFpaGhAIEx6Ph6KiItrb2+nt7Q0GNr\/fz+7du2ltbeXb3\/528PV+v5+WlhYOHDhARUUFCxYsYMGCBROqq7CwkC1bttDX10dnZ2fwmBEREcF5axkZGZSWlhIZGUlnZyctLS1ERERgNpuJjo5myZIlHDp0iLq6Onw+37lcpg+x2+2kp6ef8j6LxUJ0dDQQCDcWi4XZs2fT2dnJ0NAQUVGBNbe9Xi8lJSU4nc5g2B3T3d3NkSNH6Ht\/OYBPfepT467JbDaTmprKyMgI3d3dDAwMEBsbCwQ+z2NzvpKTkxkcHKS+vp7e3l4aGxvJzc0lPDycuLg4VqxYwe7du1myZAnjXRry7rvvPuu8MZELZWBggBMnTtDV1YXf7ycmJoaMjAyioqIm3Ivr8\/voHOiluqOB8uZqBpxDROXlknPXnXz2vq+RnJl1gc7i7KZVCBuTlZdH1le\/Svn+\/bzo89FaX8\/xOXNwOp1EXXMNiVFRTORTZLVYyYpPIzEyjqz4NI611FDZVseuiv0A9I0MsK54+VlaEZkeBgYG6O7uJiEhgYqKCrq6uoI9N06nk7q6OlpaWmhubiYvLw\/420T7wcFBGhsbKS4unvBxQ0NDcblcuFwuvF5v8Be81WoN9s6kpaXR0dERXN+nrq6OJUuWAIEguXDhQmpraykpKZnwRrnnqre3l\/7+fpKSkjh27Bi9vb2kpKQAgV6uuro6RkZGaG1tJTs7O\/g6j8fD8PAwzc3NwUA3ETabDZPJxOjoaPBmBQgExLHrFhsbi8lkor6+ntTUVBoaGigsLAzePLF8+XLKysp4++23PxQ0P8qiRYuCxxK5WMZ6lF0uF06nk7S0NGJjY4mNjQ3+wTah9pzDVLTVUd5cTUN3C063i8LUmSzIKqLwEzNJjjZ23dBp3b1TtGABn\/7Wt7jroYfIu+oq7CtWcACoqamht7cX9wduPz2bcHsoRWkzWV20mNVFS8lNysBqtrDj+F42HdjGW2XvXpgTEblIvF4vPT09tLe3Mzw8TG9vL62trcF5YRaLhbVr1zJ79mxee+214Lwns9lMZmYmK1eu5NZbb53UUJXT6SQ0NBS73X7KXYRjPVomk4nExER6e3vp6ekhOzubqqqqU3r1oqOjWbNmDQcOHKChoWHcvTrnyu1209XVRUdHR7BXqq2tDa\/XCwR60dauXUt6ejrbt28Pvh8gKSmJJUuWcNttt511CPejjj12DJPJFGz75HMPCwsjKiqKqqoqsrKyaGpqIjQ0NPg5io2NZf369Wzbto3W1tZxHfepp56a8M9QkXPV39\/Pnj17cLlcpKSkkJWVRWpqKg6HY0I\/c3w+H8dbanj50A62HdtDRVsdMeFR3DR\/FVcXLuLqwsWGBzCY5iEMIDs7mxXXXstNt93GzZ\/5DP2Dg\/T09HDgwAEaGxsZGBg45QfieMSERzE\/s4Br56zk6sLFJETGsqf6CO9UHuDZ3S+z88S+C3Q2IheW0+lkcHCQ\/Px8Fi9eTE5ODm1tbcH5TXa7nRkzZrBmzRrKy8upra095fUmkyk44bzjDKuUn05FRQX5+flERUURHx9PT08PAKOjo8EgFh0dzdDQEGazmfT0dLq6uoiJiTmlnfnz55OSksJbb7014e\/tyRoeHsblclFQUMCSJUvIyMigsbExGF5DQkLIzs5m6dKllJeX09jY+KE2ZsyYwdy5c4Nzt8Zj7CaKsLAw4uLicDgcwS16RkZGgkFsbK5aXV0d2dnZuFwuwsPDT2lr6dKlxMfHs2XLlnEde+vWracs1yFyMYSEhBAfH09kZCRZWVlERUWNex7jmKaeNl4+vJM3jr5DWXMV\/SODJETGcvOCVSyeOYe02InuHnnhTPsQNiYnN5esvDyuv\/56Zs2axfDwMF1dXZSXlwd\/yUzkr2arxUpSVByLc+bwqcXrWTpzHiZMHG2soKal\/gKeiciFMzIyQldXFxkZGaSnp1NQUEBbW9uHJufn5uaSk5PDm2+++aFfxKGhoRw+fJi9e\/eO+7jvvfceZWVl3HTTTcTFxVFQUEBNTQ2jo6PU19cTGRlJeHg4YWFhpKenk52dTVZWFmlpaTgcjlPaioiI4Oabb6a\/v\/+8zwv7KAMDAwwODpKenk56ejpFRUXB+sdYrVYKCgqIi4tj165dHwqIVquVgYEBXnzxxXEft6Wlhddee41Vq1aRmppKeno69fX1uFwuqqurSUpKwm4PLNSTnZ1Neno6mZmZZGZmfii8OhwO7rjjDlpaWs7hSohcWF6vl5aWFlpaWs64FuHp9A4PvD9ytZ0D9eV0DvZis1j50tV3cOfS60iPS7mAlU\/OtJwTdiYJCQn4fD7mzp3Ljh07CA0Npampiby8PFJTU4mNjZ3QPIcQm50kWxyrihZTnJ7H63t30Fb30bfmi0wV7777Lq2trezYsYNFixaRnJxMWVkZW7duJSoqiszMTPr7+ykrK6O0tBSTycTIyAjbtm3j9ttvx+fz8c477xATE0NVVRXt7e0MDg7icrkoKyvja1\/72kceu7m5mcrKSurq6hgYGMBisfDd736XoqIiLBYLK1as4NVXX+Wxxx4DAvvFpaSkYDKZWL16NUVFRZjN5uBdgpWVlWzevJk5c+YQGxvLvHnz+NSnPvWh3p7zoa6ujt27d9Pc3MyePXuYN28ehw4d4u233yYxMZGUlBT6+\/s5fPgwpaWlDAwMMDIyQklJCWvWrMHlcrFjxw5SUlKorKzk6NGj\/PGPfyQkJIT9+\/ezbt26jzz24OAge\/bsoaOjg5\/\/\/Od4vV5uvPFGVq5cSUhICFdccQVvvPEGjz32GD6fj\/Xr1wfnmRUWFpKQkEB6ejorVqwgIiKCo0eP8uqrr7J8+XKuuuoqLr\/8cu6+++5gcJOPqSl812tcXBzr16+npqaG+vp6MjMzz\/oal8dNRVsd71Ufpq2vE5c3sKDxg2s\/jd1qIzYi6iJUPjkm\/8WaVHGRja0sfeLECU6cOIHf7yc8PJyZM2eSlJQ04VtbAVwuF5XVVYRFhpObMU22jSkpgY9YGNIIjwBJ\/\/VffOUrXzG6lDN74QX45CeNriLoQeBX7z+urKwkNzf3rK\/xer3BVeVPnk\/k8XiCq7Cf\/H8IzD8amyjvdruDq9T7\/X58Pl\/wLmGfz3fqvmwfMDaRf2zl97FV509eOX5s5Xc4dVV4r9cbfM3Y8b1e7ymr+ZtMpuAq9Wf6Pr799tvZuHEjEOjN+mCv2umMrSo\/trr92Pw1r9cbrPPk\/5\/uuo1NoB\/bGeDk63byjQinu24n71zwwWtzpus2tkPC2O4CY\/+OXaexY47nugEsX76cN954Y2pv9fTYY\/DoozDBofELbqr\/Wn34YfjZz+CkDbyNNghEEviD7KmnnqKqqoorr7wSq9V6xk3kOwd7ePPobirb6vH6A98D915xG+lxyditU\/\/u3kuuJ2zM2A\/94uJiiouL2bdvX\/Cui87OTmbMmEFiYiIhISHjDmNDQ0Ps2P42xcXFUz6E+fw+yptrsLbVM757oS4Ol9EFnIXb66ayrR5bZ9OU2hj45OnRIyMjDA0NTej1HxxS\/OD\/Tx46G7uD8XQfO\/nx2Dyy8TrTJO8LNQH85PMcHh6e8B9eHxxSnMh1O\/m5H7yGJw9jnu3Y5+O6eTyecR3zZBdrqHcy9tWW8W8vPcG8v7zCQ0N9GD+9enrYcXwv\/775N1z72ut8wTlE5NlfYoiCggLCw8N58803KSoqIi8v75TvXb\/fz7DLybvVhyitPsKIexSL2YzNYuX2xdcyM2kq\/dY7s0s2hH3QwoULgcDcFIBDhw4Fd1qPj48\/ZV+70\/F4PBw4cIBVq1ZRVFQU2JeNqfvXjtPt4ktP\/TP15VVMtcHTX+LH55+aP+A7Bnp44LePcGLPYdqMLuYjzJ071+gSpqXk5GSjS5hW4uLiqK2tPW87EpxPTU2NDHX10zPips7nZ+r057yvutroCk6rubGJ4a5+ukbd1Pqn1v64H9ynJiMjg8jISJqbm+nv7yc6Ohq\/38+Ie5TK1jpKKg\/Q1t+FzRIYblyWexnL8i4zpPZz8bEJYWOWLFnCq6++SlJSEqWlpeTn55OQkEBycjLR0dEfGcba2to4dOgQPp+PoqIiWno7qGirM+AMxmf2jDyjS\/hIlW317Dg+\/kndF4vZZCYxKs7oMkSmhO7ububMmWN0GWf0CvAzo4s4nXFMFzDSNuBfjS5iHDo7Ozly5EhgbqjNQsdAN6W1RznWUoPVYiEjPoXshBnTeh3Pj10IA1i\/fj0QGJ6IjY3l2LFjjIyMEB0dTVJSEhEREafMmXA6ndTX11NQUMA111wDQGV7Pf+9+2XDzuFsvnvjF7m6YDEdERn0OGcYXc4puhiektfObrVy3xW3cWXB5eSaE+gzT+0hZxGRS01BQUHwcV5eHi6Pm32HD2BqraC6vxmXx43ZZGZBVhE3zV91hpamh0t2Yv54jY6OcuzYMQA6OjpITEwkOjqauLg4wsPDMZvNlJaW4nA4aGpqCoYwERERubAOHD7InkP7ic5IJCwyMIBqtVi4ft6VBld2fnzsQ9iYwcFBysvL6erqAgLzITIyMvB4PFRXV5OSknJKQhcRERE5FwphJ+nu7qa7uxu\/34\/VaiU6Ohq32014ePiHNkQWERERORcKYSIiIiIGuGS2LRIRERGZThTCRERERAygECYiIiJiAIUwEREREQMohImIiIgYQCFMRERExAAKYSIiIiIGUAgTERERMYBCmIiIiIgBFMJEREREDKAQJiIiImIAhTARERERAyiEiYiIiBhAIUxERETEAAphIiIiIgZQCBMRERExgEKYiIiIiAEUwkREREQMoBAmIiIiYgCFMBEREREDKISJiIiIGEAhTERERMQACmEiIiIiBlAIExERETGAQpiIiIiIARTCRERERAygECYiIiJiAIUwEREREQMohImIiIgYQCFMRERExAAKYSIiIiIGUAgTERERMYBCmIiIiIgBFMJEREREDKAQJiIiImIAhTARERERAyiEiYiIiBhAIUxERETEAAphIiIiIgZQCBMRERExgEKYiIiIiAH+f7czo3dBqVPBAAAAAElFTkSuQmCC' alt='' \/><\/p>\n<p><strong>Caracter\u00edsticas:<\/strong><\/p>\n<ul>\n<li>18 m\u00f3dulos Ultra Brillantes <\/li>\n<li>112 Leds con la \u00faltima tecnolog\u00eda en iluminaci\u00f3n <strong>HyperLUX<\/strong><\/li>\n<li>Alto Brillo<\/li>\n<li>Bajo Perfil<\/li>\n<li>Longitud de 47&#8242;<\/li>\n<li>Montaje de Gancho<\/li>\n<li>Bajo Consumo de Corriente<\/li>\n<li>F\u00e1cil instalaci\u00f3n<\/li>\n<li>Larga Vida \u00datil<\/li>\n<li>Luces Callejoneras (Color Claro)<\/li>\n<li>Luces de Penetraci\u00f3n (Color Claro)<\/li>\n<li><strong>Incluye Controlador<\/strong><\/li>\n<li>Patrones de destello: 45<\/li>\n<li>Funci\u00f3n de Control de Tr\u00e1fico (Interconstruido)<\/li>\n<li>Dimensiones: 120 cm X 28 cm X 9.8 cm (largo x ancho x alto)<\/li>\n<li>5 a\u00f1o de garant\u00eda<\/li>\n<\/ul>\n<p><strong>Especificaciones T\u00e9cnicas:<\/strong><\/p>\n<ul>\n<li>Voltaje de Alimentaci\u00f3n: 12 Vcc<\/li>\n<li>Consumo: 12 A m\u00e1x.<\/li>\n<\/ul>\n","protected":false},"excerpt":{"rendered":"<p>Barra de luces LED de 47&#8243;, 112 LED, SAE, Ideal para Equipar Unidades de Ambulancia y Veh\u00edculos de Emergencia<\/p>\n","protected":false},"featured_media":56042,"comment_status":"open","ping_status":"closed","template":"","meta":[],"product_brand":[],"product_cat":[1358],"product_tag":[1356,1237,1359],"class_list":{"0":"post-56043","1":"product","2":"type-product","3":"status-publish","4":"has-post-thumbnail","6":"product_cat-rojo-azul","7":"product_tag-barras-de-luz-torretas-vehiculares","8":"product_tag-epcom-industrial-signaling","9":"product_tag-rojo-azul","11":"first","12":"instock","13":"sale","14":"shipping-taxable","15":"purchasable","16":"product-type-simple"},"_links":{"self":[{"href":"https:\/\/soydeaqui.ddns.net\/pachuca\/index.php\/wp-json\/wp\/v2\/product\/56043","targetHints":{"allow":["GET"]}}],"collection":[{"href":"https:\/\/soydeaqui.ddns.net\/pachuca\/index.php\/wp-json\/wp\/v2\/product"}],"about":[{"href":"https:\/\/soydeaqui.ddns.net\/pachuca\/index.php\/wp-json\/wp\/v2\/types\/product"}],"replies":[{"embeddable":true,"href":"https:\/\/soydeaqui.ddns.net\/pachuca\/index.php\/wp-json\/wp\/v2\/comments?post=56043"}],"wp:featuredmedia":[{"embeddable":true,"href":"https:\/\/soydeaqui.ddns.net\/pachuca\/index.php\/wp-json\/wp\/v2\/media\/56042"}],"wp:attachment":[{"href":"https:\/\/soydeaqui.ddns.net\/pachuca\/index.php\/wp-json\/wp\/v2\/media?parent=56043"}],"wp:term":[{"taxonomy":"product_brand","embeddable":true,"href":"https:\/\/soydeaqui.ddns.net\/pachuca\/index.php\/wp-json\/wp\/v2\/product_brand?post=56043"},{"taxonomy":"product_cat","embeddable":true,"href":"https:\/\/soydeaqui.ddns.net\/pachuca\/index.php\/wp-json\/wp\/v2\/product_cat?post=56043"},{"taxonomy":"product_tag","embeddable":true,"href":"https:\/\/soydeaqui.ddns.net\/pachuca\/index.php\/wp-json\/wp\/v2\/product_tag?post=56043"}],"curies":[{"name":"wp","href":"https:\/\/api.w.org\/{rel}","templated":true}]}}