{"id":55891,"date":"2026-03-19T03:07:36","date_gmt":"2026-03-19T03:07:36","guid":{"rendered":"https:\/\/soydeaqui.ddns.net\/pachuca\/index.php\/producto\/sensor-industrial-de-presion-de-tuberias-con-conectividad-lorawan\/"},"modified":"2026-03-19T03:07:44","modified_gmt":"2026-03-19T03:07:44","slug":"sensor-industrial-de-presion-de-tuberias-con-conectividad-lorawan","status":"publish","type":"product","link":"https:\/\/soydeaqui.ddns.net\/pachuca\/index.php\/producto\/sensor-industrial-de-presion-de-tuberias-con-conectividad-lorawan\/","title":{"rendered":"Sensor Industrial de Presi\u00f3n de Tuber\u00edas con Conectividad LoRaWAN"},"content":{"rendered":"<div style='width: 100%; max-width: 1200px; margin: 0 auto; font-family: sans-serif; line-height: 1.6; color: inherit; background-color: transparent;'> <!-- Imagen principal --> <\/p>\n<div style='width: 100%; margin-bottom: 30px;'> <img style='width: 100%; height: auto; border: 1px solid rgba(150&comma;150&comma;150&comma;0.3); border-radius: 8px;' src='https:\/\/ftp3.syscom.mx\/usuarios\/fotos\/EM500PP915M\/228619-principal.png' alt='Sensor Industrial de Presi\u00f3n de Tuber\u00edas con Conectividad LoRaWAN'> <\/div>\n<p> <!-- Video de YouTube --> <\/p>\n<div style='position: relative; padding-bottom: 56.25%; height: 0; overflow: hidden; margin-bottom: 30px;'>   <\/div>\n<p> <!-- Secciones con im\u00e1genes y texto --> <\/p>\n<div style='display: flex; flex-wrap: wrap; gap: 30px; margin-bottom: 30px;'>\n<div style='flex: 1 1 300px; min-width: 280px; display: flex; flex-direction: column; justify-content: center;'>\n<h3 style='font-size: 22px; border-bottom: 2px solid currentColor; padding-bottom: 5px; margin-top: 0; color: inherit; opacity: 0.8;'>Alta compatibilidad con varias tuber\u00edas<\/h3>\n<p style='font-size: 15px; color: inherit; margin-top: 15px;'>El dispositivo inteligente tiene una alta compatibilidad excepcional con varios sistemas de tuber\u00edas&comma; desde l\u00edquidos hasta gases&comma; lo que permite una integraci\u00f3n perfecta en varios entornos industriales distintos. Es un dispositivo inteligente ideal para una amplia gama de aplicaciones industriales para garantizar una mayor seguridad en el trabajo.<\/p>\n<\/p><\/div>\n<div style='flex: 1 1 300px; min-width: 280px;'> <img style='width: 100%; height: auto; border: 1px solid rgba(150&comma;150&comma;150&comma;0.3); border-radius: 8px;' src='https:\/\/ftp3.syscom.mx\/usuarios\/fotos\/EM500PP915M\/228619-compatibilidad.png' alt='Alta compatibilidad con varias tuber\u00edas'> <\/div>\n<\/p><\/div>\n<div style='display: flex; flex-wrap: wrap; gap: 30px; margin-bottom: 30px;'>\n<div style='flex: 1 1 300px; min-width: 280px;'> <img style='width: 100%; height: auto; border: 1px solid rgba(150&comma;150&comma;150&comma;0.3); border-radius: 8px;' src='https:\/\/ftp3.syscom.mx\/usuarios\/fotos\/EM500PP915M\/228619-precision.png' alt='Impresionante precisi\u00f3n de medici\u00f3n'> <\/div>\n<div style='flex: 1 1 300px; min-width: 280px; display: flex; flex-direction: column; justify-content: center;'>\n<h3 style='font-size: 22px; border-bottom: 2px solid currentColor; padding-bottom: 5px; margin-top: 0; color: inherit; opacity: 0.8;'>Impresionante precisi\u00f3n de medici\u00f3n<\/h3>\n<p style='font-size: 15px; color: inherit; margin-top: 15px;'>Con su impresionante precisi\u00f3n de medici\u00f3n de hasta \u00b10&comma;5% FS&comma; puede medir cambios m\u00ednimos en las presiones de las tuber\u00edas&comma; para evitar fallas en las tuber\u00edas y explosiones importantes que pueden poner vidas en peligro. Es el dispositivo perfecto para levantar las barras de seguridad.<\/p>\n<\/p><\/div>\n<\/p><\/div>\n<div style='display: flex; flex-wrap: wrap; gap: 30px; margin-bottom: 30px;'>\n<div style='flex: 1 1 300px; min-width: 280px; display: flex; flex-direction: column; justify-content: center;'>\n<h3 style='font-size: 22px; border-bottom: 2px solid currentColor; padding-bottom: 5px; margin-top: 0; color: inherit; opacity: 0.8;'>Resistencia a golpes&comma; vibraciones y corrosi\u00f3n<\/h3>\n<p style='font-size: 15px; color: inherit; margin-top: 15px;'>El dispositivo es capaz de soportar fuertes golpes&comma; vibraciones de m\u00e1quinas y corrosi\u00f3n de productos qu\u00edmicos agresivos. Su resistencia permite que el dispositivo funcione maravillosamente incluso en entornos de trabajo hostiles&comma; lo que lo hace ideal para diversas aplicaciones industriales.<\/p>\n<\/p><\/div>\n<div style='flex: 1 1 300px; min-width: 280px;'> <img style='width: 100%; height: auto; border: 1px solid rgba(150&comma;150&comma;150&comma;0.3); border-radius: 8px;' src='https:\/\/ftp3.syscom.mx\/usuarios\/fotos\/EM500PP915M\/228619-ip67.png' alt='Resistencia a golpes&comma; vibraciones y corrosi\u00f3n'> <\/div>\n<\/p><\/div>\n<div style='display: flex; flex-wrap: wrap; gap: 30px; margin-bottom: 30px;'>\n<div style='flex: 1 1 300px; min-width: 280px;'> <img style='width: 100%; height: auto; border: 1px solid rgba(150&comma;150&comma;150&comma;0.3); border-radius: 8px;' src='https:\/\/ftp3.syscom.mx\/usuarios\/fotos\/EM500PP915M\/228619-transmision.png' alt='Transmisi\u00f3n de datos inal\u00e1mbrica y altamente segura'> <\/div>\n<div style='flex: 1 1 300px; min-width: 280px; display: flex; flex-direction: column; justify-content: center;'>\n<h3 style='font-size: 22px; border-bottom: 2px solid currentColor; padding-bottom: 5px; margin-top: 0; color: inherit; opacity: 0.8;'>Transmisi\u00f3n de datos inal\u00e1mbrica y altamente segura<\/h3>\n<p style='font-size: 15px; color: inherit; margin-top: 15px;'>EM500-PP es un dispositivo que funciona con bater\u00eda y que ahorra energ\u00eda y cuenta con tecnolog\u00eda LoRaWAN\u00ae que permite una amplia gama de detecci\u00f3n. Lo m\u00e1s importante es que tambi\u00e9n permite una implementaci\u00f3n inal\u00e1mbrica simple y sin complicaciones que simplifica el proceso de instalaci\u00f3n y una transmisi\u00f3n de datos altamente segura que garantiza una alta precisi\u00f3n de los datos para una toma de decisiones mejor informada.<\/p>\n<\/p><\/div>\n<\/p><\/div>\n<div style='display: flex; flex-wrap: wrap; gap: 30px; margin-bottom: 30px;'>\n<div style='flex: 1 1 300px; min-width: 280px; display: flex; flex-direction: column; justify-content: center;'>\n<h3 style='font-size: 22px; border-bottom: 2px solid currentColor; padding-bottom: 5px; margin-top: 0; color: inherit; opacity: 0.8;'>Consumo de energ\u00eda ultrabajo<\/h3>\n<p style='font-size: 15px; color: inherit; margin-top: 15px;'>La tecnolog\u00eda LoRaWAN\u00ae permite que el dispositivo sensor logre una detecci\u00f3n de amplio rango con un consumo de energ\u00eda m\u00ednimo. Esta caracter\u00edstica excepcional de eficiencia energ\u00e9tica le permite conservar eficazmente el uso de electricidad y prolongar la vida \u00fatil de la bater\u00eda hasta 10 a\u00f1os. Es adecuado para ocasiones con suministro el\u00e9ctrico limitado e ideal para ahorrar energ\u00eda.<\/p>\n<\/p><\/div>\n<div style='flex: 1 1 300px; min-width: 280px;'> <img style='width: 100%; height: auto; border: 1px solid rgba(150&comma;150&comma;150&comma;0.3); border-radius: 8px;' src='https:\/\/ftp3.syscom.mx\/usuarios\/fotos\/EM500PP915M\/228619-energia.png' alt='Consumo de energ\u00eda ultrabajo'> <\/div>\n<\/p><\/div>\n<div style='display: flex; flex-wrap: wrap; gap: 30px; margin-bottom: 30px;'>\n<div style='flex: 1 1 300px; min-width: 280px;'> <img style='width: 100%; height: auto; border: 1px solid rgba(150&comma;150&comma;150&comma;0.3); border-radius: 8px;' src='https:\/\/ftp3.syscom.mx\/usuarios\/fotos\/EM500PP915M\/228619-lorawan.png' alt='Basado en LoRaWAN'> <\/div>\n<div style='flex: 1 1 300px; min-width: 280px; display: flex; flex-direction: column; justify-content: center;'>\n<h3 style='font-size: 22px; border-bottom: 2px solid currentColor; padding-bottom: 5px; margin-top: 0; color: inherit; opacity: 0.8;'>Basado en LoRaWAN<\/h3>\n<ul style='padding-left: 20px; font-size: 15px; color: inherit; margin-top: 15px;'>\n<li style='margin-bottom: 5px;'>Se\u00f1ales penetrantes: alcance de transmisi\u00f3n de datos de hasta 2 km en zonas urbanas y 15 km en zonas rurales<\/li>\n<li style='margin-bottom: 5px;'>Alta compatibilidad: compatible con puertas de enlace y servidores de red LoRaWAN\u00ae est\u00e1ndar<\/li>\n<\/ul><\/div>\n<\/p><\/div>\n<p> <!-- Descripci\u00f3n general --> <\/p>\n<div style='margin-bottom: 30px;'>\n<p style='font-size: 15px; color: inherit;'>El EM500-PP est\u00e1 dise\u00f1ado para medir la presi\u00f3n en tuber\u00edas en entornos hostiles y transmitir datos utilizando la tecnolog\u00eda LoRaWAN\u00ae. Con tecnolog\u00eda de bajo consumo&comma; el EM500-PP puede operar hasta 10 a\u00f1os con una bater\u00eda de 19000 mAh. Combinado con la puerta de enlace LoRaWAN\u00ae de Milesight y la soluci\u00f3n de nube IoT de Milesight&comma; los usuarios pueden gestionar todos los datos del sensor de forma remota y visualmente. El EM500-PP se utiliza ampliamente para aplicaciones como monitoreo de edificios inteligentes&comma; sistemas de tuber\u00edas y tanques&comma; etc.<\/p>\n<\/p><\/div>\n<p> <!-- Secci\u00f3n de caracter\u00edsticas --> <\/p>\n<div style='display: flex; flex-wrap: wrap; gap: 30px; margin-bottom: 30px;'>\n<div style='flex: 1 1 300px; min-width: 280px;'>\n<h3 style='font-size: 22px; border-bottom: 2px solid currentColor; padding-bottom: 5px; margin-top: 0; color: inherit; opacity: 0.8;'>Caracter\u00edsticas Principales<\/h3>\n<ul style='padding-left: 20px; font-size: 15px; color: inherit; margin-top: 15px;'>\n<li style='margin-bottom: 5px;'>Alta precisi\u00f3n y resistencia a la corrosi\u00f3n<\/li>\n<li style='margin-bottom: 5px;'>Transmisi\u00f3n ultra-ancha de hasta 10 km de l\u00ednea de vista<\/li>\n<li style='margin-bottom: 5px;'>Carcasa impermeable IP67 para aplicaciones en entornos hostiles<\/li>\n<li style='margin-bottom: 5px;'>Bater\u00eda reemplazable de 19000 mAh&comma; duraci\u00f3n de 10 a\u00f1os sin reemplazo<\/li>\n<li style='margin-bottom: 5px;'>Almac\u00e9n de registros hist\u00f3ricos localmente y soporte de retransmisi\u00f3n<\/li>\n<\/ul><\/div>\n<div style='flex: 1 1 300px; min-width: 280px;'>\n<h3 style='font-size: 22px; border-bottom: 2px solid currentColor; padding-bottom: 5px; margin-top: 0; color: inherit; opacity: 0.8;'>Funcionalidades<\/h3>\n<ul style='padding-left: 20px; font-size: 15px; color: inherit; margin-top: 15px;'>\n<li style='margin-bottom: 5px;'>Equipado con NFC para f\u00e1cil configuraci\u00f3n<\/li>\n<li style='margin-bottom: 5px;'>Compatible con gateways y servidores de red est\u00e1ndar LoRaWAN\u00ae<\/li>\n<li style='margin-bottom: 5px;'>Gesti\u00f3n r\u00e1pida y sencilla con la soluci\u00f3n de nube IoT de Milesight<\/li>\n<\/ul><\/div>\n<\/p><\/div>\n<p> <!-- Secci\u00f3n de especificaciones --> <\/p>\n<div style='display: flex; flex-wrap: wrap; gap: 20px; margin-bottom: 30px;'>\n<div style='flex: 1 1 250px; border: 1px solid rgba(150&comma; 150&comma; 150&comma; 0.4); border-radius: 8px; overflow: hidden; display: flex; flex-direction: column;'>\n<div style='padding: 15px; border-bottom: 1px solid rgba(150&comma; 150&comma; 150&comma; 0.2); font-weight: bold; font-size: 18px; color: inherit;'>Interfaces y Conectividad<\/div>\n<div style='padding: 15px; color: inherit;'>\n<ul style='padding-left: 20px; margin: 0; font-size: 14px; list-style-type: disc;'>\n<li style='margin-bottom: 5px;'><strong>Tecnolog\u00eda de transmisi\u00f3n:<\/strong> LoRaWAN\u00ae<\/li>\n<li style='margin-bottom: 5px;'><strong>Frecuencia:<\/strong> CN470\/IN865\/RU864\/EU868\/US915\/AU915\/KR920\/AS923-1&#038;2&#038;3&#038;4<\/li>\n<li style='margin-bottom: 5px;'><strong>Tx Power:<\/strong> 16dBm(868MHz)\/20dBm(915MHz)\/19dBm(470MHz)<\/li>\n<li style='margin-bottom: 5px;'><strong>Sensibilidad:<\/strong> -137dBm @300bps<\/li>\n<li style='margin-bottom: 5px;'><strong>Modo:<\/strong> OTAA\/ABP Clase A<\/li>\n<\/ul><\/div>\n<\/p><\/div>\n<div style='flex: 1 1 250px; border: 1px solid rgba(150&comma; 150&comma; 150&comma; 0.4); border-radius: 8px; overflow: hidden; display: flex; flex-direction: column;'>\n<div style='padding: 15px; border-bottom: 1px solid rgba(150&comma; 150&comma; 150&comma; 0.2); font-weight: bold; font-size: 18px; color: inherit;'>Requisitos y Compatibilidad<\/div>\n<div style='padding: 15px; color: inherit;'>\n<ul style='padding-left: 20px; margin: 0; font-size: 14px; list-style-type: disc;'>\n<li style='margin-bottom: 5px;'><strong>Conexi\u00f3n de proceso:<\/strong> G 1\/2\u201d Masculino<\/li>\n<li style='margin-bottom: 5px;'><strong>Fuente de energ\u00eda:<\/strong> 1 \u00d7 19000 mAh Bater\u00eda ER34615 Li-SOCL2<\/li>\n<li style='margin-bottom: 5px;'><strong>Vida \u00fatil de la bater\u00eda:<\/strong> 10 a\u00f1os (intervalo de 10 min&comma; 25 \u00b0C)<\/li>\n<li style='margin-bottom: 5px;'><strong>Temperatura de funcionamiento:<\/strong> Transceptor: -30\u00b0C~70\u00b0C&comma; Sensor de Presi\u00f3n de Tuber\u00eda: -10\u00b0C~70\u00b0C<\/li>\n<li style='margin-bottom: 5px;'><strong>Humedad relativa:<\/strong> 0% a 100% (sin condensaci\u00f3n)<\/li>\n<li style='margin-bottom: 5px;'><strong>Protecci\u00f3n de ingreso:<\/strong> Transceptor: IP67&comma; Sensor de Presi\u00f3n de Tuber\u00eda: IP65<\/li>\n<li style='margin-bottom: 5px;'><strong>Montaje:<\/strong> Polo&comma; pared o riel DIN<\/li>\n<\/ul><\/div>\n<\/p><\/div>\n<\/p><\/div>\n<p> <!-- Secci\u00f3n de aplicaciones --> <\/p>\n<div style='margin-bottom: 30px;'>\n<h3 style='font-size: 22px; border-bottom: 2px solid currentColor; padding-bottom: 5px; margin-top: 0; color: inherit; opacity: 0.8;'>Aplicaciones y Casos de Uso<\/h3>\n<div style='display: flex; flex-wrap: wrap; gap: 15px; margin-top: 15px;'>\n<div style='flex: 1 1 250px; min-width: 200px; border: 1px solid rgba(150&comma;150&comma;150&comma;0.2); border-radius: 6px; padding: 10px; font-size: 15px; color: inherit;'>Monitoreo de Presi\u00f3n en Tuber\u00edas y Tanques<\/div>\n<div style='flex: 1 1 250px; min-width: 200px; border: 1px solid rgba(150&comma;150&comma;150&comma;0.2); border-radius: 6px; padding: 10px; font-size: 15px; color: inherit;'>Monitoreo de Petr\u00f3leo y Gas<\/div>\n<div style='flex: 1 1 250px; min-width: 200px; border: 1px solid rgba(150&comma;150&comma;150&comma;0.2); border-radius: 6px; padding: 10px; font-size: 15px; color: inherit;'>Detecci\u00f3n de Fugas de Agua<\/div>\n<div style='flex: 1 1 250px; min-width: 200px; border: 1px solid rgba(150&comma;150&comma;150&comma;0.2); border-radius: 6px; padding: 10px; font-size: 15px; color: inherit;'>Monitoreo de Bombas<\/div>\n<\/p><\/div>\n<\/p><\/div>\n<p> <!-- Imagen final --> <\/p>\n<div style='width: 100%; margin-bottom: 30px;'> <img style='width: 100%; height: auto; border: 1px solid rgba(150&comma;150&comma;150&comma;0.3); border-radius: 8px;' src='https:\/\/ftp3.syscom.mx\/usuarios\/fotos\/WS558915MPNLN\/217705-final.png' alt='Aplicaciones y Casos de Uso'> <\/div>\n<p> <!-- Separador final --> <\/p>\n<hr style='border: 0; border-top: 1px solid rgba(150&comma; 150&comma; 150&comma; 0.3); margin: 30px 0;'> <\/div>\n","protected":false},"excerpt":{"rendered":"<p>Sensor Industrial de Presi\u00f3n de Tuber\u00edas con Conectividad LoRaWAN<\/p>\n","protected":false},"featured_media":55890,"comment_status":"open","ping_status":"closed","template":"","meta":[],"product_brand":[],"product_cat":[1436],"product_tag":[1437,1455,1438],"class_list":{"0":"post-55891","1":"product","2":"type-product","3":"status-publish","4":"has-post-thumbnail","6":"product_cat-sensores-tags","7":"product_tag-lorawan","8":"product_tag-milesight","9":"product_tag-sensores-tags","11":"first","12":"instock","13":"sale","14":"shipping-taxable","15":"purchasable","16":"product-type-simple"},"_links":{"self":[{"href":"https:\/\/soydeaqui.ddns.net\/pachuca\/index.php\/wp-json\/wp\/v2\/product\/55891","targetHints":{"allow":["GET"]}}],"collection":[{"href":"https:\/\/soydeaqui.ddns.net\/pachuca\/index.php\/wp-json\/wp\/v2\/product"}],"about":[{"href":"https:\/\/soydeaqui.ddns.net\/pachuca\/index.php\/wp-json\/wp\/v2\/types\/product"}],"replies":[{"embeddable":true,"href":"https:\/\/soydeaqui.ddns.net\/pachuca\/index.php\/wp-json\/wp\/v2\/comments?post=55891"}],"wp:featuredmedia":[{"embeddable":true,"href":"https:\/\/soydeaqui.ddns.net\/pachuca\/index.php\/wp-json\/wp\/v2\/media\/55890"}],"wp:attachment":[{"href":"https:\/\/soydeaqui.ddns.net\/pachuca\/index.php\/wp-json\/wp\/v2\/media?parent=55891"}],"wp:term":[{"taxonomy":"product_brand","embeddable":true,"href":"https:\/\/soydeaqui.ddns.net\/pachuca\/index.php\/wp-json\/wp\/v2\/product_brand?post=55891"},{"taxonomy":"product_cat","embeddable":true,"href":"https:\/\/soydeaqui.ddns.net\/pachuca\/index.php\/wp-json\/wp\/v2\/product_cat?post=55891"},{"taxonomy":"product_tag","embeddable":true,"href":"https:\/\/soydeaqui.ddns.net\/pachuca\/index.php\/wp-json\/wp\/v2\/product_tag?post=55891"}],"curies":[{"name":"wp","href":"https:\/\/api.w.org\/{rel}","templated":true}]}}