{"id":55812,"date":"2026-03-19T03:05:04","date_gmt":"2026-03-19T03:05:04","guid":{"rendered":"https:\/\/soydeaqui.ddns.net\/pachuca\/index.php\/producto\/luz-led-limite-de-arco-color-rojo-para-zonas-de-trabajo-en-montacargas-y-vehiculos-2\/"},"modified":"2026-03-19T03:05:05","modified_gmt":"2026-03-19T03:05:05","slug":"luz-led-limite-de-arco-color-rojo-para-zonas-de-trabajo-en-montacargas-y-vehiculos-2","status":"publish","type":"product","link":"https:\/\/soydeaqui.ddns.net\/pachuca\/index.php\/producto\/luz-led-limite-de-arco-color-rojo-para-zonas-de-trabajo-en-montacargas-y-vehiculos-2\/","title":{"rendered":"Luz LED l\u00edmite de arco color rojo, para zonas de trabajo en montacargas y vehiculos"},"content":{"rendered":"<div style='width: 100%; max-width: 1200px; margin: 0 auto; font-family: sans-serif; line-height: 1.6; color: inherit; background-color: transparent;'>\n<div style='display: flex; flex-wrap: wrap; gap: 30px; margin-bottom: 30px;'>\n<div style='flex: 1 1 300px; min-width: 280px;'>\n<h3 style='font-size: 22px; border-bottom: 2px solid currentColor; padding-bottom: 5px; margin-top: 0; color: inherit; opacity: 0.8;'>Descripci\u00f3n<\/h3>\n<p style='font-size: 15px; color: inherit;'>La l\u00ednea de l\u00edmite de arco EW2031R de ECCO ofrece un haz rojo s\u00f3lido de 180\u00b0 alrededor del per\u00edmetro de los veh\u00edculos de manipulaci\u00f3n de materiales y equipos de almac\u00e9n o cualquier otra aplicaci\u00f3n donde se necesita una mayor seguridad. Proporcione a los trabajadores y peatones una capa adicional de protecci\u00f3n para garantizar una navegaci\u00f3n segura mientras mantiene a los operadores concentrados. El dise\u00f1o compacto y duradero combinado con su capacidad de 12-80VDC hace que esta sea una soluci\u00f3n de advertencia \u00fanica y vers\u00e1til.<\/p>\n<\/p><\/div>\n<\/p><\/div>\n<div style='display: flex; flex-wrap: wrap; gap: 20px; margin-bottom: 30px;'>\n<div style='flex: 1 1 250px; border: 1px solid rgba(150&comma; 150&comma; 150&comma; 0.4); border-radius: 8px; overflow: hidden; display: flex; flex-direction: column;'>\n<div style='padding: 15px; border-bottom: 1px solid rgba(150&comma; 150&comma; 150&comma; 0.2); font-weight: bold; font-size: 18px; color: inherit;'>Especificaciones<\/div>\n<div style='padding: 15px; color: inherit;'>\n<ul style='padding-left: 20px; margin: 0; font-size: 14px; list-style-type: disc; color: inherit;'>\n<li style='margin-bottom: 5px; color: inherit;'><strong>Amperios:<\/strong> 1.21 A<\/li>\n<li style='margin-bottom: 5px; color: inherit;'><strong>Color:<\/strong> Rojo<\/li>\n<li style='margin-bottom: 5px; color: inherit;'><strong>Profundidad:<\/strong> 1.8&#8242;<\/li>\n<li style='margin-bottom: 5px; color: inherit;'><strong>Altura:<\/strong> 3.5&#8242;<\/li>\n<li style='margin-bottom: 5px; color: inherit;'><strong>L\u00famenes:<\/strong> 156<\/li>\n<li style='margin-bottom: 5px; color: inherit;'><strong>Voltaje:<\/strong> 12-80 V<\/li>\n<li style='margin-bottom: 5px; color: inherit;'><strong>Garant\u00eda:<\/strong> 5 a\u00f1os<\/li>\n<li style='margin-bottom: 5px; color: inherit;'><strong>Ancho:<\/strong> 2.9&#8242;<\/li>\n<li style='margin-bottom: 5px; color: inherit;'><strong>LEDs:<\/strong> 6 piezas<\/li>\n<\/ul><\/div>\n<\/p><\/div>\n<\/p><\/div>\n<\/p><\/div>\n","protected":false},"excerpt":{"rendered":"<p>Luz LED l\u00edmite de arco color rojo, para zonas de trabajo en montacargas y vehiculos<\/p>\n","protected":false},"featured_media":55811,"comment_status":"open","ping_status":"closed","template":"","meta":[],"product_brand":[],"product_cat":[499],"product_tag":[502,500,501],"class_list":{"0":"post-55812","1":"product","2":"type-product","3":"status-publish","4":"has-post-thumbnail","6":"product_cat-rojo-azul-verde","7":"product_tag-ecco","8":"product_tag-estrobos-burbujas-vehiculares","9":"product_tag-rojo-azul-verde","11":"first","12":"instock","13":"sale","14":"shipping-taxable","15":"purchasable","16":"product-type-simple"},"_links":{"self":[{"href":"https:\/\/soydeaqui.ddns.net\/pachuca\/index.php\/wp-json\/wp\/v2\/product\/55812","targetHints":{"allow":["GET"]}}],"collection":[{"href":"https:\/\/soydeaqui.ddns.net\/pachuca\/index.php\/wp-json\/wp\/v2\/product"}],"about":[{"href":"https:\/\/soydeaqui.ddns.net\/pachuca\/index.php\/wp-json\/wp\/v2\/types\/product"}],"replies":[{"embeddable":true,"href":"https:\/\/soydeaqui.ddns.net\/pachuca\/index.php\/wp-json\/wp\/v2\/comments?post=55812"}],"wp:featuredmedia":[{"embeddable":true,"href":"https:\/\/soydeaqui.ddns.net\/pachuca\/index.php\/wp-json\/wp\/v2\/media\/55811"}],"wp:attachment":[{"href":"https:\/\/soydeaqui.ddns.net\/pachuca\/index.php\/wp-json\/wp\/v2\/media?parent=55812"}],"wp:term":[{"taxonomy":"product_brand","embeddable":true,"href":"https:\/\/soydeaqui.ddns.net\/pachuca\/index.php\/wp-json\/wp\/v2\/product_brand?post=55812"},{"taxonomy":"product_cat","embeddable":true,"href":"https:\/\/soydeaqui.ddns.net\/pachuca\/index.php\/wp-json\/wp\/v2\/product_cat?post=55812"},{"taxonomy":"product_tag","embeddable":true,"href":"https:\/\/soydeaqui.ddns.net\/pachuca\/index.php\/wp-json\/wp\/v2\/product_tag?post=55812"}],"curies":[{"name":"wp","href":"https:\/\/api.w.org\/{rel}","templated":true}]}}